{"id":6109,"date":"2020-02-19T17:31:31","date_gmt":"2020-02-19T16:31:31","guid":{"rendered":"https:\/\/csp.ch\/vaud\/?page_id=6109"},"modified":"2026-02-26T15:45:18","modified_gmt":"2026-02-26T14:45:18","slug":"documentation-du-module-b-de-lintroduction-au-droit-suisse-des-etrangers","status":"publish","type":"page","link":"https:\/\/csp.ch\/vaud\/formations\/documentation-du-module-b-de-lintroduction-au-droit-suisse-des-etrangers\/","title":{"rendered":"Documentation<\/strong> du <strong>module B <\/strong>de l&rsquo;introduction au<strong> droit suisse de la migration<\/strong>"},"content":{"rendered":"","protected":true},"excerpt":{"rendered":"","protected":true},"author":2,"featured_media":3750,"parent":44,"menu_order":0,"comment_status":"closed","ping_status":"closed","template":"","meta":{"_acf_changed":false,"footnotes":""},"class_list":["post-6109","page","type-page","status-publish","post-password-required","hentry"],"acf":[],"yoast_head":"<!-- This site is optimized with the Yoast SEO plugin v27.1.1 - https:\/\/yoast.com\/product\/yoast-seo-wordpress\/ -->\n<title>Documentation du module B de l&#039;introduction au droit suisse de la migration - CSP Vaud<\/title>\n<meta name=\"description\" content=\"Documentation \u00e0 disposition des participants \u00e0 la formation sur le droit des \u00e9trangers dispens\u00e9 par les services migration et juridique du CSP Vaud.\" \/>\n<meta name=\"robots\" content=\"index, follow, max-snippet:-1, max-image-preview:large, max-video-preview:-1\" \/>\n<link rel=\"canonical\" href=\"https:\/\/csp.ch\/vaud\/formations\/documentation-du-module-b-de-lintroduction-au-droit-suisse-des-etrangers\/\" \/>\n<meta property=\"og:locale\" content=\"fr_FR\" \/>\n<meta property=\"og:type\" content=\"article\" \/>\n<meta property=\"og:title\" content=\"Documentation du module B de l&#039;introduction au droit suisse de la migration - CSP Vaud\" \/>\n<meta property=\"og:description\" content=\"Documentation \u00e0 disposition des participants \u00e0 la formation sur le droit des \u00e9trangers dispens\u00e9 par les services migration et juridique du CSP Vaud.\" \/>\n<meta property=\"og:url\" content=\"https:\/\/csp.ch\/vaud\/formations\/documentation-du-module-b-de-lintroduction-au-droit-suisse-des-etrangers\/\" \/>\n<meta property=\"og:site_name\" content=\"CSP Vaud\" \/>\n<meta property=\"article:publisher\" content=\"https:\/\/www.facebook.com\/CSPSuisse\" \/>\n<meta property=\"article:modified_time\" content=\"2026-02-26T14:45:18+00:00\" \/>\n<meta name=\"twitter:card\" content=\"summary_large_image\" \/>\n<meta name=\"twitter:label1\" content=\"Dur\u00e9e de lecture estim\u00e9e\" \/>\n\t<meta name=\"twitter:data1\" content=\"2 minutes\" \/>\n<script type=\"application\/ld+json\" class=\"yoast-schema-graph\">{\"@context\":\"https:\/\/schema.org\",\"@graph\":[{\"@type\":\"WebPage\",\"@id\":\"https:\/\/csp.ch\/vaud\/formations\/documentation-du-module-b-de-lintroduction-au-droit-suisse-des-etrangers\/\",\"url\":\"https:\/\/csp.ch\/vaud\/formations\/documentation-du-module-b-de-lintroduction-au-droit-suisse-des-etrangers\/\",\"name\":\"Documentation du module B de l'introduction au droit suisse de la migration - CSP Vaud\",\"isPartOf\":{\"@id\":\"https:\/\/csp.ch\/vaud\/#website\"},\"datePublished\":\"2020-02-19T16:31:31+00:00\",\"dateModified\":\"2026-02-26T14:45:18+00:00\",\"breadcrumb\":{\"@id\":\"https:\/\/csp.ch\/vaud\/formations\/documentation-du-module-b-de-lintroduction-au-droit-suisse-des-etrangers\/#breadcrumb\"},\"inLanguage\":\"fr-FR\"},{\"@type\":\"WebSite\",\"@id\":\"https:\/\/csp.ch\/vaud\/#website\",\"url\":\"https:\/\/csp.ch\/vaud\/\",\"name\":\"https:\/\/csp.ch\/vaud\/\",\"description\":\"\",\"publisher\":{\"@id\":\"https:\/\/csp.ch\/vaud\/#organization\"},\"potentialAction\":[{\"@type\":\"SearchAction\",\"target\":{\"@type\":\"EntryPoint\",\"urlTemplate\":\"https:\/\/csp.ch\/vaud\/?s={search_term_string}\"},\"query-input\":{\"@type\":\"PropertyValueSpecification\",\"valueRequired\":true,\"valueName\":\"search_term_string\"}}],\"inLanguage\":\"fr-FR\"},{\"@type\":\"Organization\",\"@id\":\"https:\/\/csp.ch\/vaud\/#organization\",\"name\":\"https:\/\/csp.ch\/vaud\/\",\"url\":\"https:\/\/csp.ch\/vaud\/\",\"logo\":{\"@type\":\"ImageObject\",\"inLanguage\":\"fr-FR\",\"@id\":\"https:\/\/csp.ch\/vaud\/#\/schema\/logo\/image\/\",\"url\":\"https:\/\/csp.ch\/wp-content\/uploads\/sites\/4\/2022\/11\/Logo-CSP-VD-RVB.OK_.jpg\",\"contentUrl\":\"https:\/\/csp.ch\/wp-content\/uploads\/sites\/4\/2022\/11\/Logo-CSP-VD-RVB.OK_.jpg\",\"width\":600,\"height\":306,\"caption\":\"https:\/\/csp.ch\/vaud\/\"},\"image\":{\"@id\":\"https:\/\/csp.ch\/vaud\/#\/schema\/logo\/image\/\"},\"sameAs\":[\"https:\/\/www.facebook.com\/CSPSuisse\",\"https:\/\/www.linkedin.com\/company\/csp-vaud\/mycompany\"]}]}<\/script>\n<!-- \/ Yoast SEO plugin. -->","yoast_head_json":{"title":"Documentation du module B de l'introduction au droit suisse de la migration - CSP Vaud","description":"Documentation \u00e0 disposition des participants \u00e0 la formation sur le droit des \u00e9trangers dispens\u00e9 par les services migration et juridique du CSP Vaud.","robots":{"index":"index","follow":"follow","max-snippet":"max-snippet:-1","max-image-preview":"max-image-preview:large","max-video-preview":"max-video-preview:-1"},"canonical":"https:\/\/csp.ch\/vaud\/formations\/documentation-du-module-b-de-lintroduction-au-droit-suisse-des-etrangers\/","og_locale":"fr_FR","og_type":"article","og_title":"Documentation du module B de l'introduction au droit suisse de la migration - CSP Vaud","og_description":"Documentation \u00e0 disposition des participants \u00e0 la formation sur le droit des \u00e9trangers dispens\u00e9 par les services migration et juridique du CSP Vaud.","og_url":"https:\/\/csp.ch\/vaud\/formations\/documentation-du-module-b-de-lintroduction-au-droit-suisse-des-etrangers\/","og_site_name":"CSP Vaud","article_publisher":"https:\/\/www.facebook.com\/CSPSuisse","article_modified_time":"2026-02-26T14:45:18+00:00","twitter_card":"summary_large_image","twitter_misc":{"Dur\u00e9e de lecture estim\u00e9e":"2 minutes"},"schema":{"@context":"https:\/\/schema.org","@graph":[{"@type":"WebPage","@id":"https:\/\/csp.ch\/vaud\/formations\/documentation-du-module-b-de-lintroduction-au-droit-suisse-des-etrangers\/","url":"https:\/\/csp.ch\/vaud\/formations\/documentation-du-module-b-de-lintroduction-au-droit-suisse-des-etrangers\/","name":"Documentation du module B de l'introduction au droit suisse de la migration - CSP Vaud","isPartOf":{"@id":"https:\/\/csp.ch\/vaud\/#website"},"datePublished":"2020-02-19T16:31:31+00:00","dateModified":"2026-02-26T14:45:18+00:00","breadcrumb":{"@id":"https:\/\/csp.ch\/vaud\/formations\/documentation-du-module-b-de-lintroduction-au-droit-suisse-des-etrangers\/#breadcrumb"},"inLanguage":"fr-FR"},{"@type":"WebSite","@id":"https:\/\/csp.ch\/vaud\/#website","url":"https:\/\/csp.ch\/vaud\/","name":"https:\/\/csp.ch\/vaud\/","description":"","publisher":{"@id":"https:\/\/csp.ch\/vaud\/#organization"},"potentialAction":[{"@type":"SearchAction","target":{"@type":"EntryPoint","urlTemplate":"https:\/\/csp.ch\/vaud\/?s={search_term_string}"},"query-input":{"@type":"PropertyValueSpecification","valueRequired":true,"valueName":"search_term_string"}}],"inLanguage":"fr-FR"},{"@type":"Organization","@id":"https:\/\/csp.ch\/vaud\/#organization","name":"https:\/\/csp.ch\/vaud\/","url":"https:\/\/csp.ch\/vaud\/","logo":{"@type":"ImageObject","inLanguage":"fr-FR","@id":"https:\/\/csp.ch\/vaud\/#\/schema\/logo\/image\/","url":"https:\/\/csp.ch\/wp-content\/uploads\/sites\/4\/2022\/11\/Logo-CSP-VD-RVB.OK_.jpg","contentUrl":"https:\/\/csp.ch\/wp-content\/uploads\/sites\/4\/2022\/11\/Logo-CSP-VD-RVB.OK_.jpg","width":600,"height":306,"caption":"https:\/\/csp.ch\/vaud\/"},"image":{"@id":"https:\/\/csp.ch\/vaud\/#\/schema\/logo\/image\/"},"sameAs":["https:\/\/www.facebook.com\/CSPSuisse","https:\/\/www.linkedin.com\/company\/csp-vaud\/mycompany"]}]}},"_links":{"self":[{"href":"https:\/\/csp.ch\/vaud\/wp-json\/wp\/v2\/pages\/6109","targetHints":{"allow":["GET"]}}],"collection":[{"href":"https:\/\/csp.ch\/vaud\/wp-json\/wp\/v2\/pages"}],"about":[{"href":"https:\/\/csp.ch\/vaud\/wp-json\/wp\/v2\/types\/page"}],"author":[{"embeddable":true,"href":"https:\/\/csp.ch\/vaud\/wp-json\/wp\/v2\/users\/2"}],"replies":[{"embeddable":true,"href":"https:\/\/csp.ch\/vaud\/wp-json\/wp\/v2\/comments?post=6109"}],"version-history":[{"count":4,"href":"https:\/\/csp.ch\/vaud\/wp-json\/wp\/v2\/pages\/6109\/revisions"}],"predecessor-version":[{"id":28661,"href":"https:\/\/csp.ch\/vaud\/wp-json\/wp\/v2\/pages\/6109\/revisions\/28661"}],"up":[{"embeddable":true,"href":"https:\/\/csp.ch\/vaud\/wp-json\/wp\/v2\/pages\/44"}],"wp:featuredmedia":[{"embeddable":true,"href":"https:\/\/csp.ch\/vaud\/wp-json\/wp\/v2\/media\/3750"}],"wp:attachment":[{"href":"https:\/\/csp.ch\/vaud\/wp-json\/wp\/v2\/media?parent=6109"}],"curies":[{"name":"wp","href":"https:\/\/api.w.org\/{rel}","templated":true}]}}