{"id":5416,"date":"2019-11-12T13:43:52","date_gmt":"2019-11-12T12:43:52","guid":{"rendered":"https:\/\/csp.ch\/vaud\/?page_id=5416"},"modified":"2025-12-17T10:24:56","modified_gmt":"2025-12-17T09:24:56","slug":"strategie-institutionnelle","status":"publish","type":"page","link":"https:\/\/csp.ch\/vaud\/strategie-institutionnelle\/","title":{"rendered":"Strat\u00e9gie <strong> institutionnelle<\/strong>"},"content":{"rendered":"<p>Dans le contexte mondial actuel, instable, qui r\u00e9v\u00e8le une augmentation des in\u00e9galit\u00e9s, la n\u00e9cessit\u00e9 de consolider les prestations s\u2019est impos\u00e9e. Le droit \u00e0 une aide, en cas de situation de d\u00e9tresse, pour mener une existence conforme \u00e0 la dignit\u00e9 humaine (art. 12 de la Constitution) se r\u00e9tr\u00e9cit. Le CSP Vaud a l\u2019ambition d\u2019inspirer et mutualiser, comme un partenaire dynamique, l\u2019engagement de nombreuses personnes et institutions, en faveur de plus de justice sociale.<\/p>\n<p>Pour ce faire, quatre objectifs d\u00e9finissant les priorit\u00e9s pour le prochain quinquennat ont \u00e9t\u00e9 \u00e9tablis dans la nouvelle Strat\u00e9gie institutionnelle 2026-2030\u00a0:<\/p>\n<ul>\n<li>1. Inclusion et lutte contre les discriminations, pour prioriser l&rsquo;\u00e9coute des nouveaux besoins et la construction de r\u00e9ponses adapt\u00e9es aussi aux publics qui tombent entre les mailles du filet et s&rsquo;engager activement dans la lutte contre les discriminations (en particulier raciales, li\u00e9es \u00e0 l&rsquo;origine, l&rsquo;ethnie et la religion)<\/li>\n<li>2. Cadre de travail soutenant, pour assurer un environnement de travail motivant, bienveillant et ressour\u00e7ant<\/li>\n<li>3. Durabilit\u00e9 et financements p\u00e9rennes, gr\u00e2ce au d\u00e9veloppement des Galetas et l&rsquo;op\u00e9rationnalisation de nouvelles strat\u00e9gies de recherche de fonds<\/li>\n<li>4. Suivi qualit\u00e9 et transition num\u00e9rique, afin de soutenir la qualit\u00e9 du fonctionnement du CSP Vaud<\/li>\n<\/ul>\n<p>D\u00e9couvrez les objectifs en d\u00e9tail et les mesures qui vont \u00eatre mises en place dans la <a href=\"https:\/\/csp.ch\/wp-content\/uploads\/sites\/4\/2025\/12\/Strategie-institutionnelle-2026-2030.pdf\">Strat\u00e9gie institutionnelle 2026-2030<\/a>.<\/p>\n","protected":false},"excerpt":{"rendered":"<p>Dans le contexte mondial actuel, instable, qui r\u00e9v\u00e8le une augmentation des in\u00e9galit\u00e9s, la n\u00e9cessit\u00e9 de consolider les prestations s\u2019est impos\u00e9e. Le droit \u00e0 une aide, en cas de situation de d\u00e9tresse, pour mener une existence conforme \u00e0 la dignit\u00e9 humaine (art. 12 de la Constitution) se r\u00e9tr\u00e9cit. Le CSP Vaud a l\u2019ambition d\u2019inspirer et mutualiser, [&hellip;]<\/p>\n","protected":false},"author":2,"featured_media":27820,"parent":0,"menu_order":0,"comment_status":"closed","ping_status":"closed","template":"","meta":{"_acf_changed":false,"footnotes":""},"class_list":["post-5416","page","type-page","status-publish","has-post-thumbnail","hentry"],"acf":[],"yoast_head":"<!-- This site is optimized with the Yoast SEO plugin v27.1.1 - https:\/\/yoast.com\/product\/yoast-seo-wordpress\/ -->\n<title>Strat\u00e9gie  institutionnelle - CSP Vaud<\/title>\n<meta name=\"description\" content=\"Le CSP Vaud s&#039;est dot\u00e9 d&#039;une strat\u00e9gie institutionnelle 2020-2024 pr\u00e9sent\u00e9e \u00e0 l&#039;Assembl\u00e9e g\u00e9n\u00e9rale extraordinaire du 25 novembre 2019.\" \/>\n<meta name=\"robots\" content=\"index, follow, max-snippet:-1, max-image-preview:large, max-video-preview:-1\" \/>\n<link rel=\"canonical\" href=\"https:\/\/csp.ch\/vaud\/strategie-institutionnelle\/\" \/>\n<meta property=\"og:locale\" content=\"fr_FR\" \/>\n<meta property=\"og:type\" content=\"article\" \/>\n<meta property=\"og:title\" content=\"Strat\u00e9gie  institutionnelle - CSP Vaud\" \/>\n<meta property=\"og:description\" content=\"Le CSP Vaud s&#039;est dot\u00e9 d&#039;une strat\u00e9gie institutionnelle 2020-2024 pr\u00e9sent\u00e9e \u00e0 l&#039;Assembl\u00e9e g\u00e9n\u00e9rale extraordinaire du 25 novembre 2019.\" \/>\n<meta property=\"og:url\" content=\"https:\/\/csp.ch\/vaud\/strategie-institutionnelle\/\" \/>\n<meta property=\"og:site_name\" content=\"CSP Vaud\" \/>\n<meta property=\"article:publisher\" content=\"https:\/\/www.facebook.com\/CSPSuisse\" \/>\n<meta property=\"article:modified_time\" content=\"2025-12-17T09:24:56+00:00\" \/>\n<meta property=\"og:image\" content=\"https:\/\/csp.ch\/wp-content\/uploads\/sites\/4\/2025\/12\/Couverture-2-LaFrat-60ans_019-scaled.jpg\" \/>\n\t<meta property=\"og:image:width\" content=\"2560\" \/>\n\t<meta property=\"og:image:height\" content=\"1707\" \/>\n\t<meta property=\"og:image:type\" content=\"image\/jpeg\" \/>\n<meta name=\"twitter:card\" content=\"summary_large_image\" \/>\n<meta name=\"twitter:label1\" content=\"Dur\u00e9e de lecture estim\u00e9e\" \/>\n\t<meta name=\"twitter:data1\" content=\"2 minutes\" \/>\n<script type=\"application\/ld+json\" class=\"yoast-schema-graph\">{\"@context\":\"https:\/\/schema.org\",\"@graph\":[{\"@type\":\"WebPage\",\"@id\":\"https:\/\/csp.ch\/vaud\/strategie-institutionnelle\/\",\"url\":\"https:\/\/csp.ch\/vaud\/strategie-institutionnelle\/\",\"name\":\"Strat\u00e9gie institutionnelle - CSP Vaud\",\"isPartOf\":{\"@id\":\"https:\/\/csp.ch\/vaud\/#website\"},\"primaryImageOfPage\":{\"@id\":\"https:\/\/csp.ch\/vaud\/strategie-institutionnelle\/#primaryimage\"},\"image\":{\"@id\":\"https:\/\/csp.ch\/vaud\/strategie-institutionnelle\/#primaryimage\"},\"thumbnailUrl\":\"https:\/\/csp.ch\/wp-content\/uploads\/sites\/4\/2025\/12\/Couverture-2-LaFrat-60ans_019-scaled.jpg\",\"datePublished\":\"2019-11-12T12:43:52+00:00\",\"dateModified\":\"2025-12-17T09:24:56+00:00\",\"description\":\"Le CSP Vaud s'est dot\u00e9 d'une strat\u00e9gie institutionnelle 2020-2024 pr\u00e9sent\u00e9e \u00e0 l'Assembl\u00e9e g\u00e9n\u00e9rale extraordinaire du 25 novembre 2019.\",\"breadcrumb\":{\"@id\":\"https:\/\/csp.ch\/vaud\/strategie-institutionnelle\/#breadcrumb\"},\"inLanguage\":\"fr-FR\",\"potentialAction\":[{\"@type\":\"ReadAction\",\"target\":[\"https:\/\/csp.ch\/vaud\/strategie-institutionnelle\/\"]}]},{\"@type\":\"ImageObject\",\"inLanguage\":\"fr-FR\",\"@id\":\"https:\/\/csp.ch\/vaud\/strategie-institutionnelle\/#primaryimage\",\"url\":\"https:\/\/csp.ch\/wp-content\/uploads\/sites\/4\/2025\/12\/Couverture-2-LaFrat-60ans_019-scaled.jpg\",\"contentUrl\":\"https:\/\/csp.ch\/wp-content\/uploads\/sites\/4\/2025\/12\/Couverture-2-LaFrat-60ans_019-scaled.jpg\",\"width\":2560,\"height\":1707,\"caption\":\"Jubil\u00e9, 60 ans de la Frat' (La Fraternit\u00e9) - CSP Vaud\"},{\"@type\":\"BreadcrumbList\",\"@id\":\"https:\/\/csp.ch\/vaud\/strategie-institutionnelle\/#breadcrumb\",\"itemListElement\":[{\"@type\":\"ListItem\",\"position\":1,\"name\":\"Accueil\",\"item\":\"https:\/\/csp.ch\/vaud\/\"},{\"@type\":\"ListItem\",\"position\":2,\"name\":\"Strat\u00e9gie institutionnelle\"}]},{\"@type\":\"WebSite\",\"@id\":\"https:\/\/csp.ch\/vaud\/#website\",\"url\":\"https:\/\/csp.ch\/vaud\/\",\"name\":\"https:\/\/csp.ch\/vaud\/\",\"description\":\"\",\"publisher\":{\"@id\":\"https:\/\/csp.ch\/vaud\/#organization\"},\"potentialAction\":[{\"@type\":\"SearchAction\",\"target\":{\"@type\":\"EntryPoint\",\"urlTemplate\":\"https:\/\/csp.ch\/vaud\/?s={search_term_string}\"},\"query-input\":{\"@type\":\"PropertyValueSpecification\",\"valueRequired\":true,\"valueName\":\"search_term_string\"}}],\"inLanguage\":\"fr-FR\"},{\"@type\":\"Organization\",\"@id\":\"https:\/\/csp.ch\/vaud\/#organization\",\"name\":\"https:\/\/csp.ch\/vaud\/\",\"url\":\"https:\/\/csp.ch\/vaud\/\",\"logo\":{\"@type\":\"ImageObject\",\"inLanguage\":\"fr-FR\",\"@id\":\"https:\/\/csp.ch\/vaud\/#\/schema\/logo\/image\/\",\"url\":\"https:\/\/csp.ch\/wp-content\/uploads\/sites\/4\/2022\/11\/Logo-CSP-VD-RVB.OK_.jpg\",\"contentUrl\":\"https:\/\/csp.ch\/wp-content\/uploads\/sites\/4\/2022\/11\/Logo-CSP-VD-RVB.OK_.jpg\",\"width\":600,\"height\":306,\"caption\":\"https:\/\/csp.ch\/vaud\/\"},\"image\":{\"@id\":\"https:\/\/csp.ch\/vaud\/#\/schema\/logo\/image\/\"},\"sameAs\":[\"https:\/\/www.facebook.com\/CSPSuisse\",\"https:\/\/www.linkedin.com\/company\/csp-vaud\/mycompany\"]}]}<\/script>\n<!-- \/ Yoast SEO plugin. -->","yoast_head_json":{"title":"Strat\u00e9gie  institutionnelle - CSP Vaud","description":"Le CSP Vaud s'est dot\u00e9 d'une strat\u00e9gie institutionnelle 2020-2024 pr\u00e9sent\u00e9e \u00e0 l'Assembl\u00e9e g\u00e9n\u00e9rale extraordinaire du 25 novembre 2019.","robots":{"index":"index","follow":"follow","max-snippet":"max-snippet:-1","max-image-preview":"max-image-preview:large","max-video-preview":"max-video-preview:-1"},"canonical":"https:\/\/csp.ch\/vaud\/strategie-institutionnelle\/","og_locale":"fr_FR","og_type":"article","og_title":"Strat\u00e9gie  institutionnelle - CSP Vaud","og_description":"Le CSP Vaud s'est dot\u00e9 d'une strat\u00e9gie institutionnelle 2020-2024 pr\u00e9sent\u00e9e \u00e0 l'Assembl\u00e9e g\u00e9n\u00e9rale extraordinaire du 25 novembre 2019.","og_url":"https:\/\/csp.ch\/vaud\/strategie-institutionnelle\/","og_site_name":"CSP Vaud","article_publisher":"https:\/\/www.facebook.com\/CSPSuisse","article_modified_time":"2025-12-17T09:24:56+00:00","og_image":[{"width":2560,"height":1707,"url":"https:\/\/csp.ch\/wp-content\/uploads\/sites\/4\/2025\/12\/Couverture-2-LaFrat-60ans_019-scaled.jpg","type":"image\/jpeg"}],"twitter_card":"summary_large_image","twitter_misc":{"Dur\u00e9e de lecture estim\u00e9e":"2 minutes"},"schema":{"@context":"https:\/\/schema.org","@graph":[{"@type":"WebPage","@id":"https:\/\/csp.ch\/vaud\/strategie-institutionnelle\/","url":"https:\/\/csp.ch\/vaud\/strategie-institutionnelle\/","name":"Strat\u00e9gie institutionnelle - CSP Vaud","isPartOf":{"@id":"https:\/\/csp.ch\/vaud\/#website"},"primaryImageOfPage":{"@id":"https:\/\/csp.ch\/vaud\/strategie-institutionnelle\/#primaryimage"},"image":{"@id":"https:\/\/csp.ch\/vaud\/strategie-institutionnelle\/#primaryimage"},"thumbnailUrl":"https:\/\/csp.ch\/wp-content\/uploads\/sites\/4\/2025\/12\/Couverture-2-LaFrat-60ans_019-scaled.jpg","datePublished":"2019-11-12T12:43:52+00:00","dateModified":"2025-12-17T09:24:56+00:00","description":"Le CSP Vaud s'est dot\u00e9 d'une strat\u00e9gie institutionnelle 2020-2024 pr\u00e9sent\u00e9e \u00e0 l'Assembl\u00e9e g\u00e9n\u00e9rale extraordinaire du 25 novembre 2019.","breadcrumb":{"@id":"https:\/\/csp.ch\/vaud\/strategie-institutionnelle\/#breadcrumb"},"inLanguage":"fr-FR","potentialAction":[{"@type":"ReadAction","target":["https:\/\/csp.ch\/vaud\/strategie-institutionnelle\/"]}]},{"@type":"ImageObject","inLanguage":"fr-FR","@id":"https:\/\/csp.ch\/vaud\/strategie-institutionnelle\/#primaryimage","url":"https:\/\/csp.ch\/wp-content\/uploads\/sites\/4\/2025\/12\/Couverture-2-LaFrat-60ans_019-scaled.jpg","contentUrl":"https:\/\/csp.ch\/wp-content\/uploads\/sites\/4\/2025\/12\/Couverture-2-LaFrat-60ans_019-scaled.jpg","width":2560,"height":1707,"caption":"Jubil\u00e9, 60 ans de la Frat' (La Fraternit\u00e9) - CSP Vaud"},{"@type":"BreadcrumbList","@id":"https:\/\/csp.ch\/vaud\/strategie-institutionnelle\/#breadcrumb","itemListElement":[{"@type":"ListItem","position":1,"name":"Accueil","item":"https:\/\/csp.ch\/vaud\/"},{"@type":"ListItem","position":2,"name":"Strat\u00e9gie institutionnelle"}]},{"@type":"WebSite","@id":"https:\/\/csp.ch\/vaud\/#website","url":"https:\/\/csp.ch\/vaud\/","name":"https:\/\/csp.ch\/vaud\/","description":"","publisher":{"@id":"https:\/\/csp.ch\/vaud\/#organization"},"potentialAction":[{"@type":"SearchAction","target":{"@type":"EntryPoint","urlTemplate":"https:\/\/csp.ch\/vaud\/?s={search_term_string}"},"query-input":{"@type":"PropertyValueSpecification","valueRequired":true,"valueName":"search_term_string"}}],"inLanguage":"fr-FR"},{"@type":"Organization","@id":"https:\/\/csp.ch\/vaud\/#organization","name":"https:\/\/csp.ch\/vaud\/","url":"https:\/\/csp.ch\/vaud\/","logo":{"@type":"ImageObject","inLanguage":"fr-FR","@id":"https:\/\/csp.ch\/vaud\/#\/schema\/logo\/image\/","url":"https:\/\/csp.ch\/wp-content\/uploads\/sites\/4\/2022\/11\/Logo-CSP-VD-RVB.OK_.jpg","contentUrl":"https:\/\/csp.ch\/wp-content\/uploads\/sites\/4\/2022\/11\/Logo-CSP-VD-RVB.OK_.jpg","width":600,"height":306,"caption":"https:\/\/csp.ch\/vaud\/"},"image":{"@id":"https:\/\/csp.ch\/vaud\/#\/schema\/logo\/image\/"},"sameAs":["https:\/\/www.facebook.com\/CSPSuisse","https:\/\/www.linkedin.com\/company\/csp-vaud\/mycompany"]}]}},"_links":{"self":[{"href":"https:\/\/csp.ch\/vaud\/wp-json\/wp\/v2\/pages\/5416","targetHints":{"allow":["GET"]}}],"collection":[{"href":"https:\/\/csp.ch\/vaud\/wp-json\/wp\/v2\/pages"}],"about":[{"href":"https:\/\/csp.ch\/vaud\/wp-json\/wp\/v2\/types\/page"}],"author":[{"embeddable":true,"href":"https:\/\/csp.ch\/vaud\/wp-json\/wp\/v2\/users\/2"}],"replies":[{"embeddable":true,"href":"https:\/\/csp.ch\/vaud\/wp-json\/wp\/v2\/comments?post=5416"}],"version-history":[{"count":3,"href":"https:\/\/csp.ch\/vaud\/wp-json\/wp\/v2\/pages\/5416\/revisions"}],"predecessor-version":[{"id":27914,"href":"https:\/\/csp.ch\/vaud\/wp-json\/wp\/v2\/pages\/5416\/revisions\/27914"}],"wp:featuredmedia":[{"embeddable":true,"href":"https:\/\/csp.ch\/vaud\/wp-json\/wp\/v2\/media\/27820"}],"wp:attachment":[{"href":"https:\/\/csp.ch\/vaud\/wp-json\/wp\/v2\/media?parent=5416"}],"curies":[{"name":"wp","href":"https:\/\/api.w.org\/{rel}","templated":true}]}}