{"id":36,"date":"2015-08-07T08:22:18","date_gmt":"2015-08-07T07:22:18","guid":{"rendered":"https:\/\/csp.ch\/vd\/?page_id=36"},"modified":"2026-03-23T10:59:36","modified_gmt":"2026-03-23T09:59:36","slug":"prevention","status":"publish","type":"page","link":"https:\/\/csp.ch\/vaud\/prevention\/","title":{"rendered":"<strong>Pr\u00e9vention<\/strong>"},"content":{"rendered":"<div class=\"wpb-content-wrapper\"><p>[vc_row][vc_column][vc_column_text]<\/p>\n<h2>Pr\u00e9vention de l\u2019<strong>endettement des jeunes<\/strong><\/h2>\n<p>[\/vc_column_text][vc_column_text css=\u00a0\u00bb\u00a0\u00bb]Le CSP Vaud d\u00e9ploie des actions de <strong>pr\u00e9vention de l\u2019endettement<\/strong> en direction des jeunes en collaboration avec le D\u00e9partement de la formation, de la jeunesse et de la culture (DFJC), dans le cadre du Programme cantonal de pr\u00e9vention du surendettement, financ\u00e9 par le Canton et les communes.<\/p>\n<p><strong>Une vid\u00e9o de sensibilisation pour les jeunes produite par le Canton de Vaud.<\/strong><\/p>\n<p><iframe loading=\"lazy\"  id=\"_ytid_99413\"  width=\"800\" height=\"450\"  data-origwidth=\"800\" data-origheight=\"450\" src=\"https:\/\/www.youtube.com\/embed\/Km3jPJronrM?enablejsapi=1&#038;autoplay=0&#038;cc_load_policy=0&#038;cc_lang_pref=&#038;iv_load_policy=1&#038;loop=0&#038;rel=1&#038;fs=1&#038;playsinline=0&#038;autohide=2&#038;theme=dark&#038;color=red&#038;controls=1&#038;disablekb=0&#038;\" class=\"__youtube_prefs__  epyt-is-override  no-lazyload\" title=\"YouTube player\"  allow=\"fullscreen; accelerometer; autoplay; clipboard-write; encrypted-media; gyroscope; picture-in-picture; web-share\" referrerpolicy=\"strict-origin-when-cross-origin\" allowfullscreen data-no-lazy=\"1\" data-skipgform_ajax_framebjll=\"\"><\/iframe><\/p>\n<p>&nbsp;<\/p>\n<p>Au fil des ans, l&rsquo;\u00e9quipe de pr\u00e9vention, entour\u00e9e de professionnel\u00b7le\u00b7s de divers horizons, a d\u00e9velopp\u00e9 <a href=\"https:\/\/csp.ch\/vaud\/outils-de-prevention-parler-dargent\/\">toute une s\u00e9rie d&rsquo;outils.<\/a><\/p>\n<p><strong>Des ateliers avec animations<\/strong>\u00a0visent\u00a0\u00e0\u00a0sensibiliser les jeunes aux aspects multiples de l\u2019<strong>argent <\/strong>et de sa gestion, ainsi qu\u2019\u00e0 la probl\u00e9matique de l\u2019endettement non ma\u00eetris\u00e9, des <strong>poursuites<\/strong> et du<strong> surendettement.<\/strong><\/p>\n<p>Ils expliquent les pi\u00e8ges de certains moyens de <strong>paiement<\/strong>, pour permettre aux jeunes d\u2019acqu\u00e9rir les notions et la compr\u00e9hension n\u00e9cessaires afin d\u2019\u00e9viter de tomber dans les pi\u00e8ges de la soci\u00e9t\u00e9 de consommation. On y vise ainsi \u00e0 am\u00e9liorer la capacit\u00e9 de faire des choix et d\u2019acc\u00e9der \u00e0 l&rsquo;autonomie, notamment en pr\u00e9sentant et en mettant en pratique des <strong>budgets<\/strong>.<\/p>\n<p>&nbsp;<\/p>\n<h3>En milieu <strong>scolaire<\/strong><\/h3>\n<p>&nbsp;<\/p>\n<p>L\u2019action de pr\u00e9vention est mise \u00e0 disposition des \u00e9coles professionnelles et des gymnases du canton, ainsi qu\u2019aux principaux \u00e9tablissements de la transition (OPTI, COFOP). De plus, les \u00e9coles entr\u00e9es dans le programme et menant l\u2019action de mani\u00e8re plus ou moins autonome peuvent b\u00e9n\u00e9ficier d\u2019un suivi qui vise \u00e0 maintenir un bon niveau d\u2019implication et d\u2019int\u00e9r\u00eat pour la d\u00e9marche et \u00e0 terme une p\u00e9rennisation.<\/p>\n<h3><\/h3>\n<p>[\/vc_column_text][vc_separator][vc_column_text]<\/p>\n<h3>En milieu <strong>extra-scolaire<\/strong><\/h3>\n<p>&nbsp;<\/p>\n<p>Par ailleurs, \u00e0 la suite de l\u2019\u00e9valuation g\u00e9n\u00e9rale du Programme de pr\u00e9vention du surendettement vaudois, des actions ont \u00e9t\u00e9 d\u00e9velopp\u00e9es par le CSP Vaud en direction des jeunes en milieu extrascolaire (centres de loisirs par exemple). Des actions pilotes ont \u00e9t\u00e9 r\u00e9alis\u00e9es, en collaboration avec les organismes concern\u00e9s \u2013 principalement le d\u00e9l\u00e9gu\u00e9 cantonal \u00e0 la jeunesse, le Groupe de liaison des activit\u00e9s de jeunesse (GLAJ-Vaud), la Fondation lausannoise pour l\u2019animation socioculturelle (FASL), ainsi que l\u2019Association ciao.ch.[\/vc_column_text][vc_separator][vc_column_text]<\/p>\n<h3>Formation aux <strong>enseignant-e-s<\/strong><\/h3>\n<p>&nbsp;<\/p>\n<p>Des sessions de <em>sensibilisation-formation<\/em><em>\u00a0<\/em>sont propos\u00e9es aux enseignant-e-s dans le cadre du programme de formation continue de la HEP (Haute Ecole p\u00e9dagogique). Elles visent \u00e0 d\u00e9multiplier et p\u00e9renniser l\u2019intervention pr\u00e9ventive dans les \u00e9tablissements, en impliquant, sensibilisant et formant les personnes qui entourent les jeunes.[\/vc_column_text][vc_column_text css=\u00a0\u00bb\u00a0\u00bb]<strong>Liens<\/strong><\/p>\n<ul>\n<li><a href=\"https:\/\/csp.ch\/vaud\/services_site\/questions-dargent\/\">Service social polyvalent (Questions d&rsquo;argent)<\/a><\/li>\n<li><a href=\"https:\/\/csp.ch\/vaud\/services_site\/questions-de-jeunes\/\">Jet Service (Questions de jeunes)<\/a><\/li>\n<\/ul>\n<p>Le CSP Vaud r\u00e9pond aux questions d\u2019argent sur les sites <a href=\"https:\/\/www.ciao.ch\/adresses-pres-de-chez-toi\/parlons-cash\/\" target=\"_blank\" rel=\"noopener noreferrer\">ciao.ch<\/a> et <a href=\"https:\/\/xn--ontcoute-d1a.ch\/\" target=\"_blank\" rel=\"noopener\">ont\u00e9coute.ch<\/a>.[\/vc_column_text][\/vc_column][\/vc_row][vc_row][vc_column][vc_column_text]<strong>M\u00e9dias<\/strong><\/p>\n<p>Ce programme a fait l&rsquo;objet d&rsquo;une<a href=\"http:\/\/www.parlons-cash.ch\/\"> nouvelle campagne : Parlons Cash<\/a> !<\/p>\n<p>A l&rsquo;occasion des 10 ans de ce programme, le CSP Vaud lui a consacr\u00e9 un <a href=\"https:\/\/csp.ch\/vaud\/wp-content\/uploads\/sites\/4\/2017\/12\/NOUVELLES_DEC_2017_FIN.pdf\">num\u00e9ro des Nouvelles\u00a0<\/a><\/p>\n<p>Ainsi que la rubrique <a href=\"https:\/\/www.24heures.ch\/signatures\/reflexions\/prevenir-surendettement\/story\/21329643\">\u00ab\u00a0Invit\u00e9e\u00a0\u00bb du journal 24 Heures du 20 d\u00e9cembre 2017<\/a>.[\/vc_column_text][\/vc_column][\/vc_row]<\/p>\n<\/div>","protected":false},"excerpt":{"rendered":"<p>[vc_row][vc_column][vc_column_text] Pr\u00e9vention de l\u2019endettement des jeunes [\/vc_column_text][vc_column_text css=\u00a0\u00bb\u00a0\u00bb]Le CSP Vaud d\u00e9ploie des actions de pr\u00e9vention de l\u2019endettement en direction des jeunes en collaboration avec le D\u00e9partement de la formation, de la jeunesse et de la culture (DFJC), dans le cadre du Programme cantonal de pr\u00e9vention du surendettement, financ\u00e9 par le Canton et les communes. Une [&hellip;]<\/p>\n","protected":false},"author":1,"featured_media":6030,"parent":0,"menu_order":0,"comment_status":"closed","ping_status":"closed","template":"","meta":{"_acf_changed":false,"footnotes":""},"class_list":["post-36","page","type-page","status-publish","has-post-thumbnail","hentry"],"acf":[],"yoast_head":"<!-- This site is optimized with the Yoast SEO plugin v27.1.1 - https:\/\/yoast.com\/product\/yoast-seo-wordpress\/ -->\n<title>Pr\u00e9vention - CSP Vaud<\/title>\n<meta name=\"description\" content=\"Le CSP Vaud d\u00e9ploie des actions de\u00a0pr\u00e9vention de l\u2019endettement\u00a0en direction des jeunes en collaboration avec le Canton de Vaud.\" \/>\n<meta name=\"robots\" content=\"index, follow, max-snippet:-1, max-image-preview:large, max-video-preview:-1\" \/>\n<link rel=\"canonical\" href=\"https:\/\/csp.ch\/vaud\/prevention\/\" \/>\n<meta property=\"og:locale\" content=\"fr_FR\" \/>\n<meta property=\"og:type\" content=\"article\" \/>\n<meta property=\"og:title\" content=\"Pr\u00e9vention - CSP Vaud\" \/>\n<meta property=\"og:description\" content=\"Le CSP Vaud d\u00e9ploie des actions de\u00a0pr\u00e9vention de l\u2019endettement\u00a0en direction des jeunes en collaboration avec le Canton de Vaud.\" \/>\n<meta property=\"og:url\" content=\"https:\/\/csp.ch\/vaud\/prevention\/\" \/>\n<meta property=\"og:site_name\" content=\"CSP Vaud\" \/>\n<meta property=\"article:publisher\" content=\"https:\/\/www.facebook.com\/CSPSuisse\" \/>\n<meta property=\"article:modified_time\" content=\"2026-03-23T09:59:36+00:00\" \/>\n<meta property=\"og:image\" content=\"https:\/\/csp.ch\/wp-content\/uploads\/sites\/4\/2020\/02\/20151117\u00a9CSP-VD_RebeccaBowring_G7A3804-copie.jpg\" \/>\n\t<meta property=\"og:image:width\" content=\"740\" \/>\n\t<meta property=\"og:image:height\" content=\"330\" \/>\n\t<meta property=\"og:image:type\" content=\"image\/jpeg\" \/>\n<meta name=\"twitter:card\" content=\"summary_large_image\" \/>\n<meta name=\"twitter:label1\" content=\"Dur\u00e9e de lecture estim\u00e9e\" \/>\n\t<meta name=\"twitter:data1\" content=\"3 minutes\" \/>\n<script type=\"application\/ld+json\" class=\"yoast-schema-graph\">{\"@context\":\"https:\/\/schema.org\",\"@graph\":[{\"@type\":\"WebPage\",\"@id\":\"https:\/\/csp.ch\/vaud\/prevention\/\",\"url\":\"https:\/\/csp.ch\/vaud\/prevention\/\",\"name\":\"Pr\u00e9vention - CSP Vaud\",\"isPartOf\":{\"@id\":\"https:\/\/csp.ch\/vaud\/#website\"},\"primaryImageOfPage\":{\"@id\":\"https:\/\/csp.ch\/vaud\/prevention\/#primaryimage\"},\"image\":{\"@id\":\"https:\/\/csp.ch\/vaud\/prevention\/#primaryimage\"},\"thumbnailUrl\":\"https:\/\/csp.ch\/wp-content\/uploads\/sites\/4\/2020\/02\/20151117\u00a9CSP-VD_RebeccaBowring_G7A3804-copie.jpg\",\"datePublished\":\"2015-08-07T07:22:18+00:00\",\"dateModified\":\"2026-03-23T09:59:36+00:00\",\"description\":\"Le CSP Vaud d\u00e9ploie des actions de\u00a0pr\u00e9vention de l\u2019endettement\u00a0en direction des jeunes en collaboration avec le Canton de Vaud.\",\"breadcrumb\":{\"@id\":\"https:\/\/csp.ch\/vaud\/prevention\/#breadcrumb\"},\"inLanguage\":\"fr-FR\",\"potentialAction\":[{\"@type\":\"ReadAction\",\"target\":[\"https:\/\/csp.ch\/vaud\/prevention\/\"]}]},{\"@type\":\"ImageObject\",\"inLanguage\":\"fr-FR\",\"@id\":\"https:\/\/csp.ch\/vaud\/prevention\/#primaryimage\",\"url\":\"https:\/\/csp.ch\/wp-content\/uploads\/sites\/4\/2020\/02\/20151117\u00a9CSP-VD_RebeccaBowring_G7A3804-copie.jpg\",\"contentUrl\":\"https:\/\/csp.ch\/wp-content\/uploads\/sites\/4\/2020\/02\/20151117\u00a9CSP-VD_RebeccaBowring_G7A3804-copie.jpg\",\"width\":740,\"height\":330},{\"@type\":\"BreadcrumbList\",\"@id\":\"https:\/\/csp.ch\/vaud\/prevention\/#breadcrumb\",\"itemListElement\":[{\"@type\":\"ListItem\",\"position\":1,\"name\":\"Accueil\",\"item\":\"https:\/\/csp.ch\/vaud\/\"},{\"@type\":\"ListItem\",\"position\":2,\"name\":\"Pr\u00e9vention\"}]},{\"@type\":\"WebSite\",\"@id\":\"https:\/\/csp.ch\/vaud\/#website\",\"url\":\"https:\/\/csp.ch\/vaud\/\",\"name\":\"https:\/\/csp.ch\/vaud\/\",\"description\":\"\",\"publisher\":{\"@id\":\"https:\/\/csp.ch\/vaud\/#organization\"},\"potentialAction\":[{\"@type\":\"SearchAction\",\"target\":{\"@type\":\"EntryPoint\",\"urlTemplate\":\"https:\/\/csp.ch\/vaud\/?s={search_term_string}\"},\"query-input\":{\"@type\":\"PropertyValueSpecification\",\"valueRequired\":true,\"valueName\":\"search_term_string\"}}],\"inLanguage\":\"fr-FR\"},{\"@type\":\"Organization\",\"@id\":\"https:\/\/csp.ch\/vaud\/#organization\",\"name\":\"https:\/\/csp.ch\/vaud\/\",\"url\":\"https:\/\/csp.ch\/vaud\/\",\"logo\":{\"@type\":\"ImageObject\",\"inLanguage\":\"fr-FR\",\"@id\":\"https:\/\/csp.ch\/vaud\/#\/schema\/logo\/image\/\",\"url\":\"https:\/\/csp.ch\/wp-content\/uploads\/sites\/4\/2022\/11\/Logo-CSP-VD-RVB.OK_.jpg\",\"contentUrl\":\"https:\/\/csp.ch\/wp-content\/uploads\/sites\/4\/2022\/11\/Logo-CSP-VD-RVB.OK_.jpg\",\"width\":600,\"height\":306,\"caption\":\"https:\/\/csp.ch\/vaud\/\"},\"image\":{\"@id\":\"https:\/\/csp.ch\/vaud\/#\/schema\/logo\/image\/\"},\"sameAs\":[\"https:\/\/www.facebook.com\/CSPSuisse\",\"https:\/\/www.linkedin.com\/company\/csp-vaud\/mycompany\"]}]}<\/script>\n<!-- \/ Yoast SEO plugin. -->","yoast_head_json":{"title":"Pr\u00e9vention - CSP Vaud","description":"Le CSP Vaud d\u00e9ploie des actions de\u00a0pr\u00e9vention de l\u2019endettement\u00a0en direction des jeunes en collaboration avec le Canton de Vaud.","robots":{"index":"index","follow":"follow","max-snippet":"max-snippet:-1","max-image-preview":"max-image-preview:large","max-video-preview":"max-video-preview:-1"},"canonical":"https:\/\/csp.ch\/vaud\/prevention\/","og_locale":"fr_FR","og_type":"article","og_title":"Pr\u00e9vention - CSP Vaud","og_description":"Le CSP Vaud d\u00e9ploie des actions de\u00a0pr\u00e9vention de l\u2019endettement\u00a0en direction des jeunes en collaboration avec le Canton de Vaud.","og_url":"https:\/\/csp.ch\/vaud\/prevention\/","og_site_name":"CSP Vaud","article_publisher":"https:\/\/www.facebook.com\/CSPSuisse","article_modified_time":"2026-03-23T09:59:36+00:00","og_image":[{"width":740,"height":330,"url":"https:\/\/csp.ch\/wp-content\/uploads\/sites\/4\/2020\/02\/20151117\u00a9CSP-VD_RebeccaBowring_G7A3804-copie.jpg","type":"image\/jpeg"}],"twitter_card":"summary_large_image","twitter_misc":{"Dur\u00e9e de lecture estim\u00e9e":"3 minutes"},"schema":{"@context":"https:\/\/schema.org","@graph":[{"@type":"WebPage","@id":"https:\/\/csp.ch\/vaud\/prevention\/","url":"https:\/\/csp.ch\/vaud\/prevention\/","name":"Pr\u00e9vention - CSP Vaud","isPartOf":{"@id":"https:\/\/csp.ch\/vaud\/#website"},"primaryImageOfPage":{"@id":"https:\/\/csp.ch\/vaud\/prevention\/#primaryimage"},"image":{"@id":"https:\/\/csp.ch\/vaud\/prevention\/#primaryimage"},"thumbnailUrl":"https:\/\/csp.ch\/wp-content\/uploads\/sites\/4\/2020\/02\/20151117\u00a9CSP-VD_RebeccaBowring_G7A3804-copie.jpg","datePublished":"2015-08-07T07:22:18+00:00","dateModified":"2026-03-23T09:59:36+00:00","description":"Le CSP Vaud d\u00e9ploie des actions de\u00a0pr\u00e9vention de l\u2019endettement\u00a0en direction des jeunes en collaboration avec le Canton de Vaud.","breadcrumb":{"@id":"https:\/\/csp.ch\/vaud\/prevention\/#breadcrumb"},"inLanguage":"fr-FR","potentialAction":[{"@type":"ReadAction","target":["https:\/\/csp.ch\/vaud\/prevention\/"]}]},{"@type":"ImageObject","inLanguage":"fr-FR","@id":"https:\/\/csp.ch\/vaud\/prevention\/#primaryimage","url":"https:\/\/csp.ch\/wp-content\/uploads\/sites\/4\/2020\/02\/20151117\u00a9CSP-VD_RebeccaBowring_G7A3804-copie.jpg","contentUrl":"https:\/\/csp.ch\/wp-content\/uploads\/sites\/4\/2020\/02\/20151117\u00a9CSP-VD_RebeccaBowring_G7A3804-copie.jpg","width":740,"height":330},{"@type":"BreadcrumbList","@id":"https:\/\/csp.ch\/vaud\/prevention\/#breadcrumb","itemListElement":[{"@type":"ListItem","position":1,"name":"Accueil","item":"https:\/\/csp.ch\/vaud\/"},{"@type":"ListItem","position":2,"name":"Pr\u00e9vention"}]},{"@type":"WebSite","@id":"https:\/\/csp.ch\/vaud\/#website","url":"https:\/\/csp.ch\/vaud\/","name":"https:\/\/csp.ch\/vaud\/","description":"","publisher":{"@id":"https:\/\/csp.ch\/vaud\/#organization"},"potentialAction":[{"@type":"SearchAction","target":{"@type":"EntryPoint","urlTemplate":"https:\/\/csp.ch\/vaud\/?s={search_term_string}"},"query-input":{"@type":"PropertyValueSpecification","valueRequired":true,"valueName":"search_term_string"}}],"inLanguage":"fr-FR"},{"@type":"Organization","@id":"https:\/\/csp.ch\/vaud\/#organization","name":"https:\/\/csp.ch\/vaud\/","url":"https:\/\/csp.ch\/vaud\/","logo":{"@type":"ImageObject","inLanguage":"fr-FR","@id":"https:\/\/csp.ch\/vaud\/#\/schema\/logo\/image\/","url":"https:\/\/csp.ch\/wp-content\/uploads\/sites\/4\/2022\/11\/Logo-CSP-VD-RVB.OK_.jpg","contentUrl":"https:\/\/csp.ch\/wp-content\/uploads\/sites\/4\/2022\/11\/Logo-CSP-VD-RVB.OK_.jpg","width":600,"height":306,"caption":"https:\/\/csp.ch\/vaud\/"},"image":{"@id":"https:\/\/csp.ch\/vaud\/#\/schema\/logo\/image\/"},"sameAs":["https:\/\/www.facebook.com\/CSPSuisse","https:\/\/www.linkedin.com\/company\/csp-vaud\/mycompany"]}]}},"_links":{"self":[{"href":"https:\/\/csp.ch\/vaud\/wp-json\/wp\/v2\/pages\/36","targetHints":{"allow":["GET"]}}],"collection":[{"href":"https:\/\/csp.ch\/vaud\/wp-json\/wp\/v2\/pages"}],"about":[{"href":"https:\/\/csp.ch\/vaud\/wp-json\/wp\/v2\/types\/page"}],"author":[{"embeddable":true,"href":"https:\/\/csp.ch\/vaud\/wp-json\/wp\/v2\/users\/1"}],"replies":[{"embeddable":true,"href":"https:\/\/csp.ch\/vaud\/wp-json\/wp\/v2\/comments?post=36"}],"version-history":[{"count":4,"href":"https:\/\/csp.ch\/vaud\/wp-json\/wp\/v2\/pages\/36\/revisions"}],"predecessor-version":[{"id":29113,"href":"https:\/\/csp.ch\/vaud\/wp-json\/wp\/v2\/pages\/36\/revisions\/29113"}],"wp:featuredmedia":[{"embeddable":true,"href":"https:\/\/csp.ch\/vaud\/wp-json\/wp\/v2\/media\/6030"}],"wp:attachment":[{"href":"https:\/\/csp.ch\/vaud\/wp-json\/wp\/v2\/media?parent=36"}],"curies":[{"name":"wp","href":"https:\/\/api.w.org\/{rel}","templated":true}]}}