{"id":2280,"date":"2018-09-20T06:50:32","date_gmt":"2018-09-20T05:50:32","guid":{"rendered":"https:\/\/csp.ch\/vaud\/?page_id=2280"},"modified":"2025-04-02T08:41:58","modified_gmt":"2025-04-02T06:41:58","slug":"victoires-du-csp-vaud","status":"publish","type":"page","link":"https:\/\/csp.ch\/vaud\/victoires-du-csp-vaud\/","title":{"rendered":"<strong>Victoires<\/strong>"},"content":{"rendered":"<p>Les victoires du CSP Vaud, c&rsquo;est une autre fa\u00e7on de vous pr\u00e9senter le travail des employ\u00e9\u00b7e\u00b7s du CSP Vaud, \u00e0 travers des victoires au quotidien qui donnent un sens au combat constamment men\u00e9 par les diff\u00e9rents services de l&rsquo;institution et constituent la preuve qu&rsquo;une plus grande justice sociale est possible.<\/p>\n<p><a href=\"https:\/\/csp.ch\/vaud\/wp-content\/uploads\/sites\/4\/2019\/09\/victoire-SP_permis_Myriam_Frat.pdf\">14.06.2024 &#8211; <strong>Victoire pour les personnes migrantes victimes de violence domestique<\/strong><\/a><br \/>\n06.2024 &#8211; <strong><a href=\"https:\/\/csp.ch\/wp-content\/uploads\/sites\/4\/2025\/04\/NOUVELLES-CSP-VAUD-JUIN-2024-WEB-Sortir-engrenage.pdf\" target=\"_blank\" rel=\"noopener\">Dix ans d\u2019accompagnement par La Fraternit\u00e9, qui d\u00e9bouchent sur l\u2019ind\u00e9pendance retrouv\u00e9e<\/a><\/strong><br \/>\n<a href=\"https:\/\/csp.ch\/wp-content\/uploads\/sites\/4\/2025\/02\/WEB-JOURNAL_CSP-CAMPAGNE-03-2024-4.pdf\" target=\"_blank\" rel=\"noopener\">06.2024 &#8211; <strong>\u00c9tudier dans une famille soumise au minimum vital<\/strong><\/a><\/p>\n<p><a href=\"https:\/\/csp.ch\/wp-content\/uploads\/sites\/4\/2025\/02\/NOUVELLES-JUIN-2022_WEB-5.pdf\" target=\"_blank\" rel=\"noopener\">06.2022 &#8211; <strong>Qui ne demande rien&#8230; n&rsquo;aura rien !<\/strong><\/a><\/p>\n<p><a href=\"https:\/\/csp.ch\/wp-content\/uploads\/sites\/4\/2025\/04\/Les-belles-victoires-CSP.pdf\">12.2021 &#8211; <strong>Les belles victoires<\/strong><\/a><\/p>\n<p><a href=\"https:\/\/csp.ch\/vaud\/wp-content\/uploads\/sites\/4\/2019\/09\/victoire-SP_permis_Myriam_Frat.pdf\">24.09.2019 &#8211; <strong>R\u00e9gularis\u00e9s apr\u00e8s 30 ans !<\/strong> &#8211; par Myriam Schwab, travailleuse sociale \u00e0 la Fraternit\u00e9<\/a><\/p>\n<p><a href=\"https:\/\/csp.ch\/vaud\/wp-content\/uploads\/sites\/4\/2019\/03\/victoire-saisie-isabelle-1.pdf\">14.03.2019 &#8211; <strong>Enfin le t\u00eate hors de l&rsquo;eau ! Comment M. R. a r\u00e9ussi \u00e0 sortir des poursuites<\/strong> &#8211; Par Isabelle Bonjour, assistante sociale au SSP<\/a><\/p>\n<p><a href=\"https:\/\/csp.ch\/vaud\/wp-content\/uploads\/sites\/4\/2018\/12\/victoire-lpp-claudia-1.pdf\">13.12.2018 &#8211; <strong>Un arri\u00e9r\u00e9 de cotisations LPP r\u00e9cup\u00e9r\u00e9 !<\/strong> &#8211; Par Claudia Frick, juriste<\/a><\/p>\n<p><a href=\"https:\/\/csp.ch\/vaud\/wp-content\/uploads\/sites\/4\/2018\/11\/victoire-benevole-olivier.pdf\">12.11.2018 &#8211;\u00a0<strong>Travailler au Galetas\u00a0: une exp\u00e9rience pour l\u2019avenir\u00a0! <\/strong>&#8211; Par Olivier Gretler, responsable Galetas Bl\u00e9cherette<\/a><\/p>\n<p><a href=\"https:\/\/csp.ch\/vaud\/wp-content\/uploads\/sites\/4\/2018\/09\/victoire-policiere-eline.pdf\">20.09.2018 &#8211;\u00a0<strong>Jusqu\u2019au Tribunal f\u00e9d\u00e9ral pour faire valoir les droits d\u2019une usag\u00e8re aupr\u00e8s de son assurance accident<\/strong> &#8211; Par Eline Scwitzguebel, juriste<\/a><\/p>\n","protected":false},"excerpt":{"rendered":"<p>Les victoires du CSP Vaud, c&rsquo;est une autre fa\u00e7on de vous pr\u00e9senter le travail des employ\u00e9\u00b7e\u00b7s du CSP Vaud, \u00e0 travers des victoires au quotidien qui donnent un sens au combat constamment men\u00e9 par les diff\u00e9rents services de l&rsquo;institution et constituent la preuve qu&rsquo;une plus grande justice sociale est possible. 14.06.2024 &#8211; Victoire pour les [&hellip;]<\/p>\n","protected":false},"author":2,"featured_media":3326,"parent":0,"menu_order":0,"comment_status":"closed","ping_status":"closed","template":"","meta":{"_acf_changed":false,"footnotes":""},"class_list":["post-2280","page","type-page","status-publish","has-post-thumbnail","hentry"],"acf":[],"yoast_head":"<!-- This site is optimized with the Yoast SEO plugin v27.1.1 - https:\/\/yoast.com\/product\/yoast-seo-wordpress\/ -->\n<title>Victoires - CSP Vaud<\/title>\n<meta name=\"robots\" content=\"index, follow, max-snippet:-1, max-image-preview:large, max-video-preview:-1\" \/>\n<link rel=\"canonical\" href=\"https:\/\/csp.ch\/vaud\/victoires-du-csp-vaud\/\" \/>\n<meta property=\"og:locale\" content=\"fr_FR\" \/>\n<meta property=\"og:type\" content=\"article\" \/>\n<meta property=\"og:title\" content=\"Victoires - CSP Vaud\" \/>\n<meta property=\"og:description\" content=\"Les victoires du CSP Vaud, c&rsquo;est une autre fa\u00e7on de vous pr\u00e9senter le travail des employ\u00e9\u00b7e\u00b7s du CSP Vaud, \u00e0 travers des victoires au quotidien qui donnent un sens au combat constamment men\u00e9 par les diff\u00e9rents services de l&rsquo;institution et constituent la preuve qu&rsquo;une plus grande justice sociale est possible. 14.06.2024 &#8211; Victoire pour les [&hellip;]\" \/>\n<meta property=\"og:url\" content=\"https:\/\/csp.ch\/vaud\/victoires-du-csp-vaud\/\" \/>\n<meta property=\"og:site_name\" content=\"CSP Vaud\" \/>\n<meta property=\"article:publisher\" content=\"https:\/\/www.facebook.com\/CSPSuisse\" \/>\n<meta property=\"article:modified_time\" content=\"2025-04-02T06:41:58+00:00\" \/>\n<meta property=\"og:image\" content=\"https:\/\/csp.ch\/wp-content\/uploads\/sites\/4\/2019\/03\/multi-victoire-2.jpg\" \/>\n\t<meta property=\"og:image:width\" content=\"2056\" \/>\n\t<meta property=\"og:image:height\" content=\"917\" \/>\n\t<meta property=\"og:image:type\" content=\"image\/jpeg\" \/>\n<meta name=\"twitter:card\" content=\"summary_large_image\" \/>\n<meta name=\"twitter:label1\" content=\"Dur\u00e9e de lecture estim\u00e9e\" \/>\n\t<meta name=\"twitter:data1\" content=\"2 minutes\" \/>\n<script type=\"application\/ld+json\" class=\"yoast-schema-graph\">{\"@context\":\"https:\/\/schema.org\",\"@graph\":[{\"@type\":\"WebPage\",\"@id\":\"https:\/\/csp.ch\/vaud\/victoires-du-csp-vaud\/\",\"url\":\"https:\/\/csp.ch\/vaud\/victoires-du-csp-vaud\/\",\"name\":\"Victoires - CSP Vaud\",\"isPartOf\":{\"@id\":\"https:\/\/csp.ch\/vaud\/#website\"},\"primaryImageOfPage\":{\"@id\":\"https:\/\/csp.ch\/vaud\/victoires-du-csp-vaud\/#primaryimage\"},\"image\":{\"@id\":\"https:\/\/csp.ch\/vaud\/victoires-du-csp-vaud\/#primaryimage\"},\"thumbnailUrl\":\"https:\/\/csp.ch\/wp-content\/uploads\/sites\/4\/2019\/03\/multi-victoire-2.jpg\",\"datePublished\":\"2018-09-20T05:50:32+00:00\",\"dateModified\":\"2025-04-02T06:41:58+00:00\",\"breadcrumb\":{\"@id\":\"https:\/\/csp.ch\/vaud\/victoires-du-csp-vaud\/#breadcrumb\"},\"inLanguage\":\"fr-FR\",\"potentialAction\":[{\"@type\":\"ReadAction\",\"target\":[\"https:\/\/csp.ch\/vaud\/victoires-du-csp-vaud\/\"]}]},{\"@type\":\"ImageObject\",\"inLanguage\":\"fr-FR\",\"@id\":\"https:\/\/csp.ch\/vaud\/victoires-du-csp-vaud\/#primaryimage\",\"url\":\"https:\/\/csp.ch\/wp-content\/uploads\/sites\/4\/2019\/03\/multi-victoire-2.jpg\",\"contentUrl\":\"https:\/\/csp.ch\/wp-content\/uploads\/sites\/4\/2019\/03\/multi-victoire-2.jpg\",\"width\":2056,\"height\":917},{\"@type\":\"BreadcrumbList\",\"@id\":\"https:\/\/csp.ch\/vaud\/victoires-du-csp-vaud\/#breadcrumb\",\"itemListElement\":[{\"@type\":\"ListItem\",\"position\":1,\"name\":\"Accueil\",\"item\":\"https:\/\/csp.ch\/vaud\/\"},{\"@type\":\"ListItem\",\"position\":2,\"name\":\"Victoires\"}]},{\"@type\":\"WebSite\",\"@id\":\"https:\/\/csp.ch\/vaud\/#website\",\"url\":\"https:\/\/csp.ch\/vaud\/\",\"name\":\"https:\/\/csp.ch\/vaud\/\",\"description\":\"\",\"publisher\":{\"@id\":\"https:\/\/csp.ch\/vaud\/#organization\"},\"potentialAction\":[{\"@type\":\"SearchAction\",\"target\":{\"@type\":\"EntryPoint\",\"urlTemplate\":\"https:\/\/csp.ch\/vaud\/?s={search_term_string}\"},\"query-input\":{\"@type\":\"PropertyValueSpecification\",\"valueRequired\":true,\"valueName\":\"search_term_string\"}}],\"inLanguage\":\"fr-FR\"},{\"@type\":\"Organization\",\"@id\":\"https:\/\/csp.ch\/vaud\/#organization\",\"name\":\"https:\/\/csp.ch\/vaud\/\",\"url\":\"https:\/\/csp.ch\/vaud\/\",\"logo\":{\"@type\":\"ImageObject\",\"inLanguage\":\"fr-FR\",\"@id\":\"https:\/\/csp.ch\/vaud\/#\/schema\/logo\/image\/\",\"url\":\"https:\/\/csp.ch\/wp-content\/uploads\/sites\/4\/2022\/11\/Logo-CSP-VD-RVB.OK_.jpg\",\"contentUrl\":\"https:\/\/csp.ch\/wp-content\/uploads\/sites\/4\/2022\/11\/Logo-CSP-VD-RVB.OK_.jpg\",\"width\":600,\"height\":306,\"caption\":\"https:\/\/csp.ch\/vaud\/\"},\"image\":{\"@id\":\"https:\/\/csp.ch\/vaud\/#\/schema\/logo\/image\/\"},\"sameAs\":[\"https:\/\/www.facebook.com\/CSPSuisse\",\"https:\/\/www.linkedin.com\/company\/csp-vaud\/mycompany\"]}]}<\/script>\n<!-- \/ Yoast SEO plugin. -->","yoast_head_json":{"title":"Victoires - CSP Vaud","robots":{"index":"index","follow":"follow","max-snippet":"max-snippet:-1","max-image-preview":"max-image-preview:large","max-video-preview":"max-video-preview:-1"},"canonical":"https:\/\/csp.ch\/vaud\/victoires-du-csp-vaud\/","og_locale":"fr_FR","og_type":"article","og_title":"Victoires - CSP Vaud","og_description":"Les victoires du CSP Vaud, c&rsquo;est une autre fa\u00e7on de vous pr\u00e9senter le travail des employ\u00e9\u00b7e\u00b7s du CSP Vaud, \u00e0 travers des victoires au quotidien qui donnent un sens au combat constamment men\u00e9 par les diff\u00e9rents services de l&rsquo;institution et constituent la preuve qu&rsquo;une plus grande justice sociale est possible. 14.06.2024 &#8211; Victoire pour les [&hellip;]","og_url":"https:\/\/csp.ch\/vaud\/victoires-du-csp-vaud\/","og_site_name":"CSP Vaud","article_publisher":"https:\/\/www.facebook.com\/CSPSuisse","article_modified_time":"2025-04-02T06:41:58+00:00","og_image":[{"width":2056,"height":917,"url":"https:\/\/csp.ch\/wp-content\/uploads\/sites\/4\/2019\/03\/multi-victoire-2.jpg","type":"image\/jpeg"}],"twitter_card":"summary_large_image","twitter_misc":{"Dur\u00e9e de lecture estim\u00e9e":"2 minutes"},"schema":{"@context":"https:\/\/schema.org","@graph":[{"@type":"WebPage","@id":"https:\/\/csp.ch\/vaud\/victoires-du-csp-vaud\/","url":"https:\/\/csp.ch\/vaud\/victoires-du-csp-vaud\/","name":"Victoires - CSP Vaud","isPartOf":{"@id":"https:\/\/csp.ch\/vaud\/#website"},"primaryImageOfPage":{"@id":"https:\/\/csp.ch\/vaud\/victoires-du-csp-vaud\/#primaryimage"},"image":{"@id":"https:\/\/csp.ch\/vaud\/victoires-du-csp-vaud\/#primaryimage"},"thumbnailUrl":"https:\/\/csp.ch\/wp-content\/uploads\/sites\/4\/2019\/03\/multi-victoire-2.jpg","datePublished":"2018-09-20T05:50:32+00:00","dateModified":"2025-04-02T06:41:58+00:00","breadcrumb":{"@id":"https:\/\/csp.ch\/vaud\/victoires-du-csp-vaud\/#breadcrumb"},"inLanguage":"fr-FR","potentialAction":[{"@type":"ReadAction","target":["https:\/\/csp.ch\/vaud\/victoires-du-csp-vaud\/"]}]},{"@type":"ImageObject","inLanguage":"fr-FR","@id":"https:\/\/csp.ch\/vaud\/victoires-du-csp-vaud\/#primaryimage","url":"https:\/\/csp.ch\/wp-content\/uploads\/sites\/4\/2019\/03\/multi-victoire-2.jpg","contentUrl":"https:\/\/csp.ch\/wp-content\/uploads\/sites\/4\/2019\/03\/multi-victoire-2.jpg","width":2056,"height":917},{"@type":"BreadcrumbList","@id":"https:\/\/csp.ch\/vaud\/victoires-du-csp-vaud\/#breadcrumb","itemListElement":[{"@type":"ListItem","position":1,"name":"Accueil","item":"https:\/\/csp.ch\/vaud\/"},{"@type":"ListItem","position":2,"name":"Victoires"}]},{"@type":"WebSite","@id":"https:\/\/csp.ch\/vaud\/#website","url":"https:\/\/csp.ch\/vaud\/","name":"https:\/\/csp.ch\/vaud\/","description":"","publisher":{"@id":"https:\/\/csp.ch\/vaud\/#organization"},"potentialAction":[{"@type":"SearchAction","target":{"@type":"EntryPoint","urlTemplate":"https:\/\/csp.ch\/vaud\/?s={search_term_string}"},"query-input":{"@type":"PropertyValueSpecification","valueRequired":true,"valueName":"search_term_string"}}],"inLanguage":"fr-FR"},{"@type":"Organization","@id":"https:\/\/csp.ch\/vaud\/#organization","name":"https:\/\/csp.ch\/vaud\/","url":"https:\/\/csp.ch\/vaud\/","logo":{"@type":"ImageObject","inLanguage":"fr-FR","@id":"https:\/\/csp.ch\/vaud\/#\/schema\/logo\/image\/","url":"https:\/\/csp.ch\/wp-content\/uploads\/sites\/4\/2022\/11\/Logo-CSP-VD-RVB.OK_.jpg","contentUrl":"https:\/\/csp.ch\/wp-content\/uploads\/sites\/4\/2022\/11\/Logo-CSP-VD-RVB.OK_.jpg","width":600,"height":306,"caption":"https:\/\/csp.ch\/vaud\/"},"image":{"@id":"https:\/\/csp.ch\/vaud\/#\/schema\/logo\/image\/"},"sameAs":["https:\/\/www.facebook.com\/CSPSuisse","https:\/\/www.linkedin.com\/company\/csp-vaud\/mycompany"]}]}},"_links":{"self":[{"href":"https:\/\/csp.ch\/vaud\/wp-json\/wp\/v2\/pages\/2280","targetHints":{"allow":["GET"]}}],"collection":[{"href":"https:\/\/csp.ch\/vaud\/wp-json\/wp\/v2\/pages"}],"about":[{"href":"https:\/\/csp.ch\/vaud\/wp-json\/wp\/v2\/types\/page"}],"author":[{"embeddable":true,"href":"https:\/\/csp.ch\/vaud\/wp-json\/wp\/v2\/users\/2"}],"replies":[{"embeddable":true,"href":"https:\/\/csp.ch\/vaud\/wp-json\/wp\/v2\/comments?post=2280"}],"version-history":[{"count":3,"href":"https:\/\/csp.ch\/vaud\/wp-json\/wp\/v2\/pages\/2280\/revisions"}],"predecessor-version":[{"id":24777,"href":"https:\/\/csp.ch\/vaud\/wp-json\/wp\/v2\/pages\/2280\/revisions\/24777"}],"wp:featuredmedia":[{"embeddable":true,"href":"https:\/\/csp.ch\/vaud\/wp-json\/wp\/v2\/media\/3326"}],"wp:attachment":[{"href":"https:\/\/csp.ch\/vaud\/wp-json\/wp\/v2\/media?parent=2280"}],"curies":[{"name":"wp","href":"https:\/\/api.w.org\/{rel}","templated":true}]}}