{"id":151,"date":"2015-08-27T08:39:51","date_gmt":"2015-08-27T07:39:51","guid":{"rendered":"https:\/\/csp.ch\/vd\/?page_id=151"},"modified":"2024-06-18T16:30:27","modified_gmt":"2024-06-18T14:30:27","slug":"bonnes-affaires","status":"publish","type":"page","link":"https:\/\/csp.ch\/vaud\/galetas-et-boutiques\/bonnes-affaires\/","title":{"rendered":"Bonnes <strong>affaires<\/strong>"},"content":{"rendered":"<div class=\"wpb-content-wrapper\"><p>[vc_row][vc_column][vc_column_text]Les responsables des <a href=\"https:\/\/csp.ch\/vaud\/galetas-et-boutiques\/\" target=\"_blank\" rel=\"noopener noreferrer\">Galetas du CSP Vaud<\/a> d\u00e9nichent pour vous des objets d&rsquo;exception parmi les dons qui leur sont faits.<\/p>\n<p>Si un objet vous int\u00e9resse, cliquez sur \u00ab R\u00e9servez cet article \u00bb pour voir le descriptif de l&rsquo;objet et pour contacter le Galetas qui d\u00e9tient cette perle rare.<\/p>\n<p>Cas \u00e9ch\u00e9ant, cliquez sur la photo pour voir l&rsquo;objet en entier ![\/vc_column_text][vc_separator][\/vc_column][\/vc_row]<\/p>\n<\/div>","protected":false},"excerpt":{"rendered":"<p>[vc_row][vc_column][vc_column_text]Les responsables des Galetas du CSP Vaud d\u00e9nichent pour vous des objets d&rsquo;exception parmi les dons qui leur sont faits. Si un objet vous int\u00e9resse, cliquez sur \u00ab R\u00e9servez cet article \u00bb pour voir le descriptif de l&rsquo;objet et pour contacter le Galetas qui d\u00e9tient cette perle rare. Cas \u00e9ch\u00e9ant, cliquez sur la photo pour [&hellip;]<\/p>\n","protected":false},"author":1,"featured_media":635,"parent":147,"menu_order":0,"comment_status":"closed","ping_status":"closed","template":"archive-deals.php","meta":{"_acf_changed":false,"footnotes":""},"class_list":["post-151","page","type-page","status-publish","has-post-thumbnail","hentry"],"acf":[],"yoast_head":"<!-- This site is optimized with the Yoast SEO plugin v27.1.1 - https:\/\/yoast.com\/product\/yoast-seo-wordpress\/ -->\n<title>Bonnes affaires du Galetas et des boutiques - CSP Vaud<\/title>\n<meta name=\"description\" content=\"D\u00e9couvrez les bonnes affaires des Galetas du CSP Vaud parmi les derni\u00e8res trouvailles de nos brocantes et boutiques de second main.\" \/>\n<meta name=\"robots\" content=\"index, follow, max-snippet:-1, max-image-preview:large, max-video-preview:-1\" \/>\n<link rel=\"canonical\" href=\"https:\/\/csp.ch\/vaud\/galetas-et-boutiques\/bonnes-affaires\/\" \/>\n<meta property=\"og:locale\" content=\"fr_FR\" \/>\n<meta property=\"og:type\" content=\"article\" \/>\n<meta property=\"og:title\" content=\"Bonnes affaires du Galetas et des boutiques - CSP Vaud\" \/>\n<meta property=\"og:description\" content=\"D\u00e9couvrez les bonnes affaires des Galetas du CSP Vaud parmi les derni\u00e8res trouvailles de nos brocantes et boutiques de second main.\" \/>\n<meta property=\"og:url\" content=\"https:\/\/csp.ch\/vaud\/galetas-et-boutiques\/bonnes-affaires\/\" \/>\n<meta property=\"og:site_name\" content=\"CSP Vaud\" \/>\n<meta property=\"article:publisher\" content=\"https:\/\/www.facebook.com\/CSPSuisse\" \/>\n<meta property=\"article:modified_time\" content=\"2024-06-18T14:30:27+00:00\" \/>\n<meta property=\"og:image\" content=\"https:\/\/csp.ch\/wp-content\/uploads\/sites\/4\/2015\/08\/20150915\u00a9CSP-NE_RebeccaBowring3647-scaled.jpg\" \/>\n\t<meta property=\"og:image:width\" content=\"1706\" \/>\n\t<meta property=\"og:image:height\" content=\"2560\" \/>\n\t<meta property=\"og:image:type\" content=\"image\/jpeg\" \/>\n<meta name=\"twitter:card\" content=\"summary_large_image\" \/>\n<meta name=\"twitter:label1\" content=\"Dur\u00e9e de lecture estim\u00e9e\" \/>\n\t<meta name=\"twitter:data1\" content=\"1 minute\" \/>\n<script type=\"application\/ld+json\" class=\"yoast-schema-graph\">{\"@context\":\"https:\/\/schema.org\",\"@graph\":[{\"@type\":\"WebPage\",\"@id\":\"https:\/\/csp.ch\/vaud\/galetas-et-boutiques\/bonnes-affaires\/\",\"url\":\"https:\/\/csp.ch\/vaud\/galetas-et-boutiques\/bonnes-affaires\/\",\"name\":\"Bonnes affaires du Galetas et des boutiques - CSP Vaud\",\"isPartOf\":{\"@id\":\"https:\/\/csp.ch\/vaud\/#website\"},\"primaryImageOfPage\":{\"@id\":\"https:\/\/csp.ch\/vaud\/galetas-et-boutiques\/bonnes-affaires\/#primaryimage\"},\"image\":{\"@id\":\"https:\/\/csp.ch\/vaud\/galetas-et-boutiques\/bonnes-affaires\/#primaryimage\"},\"thumbnailUrl\":\"https:\/\/csp.ch\/wp-content\/uploads\/sites\/4\/2015\/08\/20150915\u00a9CSP-NE_RebeccaBowring3647-scaled.jpg\",\"datePublished\":\"2015-08-27T07:39:51+00:00\",\"dateModified\":\"2024-06-18T14:30:27+00:00\",\"description\":\"D\u00e9couvrez les bonnes affaires des Galetas du CSP Vaud parmi les derni\u00e8res trouvailles de nos brocantes et boutiques de second main.\",\"breadcrumb\":{\"@id\":\"https:\/\/csp.ch\/vaud\/galetas-et-boutiques\/bonnes-affaires\/#breadcrumb\"},\"inLanguage\":\"fr-FR\",\"potentialAction\":[{\"@type\":\"ReadAction\",\"target\":[\"https:\/\/csp.ch\/vaud\/galetas-et-boutiques\/bonnes-affaires\/\"]}]},{\"@type\":\"ImageObject\",\"inLanguage\":\"fr-FR\",\"@id\":\"https:\/\/csp.ch\/vaud\/galetas-et-boutiques\/bonnes-affaires\/#primaryimage\",\"url\":\"https:\/\/csp.ch\/wp-content\/uploads\/sites\/4\/2015\/08\/20150915\u00a9CSP-NE_RebeccaBowring3647-scaled.jpg\",\"contentUrl\":\"https:\/\/csp.ch\/wp-content\/uploads\/sites\/4\/2015\/08\/20150915\u00a9CSP-NE_RebeccaBowring3647-scaled.jpg\",\"width\":1706,\"height\":2560},{\"@type\":\"BreadcrumbList\",\"@id\":\"https:\/\/csp.ch\/vaud\/galetas-et-boutiques\/bonnes-affaires\/#breadcrumb\",\"itemListElement\":[{\"@type\":\"ListItem\",\"position\":1,\"name\":\"Accueil\",\"item\":\"https:\/\/csp.ch\/vaud\/\"},{\"@type\":\"ListItem\",\"position\":2,\"name\":\"Les Galetas du CSP Vaud\",\"item\":\"https:\/\/csp.ch\/vaud\/galetas-et-boutiques\/\"},{\"@type\":\"ListItem\",\"position\":3,\"name\":\"Bonnes affaires\"}]},{\"@type\":\"WebSite\",\"@id\":\"https:\/\/csp.ch\/vaud\/#website\",\"url\":\"https:\/\/csp.ch\/vaud\/\",\"name\":\"https:\/\/csp.ch\/vaud\/\",\"description\":\"\",\"publisher\":{\"@id\":\"https:\/\/csp.ch\/vaud\/#organization\"},\"potentialAction\":[{\"@type\":\"SearchAction\",\"target\":{\"@type\":\"EntryPoint\",\"urlTemplate\":\"https:\/\/csp.ch\/vaud\/?s={search_term_string}\"},\"query-input\":{\"@type\":\"PropertyValueSpecification\",\"valueRequired\":true,\"valueName\":\"search_term_string\"}}],\"inLanguage\":\"fr-FR\"},{\"@type\":\"Organization\",\"@id\":\"https:\/\/csp.ch\/vaud\/#organization\",\"name\":\"https:\/\/csp.ch\/vaud\/\",\"url\":\"https:\/\/csp.ch\/vaud\/\",\"logo\":{\"@type\":\"ImageObject\",\"inLanguage\":\"fr-FR\",\"@id\":\"https:\/\/csp.ch\/vaud\/#\/schema\/logo\/image\/\",\"url\":\"https:\/\/csp.ch\/wp-content\/uploads\/sites\/4\/2022\/11\/Logo-CSP-VD-RVB.OK_.jpg\",\"contentUrl\":\"https:\/\/csp.ch\/wp-content\/uploads\/sites\/4\/2022\/11\/Logo-CSP-VD-RVB.OK_.jpg\",\"width\":600,\"height\":306,\"caption\":\"https:\/\/csp.ch\/vaud\/\"},\"image\":{\"@id\":\"https:\/\/csp.ch\/vaud\/#\/schema\/logo\/image\/\"},\"sameAs\":[\"https:\/\/www.facebook.com\/CSPSuisse\",\"https:\/\/www.linkedin.com\/company\/csp-vaud\/mycompany\"]}]}<\/script>\n<!-- \/ Yoast SEO plugin. -->","yoast_head_json":{"title":"Bonnes affaires du Galetas et des boutiques - CSP Vaud","description":"D\u00e9couvrez les bonnes affaires des Galetas du CSP Vaud parmi les derni\u00e8res trouvailles de nos brocantes et boutiques de second main.","robots":{"index":"index","follow":"follow","max-snippet":"max-snippet:-1","max-image-preview":"max-image-preview:large","max-video-preview":"max-video-preview:-1"},"canonical":"https:\/\/csp.ch\/vaud\/galetas-et-boutiques\/bonnes-affaires\/","og_locale":"fr_FR","og_type":"article","og_title":"Bonnes affaires du Galetas et des boutiques - CSP Vaud","og_description":"D\u00e9couvrez les bonnes affaires des Galetas du CSP Vaud parmi les derni\u00e8res trouvailles de nos brocantes et boutiques de second main.","og_url":"https:\/\/csp.ch\/vaud\/galetas-et-boutiques\/bonnes-affaires\/","og_site_name":"CSP Vaud","article_publisher":"https:\/\/www.facebook.com\/CSPSuisse","article_modified_time":"2024-06-18T14:30:27+00:00","og_image":[{"width":1706,"height":2560,"url":"https:\/\/csp.ch\/wp-content\/uploads\/sites\/4\/2015\/08\/20150915\u00a9CSP-NE_RebeccaBowring3647-scaled.jpg","type":"image\/jpeg"}],"twitter_card":"summary_large_image","twitter_misc":{"Dur\u00e9e de lecture estim\u00e9e":"1 minute"},"schema":{"@context":"https:\/\/schema.org","@graph":[{"@type":"WebPage","@id":"https:\/\/csp.ch\/vaud\/galetas-et-boutiques\/bonnes-affaires\/","url":"https:\/\/csp.ch\/vaud\/galetas-et-boutiques\/bonnes-affaires\/","name":"Bonnes affaires du Galetas et des boutiques - CSP Vaud","isPartOf":{"@id":"https:\/\/csp.ch\/vaud\/#website"},"primaryImageOfPage":{"@id":"https:\/\/csp.ch\/vaud\/galetas-et-boutiques\/bonnes-affaires\/#primaryimage"},"image":{"@id":"https:\/\/csp.ch\/vaud\/galetas-et-boutiques\/bonnes-affaires\/#primaryimage"},"thumbnailUrl":"https:\/\/csp.ch\/wp-content\/uploads\/sites\/4\/2015\/08\/20150915\u00a9CSP-NE_RebeccaBowring3647-scaled.jpg","datePublished":"2015-08-27T07:39:51+00:00","dateModified":"2024-06-18T14:30:27+00:00","description":"D\u00e9couvrez les bonnes affaires des Galetas du CSP Vaud parmi les derni\u00e8res trouvailles de nos brocantes et boutiques de second main.","breadcrumb":{"@id":"https:\/\/csp.ch\/vaud\/galetas-et-boutiques\/bonnes-affaires\/#breadcrumb"},"inLanguage":"fr-FR","potentialAction":[{"@type":"ReadAction","target":["https:\/\/csp.ch\/vaud\/galetas-et-boutiques\/bonnes-affaires\/"]}]},{"@type":"ImageObject","inLanguage":"fr-FR","@id":"https:\/\/csp.ch\/vaud\/galetas-et-boutiques\/bonnes-affaires\/#primaryimage","url":"https:\/\/csp.ch\/wp-content\/uploads\/sites\/4\/2015\/08\/20150915\u00a9CSP-NE_RebeccaBowring3647-scaled.jpg","contentUrl":"https:\/\/csp.ch\/wp-content\/uploads\/sites\/4\/2015\/08\/20150915\u00a9CSP-NE_RebeccaBowring3647-scaled.jpg","width":1706,"height":2560},{"@type":"BreadcrumbList","@id":"https:\/\/csp.ch\/vaud\/galetas-et-boutiques\/bonnes-affaires\/#breadcrumb","itemListElement":[{"@type":"ListItem","position":1,"name":"Accueil","item":"https:\/\/csp.ch\/vaud\/"},{"@type":"ListItem","position":2,"name":"Les Galetas du CSP Vaud","item":"https:\/\/csp.ch\/vaud\/galetas-et-boutiques\/"},{"@type":"ListItem","position":3,"name":"Bonnes affaires"}]},{"@type":"WebSite","@id":"https:\/\/csp.ch\/vaud\/#website","url":"https:\/\/csp.ch\/vaud\/","name":"https:\/\/csp.ch\/vaud\/","description":"","publisher":{"@id":"https:\/\/csp.ch\/vaud\/#organization"},"potentialAction":[{"@type":"SearchAction","target":{"@type":"EntryPoint","urlTemplate":"https:\/\/csp.ch\/vaud\/?s={search_term_string}"},"query-input":{"@type":"PropertyValueSpecification","valueRequired":true,"valueName":"search_term_string"}}],"inLanguage":"fr-FR"},{"@type":"Organization","@id":"https:\/\/csp.ch\/vaud\/#organization","name":"https:\/\/csp.ch\/vaud\/","url":"https:\/\/csp.ch\/vaud\/","logo":{"@type":"ImageObject","inLanguage":"fr-FR","@id":"https:\/\/csp.ch\/vaud\/#\/schema\/logo\/image\/","url":"https:\/\/csp.ch\/wp-content\/uploads\/sites\/4\/2022\/11\/Logo-CSP-VD-RVB.OK_.jpg","contentUrl":"https:\/\/csp.ch\/wp-content\/uploads\/sites\/4\/2022\/11\/Logo-CSP-VD-RVB.OK_.jpg","width":600,"height":306,"caption":"https:\/\/csp.ch\/vaud\/"},"image":{"@id":"https:\/\/csp.ch\/vaud\/#\/schema\/logo\/image\/"},"sameAs":["https:\/\/www.facebook.com\/CSPSuisse","https:\/\/www.linkedin.com\/company\/csp-vaud\/mycompany"]}]}},"_links":{"self":[{"href":"https:\/\/csp.ch\/vaud\/wp-json\/wp\/v2\/pages\/151","targetHints":{"allow":["GET"]}}],"collection":[{"href":"https:\/\/csp.ch\/vaud\/wp-json\/wp\/v2\/pages"}],"about":[{"href":"https:\/\/csp.ch\/vaud\/wp-json\/wp\/v2\/types\/page"}],"author":[{"embeddable":true,"href":"https:\/\/csp.ch\/vaud\/wp-json\/wp\/v2\/users\/1"}],"replies":[{"embeddable":true,"href":"https:\/\/csp.ch\/vaud\/wp-json\/wp\/v2\/comments?post=151"}],"version-history":[{"count":4,"href":"https:\/\/csp.ch\/vaud\/wp-json\/wp\/v2\/pages\/151\/revisions"}],"predecessor-version":[{"id":22216,"href":"https:\/\/csp.ch\/vaud\/wp-json\/wp\/v2\/pages\/151\/revisions\/22216"}],"up":[{"embeddable":true,"href":"https:\/\/csp.ch\/vaud\/wp-json\/wp\/v2\/pages\/147"}],"wp:featuredmedia":[{"embeddable":true,"href":"https:\/\/csp.ch\/vaud\/wp-json\/wp\/v2\/media\/635"}],"wp:attachment":[{"href":"https:\/\/csp.ch\/vaud\/wp-json\/wp\/v2\/media?parent=151"}],"curies":[{"name":"wp","href":"https:\/\/api.w.org\/{rel}","templated":true}]}}