{"id":147,"date":"2015-08-27T08:37:30","date_gmt":"2015-08-27T07:37:30","guid":{"rendered":"https:\/\/csp.ch\/vd\/?page_id=147"},"modified":"2026-03-23T16:13:40","modified_gmt":"2026-03-23T15:13:40","slug":"galetas-et-boutiques","status":"publish","type":"page","link":"https:\/\/csp.ch\/vaud\/galetas-et-boutiques\/","title":{"rendered":"<strong>Les Galetas<\/strong> du <strong>CSP Vaud<\/strong>"},"content":{"rendered":"<div class=\"wpb-content-wrapper\"><p>[vc_row][vc_column][vc_column_text css=\u00a0\u00bb\u00a0\u00bb]<\/p>\n<div class=\"entry-content\">\n<p class=\"p1\"><strong>Les objectifs des Galetas du CSP Vaud :<\/strong><\/p>\n<p>&nbsp;<\/p>\n<\/div>\n<ul>\n<li>mettre \u00e0 disposition du public des objets de seconde main en bon \u00e9tat et \u00e0 prix mod\u00e9r\u00e9s<\/li>\n<li>g\u00e9n\u00e9rer du b\u00e9n\u00e9fice afin de contribuer au financement de nos prestations sociales<\/li>\n<li>participer au d\u00e9veloppement durable en prolongeant la vie d\u2019objets encore utiles.<\/li>\n<\/ul>\n<p>[\/vc_column_text][\/vc_column][\/vc_row][vc_row][vc_column width=\u00a0\u00bb1\/2&Prime;][vc_tta_accordion active_section=\u00a0\u00bb\u00a0\u00bb collapsible_all=\u00a0\u00bbtrue\u00a0\u00bb title=\u00a0\u00bbBl\u00e9cherette\u00a0\u00bb][vc_tta_section title=\u00a0\u00bbContact\u00a0\u00bb tab_id=\u00a0\u00bb1548330833587-17168582-3736&Prime;][vc_column_text]Responsable : Olivier Gretler<\/p>\n<p>5, ch. de la Tuili\u00e8re<br \/>\n1052 Le Mont-sur-Lausanne<\/p>\n<p><a href=\"tel:0216465262\">021 646 52 62<\/a><br \/>\n<a href=\"&#x6d;a&#x69;&#108;&#x74;&#111;&#x3a;&#x67;a&#x6c;&#101;&#x74;&#97;&#x73;&#98;l&#x65;&#99;&#x68;&#101;&#x72;&#101;t&#x74;&#101;&#x40;&#99;&#x73;&#112;-&#x76;d&#x2e;&#99;&#x68;\">&#103;&#x61;&#108;&#x65;&#116;&#x61;s&#x62;l&#101;&#x63;&#104;&#x65;&#114;&#x65;t&#x74;e&#64;&#x63;&#115;&#x70;&#45;&#x76;&#100;&#x2e;c&#x68;<\/a>[\/vc_column_text][\/vc_tta_section][vc_tta_section title=\u00a0\u00bbHoraires\u00a0\u00bb tab_id=\u00a0\u00bb1548330150610-bf11ff96-9616&Prime;][vc_column_text css=\u00a0\u00bb\u00a0\u00bb] <span style=\"color: #ff0000\"><strong>Le Galetas de la Bl\u00e9cherette sera ferm\u00e9 le 3, 4 et 6 avril pour P\u00e2ques.<\/strong><\/span><\/p>\n<ul>\n<li>Lundi : 13h &#8211; 17h30<\/li>\n<li>Mardi : 13h 17h30<\/li>\n<li>Mercredi : 13h &#8211; 17h30<\/li>\n<li>Jeudi : 13h &#8211; 17h30<\/li>\n<li>Vendredi : 13h &#8211; 17h30<\/li>\n<li>Samedi : 9h &#8211; 17h<\/li>\n<\/ul>\n<p>[\/vc_column_text][\/vc_tta_section][vc_tta_section title=\u00a0\u00bbObjets en vente\u00a0\u00bb tab_id=\u00a0\u00bb1548330150591-c67a4c03-dca7&Prime;][vc_column_text]Meubles, v\u00eatements, vaisselle, tableaux, livres, disques, dvd, \u00e9lectrom\u00e9nager, tapis, mat\u00e9riel de sports, jouets et jeux, bijoux et objets pr\u00e9cieux, etc.[\/vc_column_text][\/vc_tta_section][vc_tta_section title=\u00a0\u00bbDevenir b\u00e9n\u00e9vole\u00a0\u00bb tab_id=\u00a0\u00bb1639653264937-03831135-d818&Prime;][vc_column_text]Si vous souhaitez devenir b\u00e9n\u00e9vole dans notre magasin, le plus simple est d&rsquo;appeler le responsable (voir Contact) pour venir faire un essai.<\/p>\n<p>Merci de votre int\u00e9r\u00eat et \u00e0 bient\u00f4t ![\/vc_column_text][\/vc_tta_section][\/vc_tta_accordion][vc_tta_accordion active_section=\u00a0\u00bb\u00a0\u00bb collapsible_all=\u00a0\u00bbtrue\u00a0\u00bb title=\u00a0\u00bbMorges\u00a0\u00bb][vc_tta_section title=\u00a0\u00bbContact\u00a0\u00bb tab_id=\u00a0\u00bb1548927668167-d9ab7aca-9a38&Prime;][vc_column_text]Responsable: Olivier\u00a0Gretler<\/p>\n<p>4 bis, rue de Lausanne<br \/>\n1110 Morges<\/p>\n<p><a href=\"tel:0218015141\">021 801 51 41<\/a>[\/vc_column_text][\/vc_tta_section][vc_tta_section title=\u00a0\u00bbHoraires\u00a0\u00bb tab_id=\u00a0\u00bb1548927668215-f782d625-08d7&Prime;][vc_column_text css=\u00a0\u00bb\u00a0\u00bb] <span style=\"color: #ff0000\"><strong>Le Galetas de Morges sera ferm\u00e9 le 3, 4 et 6 avril pour P\u00e2ques.<\/strong><\/span><\/p>\n<p>lundi ferm\u00e9<\/p>\n<p>mardi\u00a0:<span style=\"color: #000000\"> 9h \u00e0 11h<\/span> \u00a0\/ 14h30 \u00e0 17h30<\/p>\n<p>mercredi\u00a0: 10h \u00e0 12h \/ 14h30 \u00e0 17h30<\/p>\n<p>jeudi et vendredi\u00a0:<span style=\"color: #000000\"> 10h<\/span> \u00e0 17h30<\/p>\n<p><span style=\"color: #000000\">samedi\u00a0: 10h \u00e0 15h<\/span>[\/vc_column_text][\/vc_tta_section][vc_tta_section title=\u00a0\u00bbObjets en vente\u00a0\u00bb tab_id=\u00a0\u00bb1548927668264-4cc450cc-b566&Prime;][vc_column_text]V\u00eatements, bibelots, vaisselle, livres, etc.[\/vc_column_text][\/vc_tta_section][vc_tta_section title=\u00a0\u00bbDevenir b\u00e9n\u00e9vole\u00a0\u00bb tab_id=\u00a0\u00bb1639653337063-fe485460-ce41&Prime;][vc_column_text]Si vous souhaitez devenir b\u00e9n\u00e9vole dans notre magasin, le plus simple est d&rsquo;appeler le responsable (voir Contact) pour venir faire un essai.<\/p>\n<p>Merci de votre int\u00e9r\u00eat et \u00e0 bient\u00f4t ![\/vc_column_text][\/vc_tta_section][\/vc_tta_accordion][vc_tta_accordion active_section=\u00a0\u00bb\u00a0\u00bb collapsible_all=\u00a0\u00bbtrue\u00a0\u00bb title=\u00a0\u00bbPayerne\u00a0\u00bb][vc_tta_section title=\u00a0\u00bbContact\u00a0\u00bb tab_id=\u00a0\u00bb1548330424520-b1dc4fc3-1bac\u00a0\u00bb][vc_column_text]Responsable : Eric Schaffter<\/p>\n<p>10, rue des Terreaux<br \/>\n1530 Payerne<\/p>\n<p><a href=\"tel:0266606010\">026 660 60 10<\/a><br \/>\n<a href=\"&#x6d;a&#x69;l&#x74;&#111;&#x3a;&#103;a&#x6c;e&#x74;&#97;&#x73;&#98;&#x72;&#111;y&#x65;&#64;&#x63;&#115;&#x70;&#45;&#x76;&#x64;&#46;&#x63;h\">&#x67;&#x61;&#108;&#101;ta&#x73;&#x62;&#x72;&#111;ye&#x40;&#x63;&#x73;&#112;&#45;v&#x64;&#x2e;&#x63;&#104;<\/a>[\/vc_column_text][\/vc_tta_section][vc_tta_section title=\u00a0\u00bbHoraires\u00a0\u00bb tab_id=\u00a0\u00bb1548330420718-af1db278-6576&Prime;][vc_column_text css=\u00a0\u00bb\u00a0\u00bb] <span style=\"color: #ff0000\"><strong>Le Galetas de Payerne sera ferm\u00e9 le 3, 4 et 6 avril pour P\u00e2ques.<\/strong><\/span><\/p>\n<p class=\"p1\">lundi : 13h30-17h30<\/p>\n<p class=\"p1\">de mardi \u00e0 vendredi : 10h00-12h00 puis 13h15-17h30<\/p>\n<p class=\"p1\">samedi 9h00-12h00<\/p>\n<p>[\/vc_column_text][\/vc_tta_section][vc_tta_section title=\u00a0\u00bbObjets en vente\u00a0\u00bb tab_id=\u00a0\u00bb1548330417186-7d4c89a7-5370&Prime;][vc_column_text]Meubles, v\u00eatements, vaisselle, tableaux, livres, disques, dvd, \u00e9lectrom\u00e9nager, tapis, mat\u00e9riel de sports, jouets et jeux, bijoux et objets pr\u00e9cieux, etc.[\/vc_column_text][\/vc_tta_section][vc_tta_section title=\u00a0\u00bbDevenir b\u00e9n\u00e9vole\u00a0\u00bb tab_id=\u00a0\u00bb1639653363940-92e551ad-f38c\u00a0\u00bb][vc_column_text]Si vous souhaitez devenir b\u00e9n\u00e9vole dans notre magasin, le plus simple est d&rsquo;appeler le responsable (voir Contact) pour venir faire un essai.<\/p>\n<p>Merci de votre int\u00e9r\u00eat et \u00e0 bient\u00f4t ![\/vc_column_text][\/vc_tta_section][\/vc_tta_accordion][\/vc_column][vc_column width=\u00a0\u00bb1\/2&Prime;][vc_tta_accordion active_section=\u00a0\u00bb\u00a0\u00bb collapsible_all=\u00a0\u00bbtrue\u00a0\u00bb title=\u00a0\u00bbMontreux\u00a0\u00bb][vc_tta_section title=\u00a0\u00bbContact\u00a0\u00bb tab_id=\u00a0\u00bb1548330324681-936b6e39-3d1b\u00a0\u00bb][vc_column_text]Responsable : Olivier Walter<\/p>\n<p>19, rue du March\u00e9<br \/>\n1820 Montreux<\/p>\n<p><a href=\"tel:0219633355\">021 963 33 55<\/a><br \/>\n<a href=\"&#109;&#x61;&#105;&#x6c;t&#x6f;:&#103;&#x61;&#108;&#x65;t&#x61;s&#114;&#x69;&#118;&#x69;e&#x72;a&#64;&#x63;&#115;&#x70;-&#x76;d&#46;&#x63;&#104;\">&#103;&#x61;&#x6c;&#101;&#x74;&#x61;s&#x72;&#x69;v&#105;&#x65;r&#97;&#x40;c&#115;&#x70;-&#118;&#x64;&#46;&#99;&#x68;<\/a>[\/vc_column_text][\/vc_tta_section][vc_tta_section title=\u00a0\u00bbHoraires\u00a0\u00bb tab_id=\u00a0\u00bb1548330164397-bee3e35a-dd58&Prime;][vc_column_text css=\u00a0\u00bb\u00a0\u00bb] <span style=\"color: #ff0000\"><strong>Le Galetas de Montreux sera ferm\u00e9 le 3, 4 et 6 avril pour P\u00e2ques.<\/strong><\/span><\/p>\n<p>Lundi &#8211; mardi : ferm\u00e9<\/p>\n<p>Mercredi &#8211; vendredi : 14h00 &#8211; 18h00<\/p>\n<p>Samedi : 10h \u00e0 15h[\/vc_column_text][\/vc_tta_section][vc_tta_section title=\u00a0\u00bbObjets en vente\u00a0\u00bb tab_id=\u00a0\u00bb1548330164416-00b71dc2-91e8&Prime;][vc_column_text css=\u00a0\u00bb\u00a0\u00bb]Meubles, v\u00eatements, vaisselle, tableaux, livres, disques, dvd, \u00e9lectro-m\u00e9nager, tapis, mat\u00e9riel de sport, jouets et jeux, bijoux et objets pr\u00e9cieux, etc.[\/vc_column_text][\/vc_tta_section][vc_tta_section title=\u00a0\u00bbDevenir b\u00e9n\u00e9vole\u00a0\u00bb tab_id=\u00a0\u00bb1639653032653-0fbd8aa3-5a18&Prime;][vc_column_text]Si vous souhaitez devenir b\u00e9n\u00e9vole dans notre magasin, le plus simple est d&rsquo;appeler le responsable (voir Contact) pour venir faire un essai.<\/p>\n<p>Merci de votre int\u00e9r\u00eat et \u00e0 bient\u00f4t ![\/vc_column_text][\/vc_tta_section][\/vc_tta_accordion][vc_tta_accordion active_section=\u00a0\u00bb\u00a0\u00bb collapsible_all=\u00a0\u00bbtrue\u00a0\u00bb title=\u00a0\u00bbPalud\u00a0\u00bb][vc_tta_section title=\u00a0\u00bbContact\u00a0\u00bb tab_id=\u00a0\u00bb1548926893816-a8adf45d-92cd\u00a0\u00bb][vc_column_text]Responsable: Olivier\u00a0Gretler<\/p>\n<p>9, Escaliers-du-March\u00e9<br \/>\n1003 Lausanne<\/p>\n<p><a href=\"tel:0213129616\">021\u00a0312 96 16<\/a>[\/vc_column_text][\/vc_tta_section][vc_tta_section title=\u00a0\u00bbHoraires\u00a0\u00bb tab_id=\u00a0\u00bb1548926893836-5aad369b-4620&Prime;][vc_column_text css=\u00a0\u00bb\u00a0\u00bb] <span style=\"color: #ff0000\"><strong>Le Galetas de la Palud sera ferm\u00e9 le 3, 4 et 6 avril pour P\u00e2ques.<\/strong><\/span><\/p>\n<p>Lundi : ferm\u00e9<\/p>\n<p>Mardi &#8211; vendredi : 10h00 &#8211; 18h30<\/p>\n<p>Samedi : 10h00 &#8211; 15h00[\/vc_column_text][\/vc_tta_section][vc_tta_section title=\u00a0\u00bbObjets en vente\u00a0\u00bb tab_id=\u00a0\u00bb1548927323397-11a25084-8510&Prime;][vc_column_text]V\u00eatements et livres[\/vc_column_text][\/vc_tta_section][vc_tta_section title=\u00a0\u00bbDevenir b\u00e9n\u00e9vole\u00a0\u00bb tab_id=\u00a0\u00bb1639653227271-4e32e377-f1aa\u00a0\u00bb][vc_column_text]Si vous souhaitez devenir b\u00e9n\u00e9vole dans notre magasin, le plus simple est d&rsquo;appeler le responsable (voir Contact) pour venir faire un essai.<\/p>\n<p>Merci de votre int\u00e9r\u00eat et \u00e0 bient\u00f4t ![\/vc_column_text][\/vc_tta_section][\/vc_tta_accordion][vc_tta_accordion active_section=\u00a0\u00bb\u00a0\u00bb collapsible_all=\u00a0\u00bbtrue\u00a0\u00bb title=\u00a0\u00bbRenens\u00a0\u00bb][vc_tta_section title=\u00a0\u00bbContact\u00a0\u00bb tab_id=\u00a0\u00bb1665501522136-863b7268-ea27&Prime;][vc_column_text]Responsable: Olivier\u00a0Gretler<\/p>\n<p class=\"p1\">10, rue Neuve<br \/>\n1020 Renens<\/p>\n<p>021 546 02 46<br \/>\n<a href=\"ma&#105;&#108;&#116;&#x6f;&#x3a;&#x67;&#x61;le&#116;&#97;&#115;&#x72;&#x65;&#x6e;&#x65;ns&#64;&#99;&#115;&#x70;&#x2d;&#x76;&#x64;&#46;c&#104;\">&#103;&#x61;&#108;&#x65;&#116;&#x61;s&#x72;e&#x6e;e&#110;&#x73;&#64;&#x63;&#115;&#x70;&#45;&#x76;d&#x2e;c&#x68;<\/a>[\/vc_column_text][\/vc_tta_section][vc_tta_section title=\u00a0\u00bbHoraires\u00a0\u00bb tab_id=\u00a0\u00bb1665501522237-4bfc60ab-c2da\u00a0\u00bb][vc_column_text css=\u00a0\u00bb\u00a0\u00bb] <span style=\"color: #ff0000\"><strong>Le Galetas de Renens sera ferm\u00e9 le 3, 4 et 6 avril pour P\u00e2ques.<\/strong><\/span><\/p>\n<p>de mardi \u00e0 vendredi : 10h-18h30<\/p>\n<p>Samedi : 10h-15h[\/vc_column_text][\/vc_tta_section][vc_tta_section title=\u00a0\u00bbObjets en vente\u00a0\u00bb tab_id=\u00a0\u00bb1665501522335-991e8449-7d23&Prime;][vc_column_text]V\u00eatements[\/vc_column_text][\/vc_tta_section][vc_tta_section title=\u00a0\u00bbDevenir b\u00e9n\u00e9vole\u00a0\u00bb tab_id=\u00a0\u00bb1665501522430-ff8008b1-ee45&Prime;][vc_column_text]Nous cherchons activement des b\u00e9n\u00e9voles pour tenir cette nouvelle boutique de v\u00eatements.<\/p>\n<p><a href=\"https:\/\/csp.ch\/vaud\/participez-a-l-aventure-de-notre-nouveau-galetas-a-renens\/\">Cliquez ici pour en savoir plus<\/a> ![\/vc_column_text][\/vc_tta_section][\/vc_tta_accordion][\/vc_column][\/vc_row][vc_row][vc_column][vc_column_text css=\u00a0\u00bb\u00a0\u00bb]<\/p>\n<h3>D\u00e9couvrez les magasins du CSP Vaud<\/h3>\n<p><iframe loading=\"lazy\"  id=\"_ytid_92190\"  width=\"800\" height=\"450\"  data-origwidth=\"800\" data-origheight=\"450\" src=\"https:\/\/www.youtube.com\/embed\/Ok32SQcnvRc?enablejsapi=1&#038;autoplay=0&#038;cc_load_policy=0&#038;cc_lang_pref=&#038;iv_load_policy=1&#038;loop=0&#038;rel=1&#038;fs=1&#038;playsinline=0&#038;autohide=2&#038;theme=dark&#038;color=red&#038;controls=1&#038;disablekb=0&#038;\" class=\"__youtube_prefs__  epyt-is-override  no-lazyload\" title=\"YouTube player\"  allow=\"fullscreen; accelerometer; autoplay; clipboard-write; encrypted-media; gyroscope; picture-in-picture; web-share\" referrerpolicy=\"strict-origin-when-cross-origin\" allowfullscreen data-no-lazy=\"1\" data-skipgform_ajax_framebjll=\"\"><\/iframe><\/p>\n<p>Et suivez-nous sur <a href=\"https:\/\/www.tiktok.com\/@lesgaletasducspvaud\">TikTok<\/a>, <a href=\"https:\/\/www.facebook.com\/Les-Galetas-du-CSP-Vaud-79034648070\/\">Facebook<\/a> et <a href=\"https:\/\/www.instagram.com\/lesgaletasducspvaud\/\">Instagram<\/a> ou abonnez-vous \u00e0 notre <a href=\"http:\/\/eepurl.com\/gmF-K1\">Newsletter<\/a> ![\/vc_column_text][vc_column_text css=\u00a0\u00bb\u00a0\u00bb]<strong>Et profitez pour en savoir plus sur :<\/strong><\/p>\n<ul>\n<li>les diff\u00e9rentes solutions pour\u00a0<a href=\"https:\/\/csp.ch\/vaud\/galetas-et-boutiques\/ramassage-a-domicile\/\">donner\u00a0des objets<\/a> dont vous n&rsquo;avez plus l&rsquo;utilit\u00e9 au CSP Vaud<\/li>\n<li>nos <a href=\"https:\/\/csp.ch\/vaud\/galetas-et-boutiques\/bonnes-affaires\/\">bonnes affaires<\/a>, des objets d&rsquo;exception d\u00e9nich\u00e9s parmi vos dons<\/li>\n<li>le pr\u00e9cieux travail de <a href=\"https:\/\/csp.ch\/vaud\/benevoles\/\">nos b\u00e9n\u00e9voles<\/a> et comment le devenir vous aussi<\/li>\n<\/ul>\n<p>[\/vc_column_text][vc_column_text]<\/p>\n<hr \/>\n<h3>Annonce : rejoignez-nous !<\/h3>\n<p class=\"p1\">Vous avez un peu de temps chaque semaine et souhaitez l&rsquo;offrir pour une bonne cause ? Les Galetas sont toujours \u00e0 la recherche des b\u00e9n\u00e9voles int\u00e9ress\u00e9\u00b7e\u00b7s \u00e0 rejoindre leurs \u00e9quipe. Adressez-vous directement au responsable du magasin dans lequel vous souhaitez donner de votre temps (voir ci-dessous, sous \u00ab\u00a0Contact\u00a0\u00bb).<\/p>\n<p><a href=\"https:\/\/csp.ch\/vaud\/benevoles\/\">En savoir plus sur le b\u00e9n\u00e9volat au CSP Vaud<\/a><\/p>\n<hr \/>\n<p>[\/vc_column_text][vc_column_text][\/vc_column_text][\/vc_column][\/vc_row]<\/p>\n<\/div>","protected":false},"excerpt":{"rendered":"<p>[vc_row][vc_column][vc_column_text css=\u00a0\u00bb\u00a0\u00bb] Les objectifs des Galetas du CSP Vaud : &nbsp; mettre \u00e0 disposition du public des objets de seconde main en bon \u00e9tat et \u00e0 prix mod\u00e9r\u00e9s g\u00e9n\u00e9rer du b\u00e9n\u00e9fice afin de contribuer au financement de nos prestations sociales participer au d\u00e9veloppement durable en prolongeant la vie d\u2019objets encore utiles. [\/vc_column_text][\/vc_column][\/vc_row][vc_row][vc_column width=\u00a0\u00bb1\/2&Prime;][vc_tta_accordion active_section=\u00a0\u00bb\u00a0\u00bb collapsible_all=\u00a0\u00bbtrue\u00a0\u00bb [&hellip;]<\/p>\n","protected":false},"author":1,"featured_media":22350,"parent":0,"menu_order":0,"comment_status":"closed","ping_status":"closed","template":"","meta":{"_acf_changed":false,"footnotes":""},"class_list":["post-147","page","type-page","status-publish","has-post-thumbnail","hentry"],"acf":[],"yoast_head":"<!-- This site is optimized with the Yoast SEO plugin v27.1.1 - https:\/\/yoast.com\/product\/yoast-seo-wordpress\/ -->\n<title>Galetas du CSP Vaud - Magasins de seconde main<\/title>\n<meta name=\"description\" content=\"Meubles, bibelots, vaisselle, v\u00eatements, \u00e9lectrom\u00e9nager, livres, jouets, bijoux... Vous trouvez presque tout dans les Galetas du CSP Vaud !\" \/>\n<meta name=\"robots\" content=\"index, follow, max-snippet:-1, max-image-preview:large, max-video-preview:-1\" \/>\n<link rel=\"canonical\" href=\"https:\/\/csp.ch\/vaud\/galetas-et-boutiques\/\" \/>\n<meta property=\"og:locale\" content=\"fr_FR\" \/>\n<meta property=\"og:type\" content=\"article\" \/>\n<meta property=\"og:title\" content=\"Galetas du CSP Vaud - Magasins de seconde main\" \/>\n<meta property=\"og:description\" content=\"Meubles, bibelots, vaisselle, v\u00eatements, \u00e9lectrom\u00e9nager, livres, jouets, bijoux... Vous trouvez presque tout dans les Galetas du CSP Vaud !\" \/>\n<meta property=\"og:url\" content=\"https:\/\/csp.ch\/vaud\/galetas-et-boutiques\/\" \/>\n<meta property=\"og:site_name\" content=\"CSP Vaud\" \/>\n<meta property=\"article:publisher\" content=\"https:\/\/www.facebook.com\/CSPSuisse\" \/>\n<meta property=\"article:modified_time\" content=\"2026-03-23T15:13:40+00:00\" \/>\n<meta property=\"og:image\" content=\"https:\/\/csp.ch\/wp-content\/uploads\/sites\/4\/2024\/07\/vetements-lin-Galetas-Blecherette-CSPVaud.jpg\" \/>\n\t<meta property=\"og:image:width\" content=\"1600\" \/>\n\t<meta property=\"og:image:height\" content=\"1200\" \/>\n\t<meta property=\"og:image:type\" content=\"image\/jpeg\" \/>\n<meta name=\"twitter:card\" content=\"summary_large_image\" \/>\n<meta name=\"twitter:label1\" content=\"Dur\u00e9e de lecture estim\u00e9e\" \/>\n\t<meta name=\"twitter:data1\" content=\"5 minutes\" \/>\n<script type=\"application\/ld+json\" class=\"yoast-schema-graph\">{\"@context\":\"https:\/\/schema.org\",\"@graph\":[{\"@type\":\"WebPage\",\"@id\":\"https:\/\/csp.ch\/vaud\/galetas-et-boutiques\/\",\"url\":\"https:\/\/csp.ch\/vaud\/galetas-et-boutiques\/\",\"name\":\"Galetas du CSP Vaud - Magasins de seconde main\",\"isPartOf\":{\"@id\":\"https:\/\/csp.ch\/vaud\/#website\"},\"primaryImageOfPage\":{\"@id\":\"https:\/\/csp.ch\/vaud\/galetas-et-boutiques\/#primaryimage\"},\"image\":{\"@id\":\"https:\/\/csp.ch\/vaud\/galetas-et-boutiques\/#primaryimage\"},\"thumbnailUrl\":\"https:\/\/csp.ch\/wp-content\/uploads\/sites\/4\/2024\/07\/vetements-lin-Galetas-Blecherette-CSPVaud.jpg\",\"datePublished\":\"2015-08-27T07:37:30+00:00\",\"dateModified\":\"2026-03-23T15:13:40+00:00\",\"description\":\"Meubles, bibelots, vaisselle, v\u00eatements, \u00e9lectrom\u00e9nager, livres, jouets, bijoux... Vous trouvez presque tout dans les Galetas du CSP Vaud !\",\"breadcrumb\":{\"@id\":\"https:\/\/csp.ch\/vaud\/galetas-et-boutiques\/#breadcrumb\"},\"inLanguage\":\"fr-FR\",\"potentialAction\":[{\"@type\":\"ReadAction\",\"target\":[\"https:\/\/csp.ch\/vaud\/galetas-et-boutiques\/\"]}]},{\"@type\":\"ImageObject\",\"inLanguage\":\"fr-FR\",\"@id\":\"https:\/\/csp.ch\/vaud\/galetas-et-boutiques\/#primaryimage\",\"url\":\"https:\/\/csp.ch\/wp-content\/uploads\/sites\/4\/2024\/07\/vetements-lin-Galetas-Blecherette-CSPVaud.jpg\",\"contentUrl\":\"https:\/\/csp.ch\/wp-content\/uploads\/sites\/4\/2024\/07\/vetements-lin-Galetas-Blecherette-CSPVaud.jpg\",\"width\":1600,\"height\":1200,\"caption\":\"V\u00eatements en lin- Galetas de La Bl\u00e9cherette - CSP Vaud\"},{\"@type\":\"BreadcrumbList\",\"@id\":\"https:\/\/csp.ch\/vaud\/galetas-et-boutiques\/#breadcrumb\",\"itemListElement\":[{\"@type\":\"ListItem\",\"position\":1,\"name\":\"Accueil\",\"item\":\"https:\/\/csp.ch\/vaud\/\"},{\"@type\":\"ListItem\",\"position\":2,\"name\":\"Les Galetas du CSP Vaud\"}]},{\"@type\":\"WebSite\",\"@id\":\"https:\/\/csp.ch\/vaud\/#website\",\"url\":\"https:\/\/csp.ch\/vaud\/\",\"name\":\"https:\/\/csp.ch\/vaud\/\",\"description\":\"\",\"publisher\":{\"@id\":\"https:\/\/csp.ch\/vaud\/#organization\"},\"potentialAction\":[{\"@type\":\"SearchAction\",\"target\":{\"@type\":\"EntryPoint\",\"urlTemplate\":\"https:\/\/csp.ch\/vaud\/?s={search_term_string}\"},\"query-input\":{\"@type\":\"PropertyValueSpecification\",\"valueRequired\":true,\"valueName\":\"search_term_string\"}}],\"inLanguage\":\"fr-FR\"},{\"@type\":\"Organization\",\"@id\":\"https:\/\/csp.ch\/vaud\/#organization\",\"name\":\"https:\/\/csp.ch\/vaud\/\",\"url\":\"https:\/\/csp.ch\/vaud\/\",\"logo\":{\"@type\":\"ImageObject\",\"inLanguage\":\"fr-FR\",\"@id\":\"https:\/\/csp.ch\/vaud\/#\/schema\/logo\/image\/\",\"url\":\"https:\/\/csp.ch\/wp-content\/uploads\/sites\/4\/2022\/11\/Logo-CSP-VD-RVB.OK_.jpg\",\"contentUrl\":\"https:\/\/csp.ch\/wp-content\/uploads\/sites\/4\/2022\/11\/Logo-CSP-VD-RVB.OK_.jpg\",\"width\":600,\"height\":306,\"caption\":\"https:\/\/csp.ch\/vaud\/\"},\"image\":{\"@id\":\"https:\/\/csp.ch\/vaud\/#\/schema\/logo\/image\/\"},\"sameAs\":[\"https:\/\/www.facebook.com\/CSPSuisse\",\"https:\/\/www.linkedin.com\/company\/csp-vaud\/mycompany\"]}]}<\/script>\n<!-- \/ Yoast SEO plugin. -->","yoast_head_json":{"title":"Galetas du CSP Vaud - Magasins de seconde main","description":"Meubles, bibelots, vaisselle, v\u00eatements, \u00e9lectrom\u00e9nager, livres, jouets, bijoux... Vous trouvez presque tout dans les Galetas du CSP Vaud !","robots":{"index":"index","follow":"follow","max-snippet":"max-snippet:-1","max-image-preview":"max-image-preview:large","max-video-preview":"max-video-preview:-1"},"canonical":"https:\/\/csp.ch\/vaud\/galetas-et-boutiques\/","og_locale":"fr_FR","og_type":"article","og_title":"Galetas du CSP Vaud - Magasins de seconde main","og_description":"Meubles, bibelots, vaisselle, v\u00eatements, \u00e9lectrom\u00e9nager, livres, jouets, bijoux... Vous trouvez presque tout dans les Galetas du CSP Vaud !","og_url":"https:\/\/csp.ch\/vaud\/galetas-et-boutiques\/","og_site_name":"CSP Vaud","article_publisher":"https:\/\/www.facebook.com\/CSPSuisse","article_modified_time":"2026-03-23T15:13:40+00:00","og_image":[{"width":1600,"height":1200,"url":"https:\/\/csp.ch\/wp-content\/uploads\/sites\/4\/2024\/07\/vetements-lin-Galetas-Blecherette-CSPVaud.jpg","type":"image\/jpeg"}],"twitter_card":"summary_large_image","twitter_misc":{"Dur\u00e9e de lecture estim\u00e9e":"5 minutes"},"schema":{"@context":"https:\/\/schema.org","@graph":[{"@type":"WebPage","@id":"https:\/\/csp.ch\/vaud\/galetas-et-boutiques\/","url":"https:\/\/csp.ch\/vaud\/galetas-et-boutiques\/","name":"Galetas du CSP Vaud - Magasins de seconde main","isPartOf":{"@id":"https:\/\/csp.ch\/vaud\/#website"},"primaryImageOfPage":{"@id":"https:\/\/csp.ch\/vaud\/galetas-et-boutiques\/#primaryimage"},"image":{"@id":"https:\/\/csp.ch\/vaud\/galetas-et-boutiques\/#primaryimage"},"thumbnailUrl":"https:\/\/csp.ch\/wp-content\/uploads\/sites\/4\/2024\/07\/vetements-lin-Galetas-Blecherette-CSPVaud.jpg","datePublished":"2015-08-27T07:37:30+00:00","dateModified":"2026-03-23T15:13:40+00:00","description":"Meubles, bibelots, vaisselle, v\u00eatements, \u00e9lectrom\u00e9nager, livres, jouets, bijoux... Vous trouvez presque tout dans les Galetas du CSP Vaud !","breadcrumb":{"@id":"https:\/\/csp.ch\/vaud\/galetas-et-boutiques\/#breadcrumb"},"inLanguage":"fr-FR","potentialAction":[{"@type":"ReadAction","target":["https:\/\/csp.ch\/vaud\/galetas-et-boutiques\/"]}]},{"@type":"ImageObject","inLanguage":"fr-FR","@id":"https:\/\/csp.ch\/vaud\/galetas-et-boutiques\/#primaryimage","url":"https:\/\/csp.ch\/wp-content\/uploads\/sites\/4\/2024\/07\/vetements-lin-Galetas-Blecherette-CSPVaud.jpg","contentUrl":"https:\/\/csp.ch\/wp-content\/uploads\/sites\/4\/2024\/07\/vetements-lin-Galetas-Blecherette-CSPVaud.jpg","width":1600,"height":1200,"caption":"V\u00eatements en lin- Galetas de La Bl\u00e9cherette - CSP Vaud"},{"@type":"BreadcrumbList","@id":"https:\/\/csp.ch\/vaud\/galetas-et-boutiques\/#breadcrumb","itemListElement":[{"@type":"ListItem","position":1,"name":"Accueil","item":"https:\/\/csp.ch\/vaud\/"},{"@type":"ListItem","position":2,"name":"Les Galetas du CSP Vaud"}]},{"@type":"WebSite","@id":"https:\/\/csp.ch\/vaud\/#website","url":"https:\/\/csp.ch\/vaud\/","name":"https:\/\/csp.ch\/vaud\/","description":"","publisher":{"@id":"https:\/\/csp.ch\/vaud\/#organization"},"potentialAction":[{"@type":"SearchAction","target":{"@type":"EntryPoint","urlTemplate":"https:\/\/csp.ch\/vaud\/?s={search_term_string}"},"query-input":{"@type":"PropertyValueSpecification","valueRequired":true,"valueName":"search_term_string"}}],"inLanguage":"fr-FR"},{"@type":"Organization","@id":"https:\/\/csp.ch\/vaud\/#organization","name":"https:\/\/csp.ch\/vaud\/","url":"https:\/\/csp.ch\/vaud\/","logo":{"@type":"ImageObject","inLanguage":"fr-FR","@id":"https:\/\/csp.ch\/vaud\/#\/schema\/logo\/image\/","url":"https:\/\/csp.ch\/wp-content\/uploads\/sites\/4\/2022\/11\/Logo-CSP-VD-RVB.OK_.jpg","contentUrl":"https:\/\/csp.ch\/wp-content\/uploads\/sites\/4\/2022\/11\/Logo-CSP-VD-RVB.OK_.jpg","width":600,"height":306,"caption":"https:\/\/csp.ch\/vaud\/"},"image":{"@id":"https:\/\/csp.ch\/vaud\/#\/schema\/logo\/image\/"},"sameAs":["https:\/\/www.facebook.com\/CSPSuisse","https:\/\/www.linkedin.com\/company\/csp-vaud\/mycompany"]}]}},"_links":{"self":[{"href":"https:\/\/csp.ch\/vaud\/wp-json\/wp\/v2\/pages\/147","targetHints":{"allow":["GET"]}}],"collection":[{"href":"https:\/\/csp.ch\/vaud\/wp-json\/wp\/v2\/pages"}],"about":[{"href":"https:\/\/csp.ch\/vaud\/wp-json\/wp\/v2\/types\/page"}],"author":[{"embeddable":true,"href":"https:\/\/csp.ch\/vaud\/wp-json\/wp\/v2\/users\/1"}],"replies":[{"embeddable":true,"href":"https:\/\/csp.ch\/vaud\/wp-json\/wp\/v2\/comments?post=147"}],"version-history":[{"count":4,"href":"https:\/\/csp.ch\/vaud\/wp-json\/wp\/v2\/pages\/147\/revisions"}],"predecessor-version":[{"id":29125,"href":"https:\/\/csp.ch\/vaud\/wp-json\/wp\/v2\/pages\/147\/revisions\/29125"}],"wp:featuredmedia":[{"embeddable":true,"href":"https:\/\/csp.ch\/vaud\/wp-json\/wp\/v2\/media\/22350"}],"wp:attachment":[{"href":"https:\/\/csp.ch\/vaud\/wp-json\/wp\/v2\/media?parent=147"}],"curies":[{"name":"wp","href":"https:\/\/api.w.org\/{rel}","templated":true}]}}