{"id":11530,"date":"2021-09-06T14:22:26","date_gmt":"2021-09-06T13:22:26","guid":{"rendered":"https:\/\/csp.ch\/vaud\/?page_id=11530"},"modified":"2025-10-20T15:41:54","modified_gmt":"2025-10-20T13:41:54","slug":"60ans-conference","status":"publish","type":"page","link":"https:\/\/csp.ch\/vaud\/60ans-conference\/","title":{"rendered":"<strong> Participation <\/strong> des <strong> publics<\/strong>, Conf\u00e9rence, 7.10.21"},"content":{"rendered":"<hr \/>\n<p><strong>Les inscriptions sont \u00e0 pr\u00e9sent ferm\u00e9es sur cette page internet. En cas de volont\u00e9 de s\u2019inscrire pour la conf\u00e9rence ou pour la partie officielle), n\u2019h\u00e9sitez pas \u00e0 nous \u00e9crire un <a href=\"&#109;&#x61;&#105;&#x6c;&#116;&#x6f;&#58;&#x36;&#48;&#x40;&#99;&#x73;p&#x2d;v&#x64;&#46;&#x63;h\">email<\/a> ou nous t\u00e9l\u00e9phoner au 021 560 60 19 ou \u00e0 venir spontan\u00e9ment (certificat Covid).<\/strong><\/p>\n<hr \/>\n<p>La grande journ\u00e9e de f\u00eate des soixante ans du CSP Vaud, le 7 octobre 2021, au Casino de Montbenon, \u00e0 Lausanne, commence par une conf\u00e9rence de<\/p>\n<blockquote><p>Mesdames Caroline Reynaud et Sophie Guerry, professeures associ\u00e9es HES-SO &#8211; Haute \u00e9cole de travail social Fribourg<\/p><\/blockquote>\n<p>En travail social, la participation des publics concern\u00e9s est de plus en plus pr\u00f4n\u00e9e et mise en \u0153uvre, que ce soit au niveau de l\u2019intervention, de la formation ou de la recherche. Elle est souvent pr\u00e9sent\u00e9e comme un moyen de s\u2019approcher d\u2019un id\u00e9al d\u00e9mocratique et de d\u00e9velopper une soci\u00e9t\u00e9 plus inclusive et \u00e9mancipatrice. En mobilisant la litt\u00e9rature sur le sujet et trois exemples de projets participatifs r\u00e9cents touchant au domaine de la pauvret\u00e9, cette conf\u00e9rence sera l\u2019occasion de discuter de ses int\u00e9r\u00eats, mais \u00e9galement de ses risques et des pr\u00e9cautions \u00e0<br \/>\nprendre pour s\u2019engager dans cette voie.<\/p>\n<p><strong>Les ateliers<\/strong><\/p>\n<h4>A. PARTICIPATION INTERVENTION<\/h4>\n<p>Quand l\u2019<a href=\"https:\/\/artias.ch\/presentation\/\">Artias<\/a> (Association romande et tessinoise des institutions d&rsquo;action sociale) sollicite des personnes concern\u00e9es par l\u2019aide sociale pour exprimer leurs besoins et pistes d\u2019am\u00e9lioration par rapport aux prestations qui les concernent: int\u00e9r\u00eats, enjeux et effets ?<\/p>\n<h4>B. PARTICIPATION FORMATION<\/h4>\n<p>Quand des personnes concern\u00e9es par l\u2019aide sociale sont engag\u00e9es par la <a href=\"https:\/\/www.hets-fr.ch\/fr\/\">Haute \u00e9cole de travail social de Fribourg<\/a> pour former des \u00e9tudiant-e-s en travail social: int\u00e9r\u00eats, enjeux et effets ?<\/p>\n<h4>C. PARTICIPATION RECHERCHE<\/h4>\n<p>Quand des personnes en situation de pauvret\u00e9 croisent leurs savoirs d\u2019exp\u00e9rience avec des savoirs scientifiques et professionnels dans un projet men\u00e9 par <a href=\"https:\/\/www.atd-quartmonde.ch\/\">ATD Quart Monde<\/a>: int\u00e9r\u00eats, enjeux et effets ?<\/p>\n<p>Les trois ateliers sont simultan\u00e9s. Merci de nous informer de votre pr\u00e9f\u00e9rence (A, B ou C) en vous inscrivant.<\/p>\n<h4 class=\"p1\">Le programme de la premi\u00e8re partie de la journ\u00e9e<\/h4>\n<p>Afin de permettre au maximum de personnes de profiter de cette occasion, <span style=\"color: #ff0000\">le certificat Covid-19 sera demand\u00e9 \u00e0 l\u2019entr\u00e9e<\/span>.<\/p>\n<p>Nous vous remercions d&rsquo;arriver \u00e0 partir de 13h, afin de pouvoir d\u00e9marrer \u00e0 l&rsquo;heure.<\/p>\n<ul>\n<li class=\"p1\">13h: Ouverture des portes et caf\u00e9-Accueil<\/li>\n<li class=\"p1\">13H55: Mot de bienvenue<\/li>\n<li class=\"p1\">14h00: Conf\u00e9rence<\/li>\n<li class=\"p1\">15h25: Ateliers<\/li>\n<li class=\"p1\">16h30: Pause<\/li>\n<li class=\"p1\">17h10: <a href=\"https:\/\/csp.ch\/vaud\/60ans-partie-officielle-de-la-journee-du-7-octobre-2021\/\">Partie officielle<\/a>, y.c. performance de la Com\u00e9die musicale improvis\u00e9e<\/li>\n<li class=\"p1\">18h15: Ap\u00e9ro<\/li>\n<\/ul>\n<p><a class=\"button\">Inscriptions closes sur le site internet! Appelez-nous!<\/a><\/p>\n<p><strong>Les inscriptions sont \u00e0 pr\u00e9sent ferm\u00e9es sur cette page internet. En cas de volont\u00e9 de s&rsquo;inscrire pour la conf\u00e9rence ou pour la partie officielle (il reste encore 10 places), n&rsquo;h\u00e9sitez pas \u00e0 nous \u00e9crire un <a href=\"&#109;a&#x69;l&#x74;o&#x3a;&#54;&#x30;&#64;&#x63;&#115;p&#x2d;v&#x64;&#46;&#x63;&#104;\">email<\/a> ou nous t\u00e9l\u00e9phoner au 021 560 60 19.<\/strong><\/p>\n<p><a href=\"https:\/\/csp.ch\/wp-content\/uploads\/sites\/4\/2021\/08\/CSP-VD-60ANS-DEPLIANT-6-volets.pdf\">D\u00e9pliant g\u00e9n\u00e9ral des 60 ans du CSP Vaud<\/a><\/p>\n","protected":false},"excerpt":{"rendered":"<p>Les inscriptions sont \u00e0 pr\u00e9sent ferm\u00e9es sur cette page internet. En cas de volont\u00e9 de s\u2019inscrire pour la conf\u00e9rence ou pour la partie officielle), n\u2019h\u00e9sitez pas \u00e0 nous \u00e9crire un email ou nous t\u00e9l\u00e9phoner au 021 560 60 19 ou \u00e0 venir spontan\u00e9ment (certificat Covid). La grande journ\u00e9e de f\u00eate des soixante ans du CSP [&hellip;]<\/p>\n","protected":false},"author":2,"featured_media":11541,"parent":0,"menu_order":0,"comment_status":"closed","ping_status":"closed","template":"","meta":{"_acf_changed":false,"footnotes":""},"class_list":["post-11530","page","type-page","status-publish","has-post-thumbnail","hentry"],"acf":[],"yoast_head":"<!-- This site is optimized with the Yoast SEO plugin v27.1.1 - https:\/\/yoast.com\/product\/yoast-seo-wordpress\/ -->\n<title>Participation  des  publics, Conf\u00e9rence, 7.10.21 - CSP Vaud<\/title>\n<meta name=\"description\" content=\"Dans le cadre de ses 60 ans, le CSP Vaud organise une conf\u00e9rence et des ateliers sur la participation des publics, le 7 octobre 2021\" \/>\n<meta name=\"robots\" content=\"index, follow, max-snippet:-1, max-image-preview:large, max-video-preview:-1\" \/>\n<link rel=\"canonical\" href=\"https:\/\/csp.ch\/vaud\/60ans-conference\/\" \/>\n<meta property=\"og:locale\" content=\"fr_FR\" \/>\n<meta property=\"og:type\" content=\"article\" \/>\n<meta property=\"og:title\" content=\"Participation  des  publics, Conf\u00e9rence, 7.10.21 - CSP Vaud\" \/>\n<meta property=\"og:description\" content=\"Dans le cadre de ses 60 ans, le CSP Vaud organise une conf\u00e9rence et des ateliers sur la participation des publics, le 7 octobre 2021\" \/>\n<meta property=\"og:url\" content=\"https:\/\/csp.ch\/vaud\/60ans-conference\/\" \/>\n<meta property=\"og:site_name\" content=\"CSP Vaud\" \/>\n<meta property=\"article:publisher\" content=\"https:\/\/www.facebook.com\/CSPSuisse\" \/>\n<meta property=\"article:modified_time\" content=\"2025-10-20T13:41:54+00:00\" \/>\n<meta property=\"og:image\" content=\"https:\/\/csp.ch\/wp-content\/uploads\/sites\/4\/2021\/09\/C.Reynaud_S.Guerry\u00a9HETS-FR.jpg\" \/>\n\t<meta property=\"og:image:width\" content=\"1022\" \/>\n\t<meta property=\"og:image:height\" content=\"803\" \/>\n\t<meta property=\"og:image:type\" content=\"image\/jpeg\" \/>\n<meta name=\"twitter:card\" content=\"summary_large_image\" \/>\n<meta name=\"twitter:label1\" content=\"Dur\u00e9e de lecture estim\u00e9e\" \/>\n\t<meta name=\"twitter:data1\" content=\"3 minutes\" \/>\n<script type=\"application\/ld+json\" class=\"yoast-schema-graph\">{\"@context\":\"https:\/\/schema.org\",\"@graph\":[{\"@type\":\"WebPage\",\"@id\":\"https:\/\/csp.ch\/vaud\/60ans-conference\/\",\"url\":\"https:\/\/csp.ch\/vaud\/60ans-conference\/\",\"name\":\"Participation des publics, Conf\u00e9rence, 7.10.21 - CSP Vaud\",\"isPartOf\":{\"@id\":\"https:\/\/csp.ch\/vaud\/#website\"},\"primaryImageOfPage\":{\"@id\":\"https:\/\/csp.ch\/vaud\/60ans-conference\/#primaryimage\"},\"image\":{\"@id\":\"https:\/\/csp.ch\/vaud\/60ans-conference\/#primaryimage\"},\"thumbnailUrl\":\"https:\/\/csp.ch\/wp-content\/uploads\/sites\/4\/2021\/09\/C.Reynaud_S.Guerry\u00a9HETS-FR.jpg\",\"datePublished\":\"2021-09-06T13:22:26+00:00\",\"dateModified\":\"2025-10-20T13:41:54+00:00\",\"description\":\"Dans le cadre de ses 60 ans, le CSP Vaud organise une conf\u00e9rence et des ateliers sur la participation des publics, le 7 octobre 2021\",\"breadcrumb\":{\"@id\":\"https:\/\/csp.ch\/vaud\/60ans-conference\/#breadcrumb\"},\"inLanguage\":\"fr-FR\",\"potentialAction\":[{\"@type\":\"ReadAction\",\"target\":[\"https:\/\/csp.ch\/vaud\/60ans-conference\/\"]}]},{\"@type\":\"ImageObject\",\"inLanguage\":\"fr-FR\",\"@id\":\"https:\/\/csp.ch\/vaud\/60ans-conference\/#primaryimage\",\"url\":\"https:\/\/csp.ch\/wp-content\/uploads\/sites\/4\/2021\/09\/C.Reynaud_S.Guerry\u00a9HETS-FR.jpg\",\"contentUrl\":\"https:\/\/csp.ch\/wp-content\/uploads\/sites\/4\/2021\/09\/C.Reynaud_S.Guerry\u00a9HETS-FR.jpg\",\"width\":1022,\"height\":803,\"caption\":\"C.Reynaud_S.Guerry\u00a9HETS-FR, conf\u00e9rence - 60 ans du CSP Vaud\"},{\"@type\":\"BreadcrumbList\",\"@id\":\"https:\/\/csp.ch\/vaud\/60ans-conference\/#breadcrumb\",\"itemListElement\":[{\"@type\":\"ListItem\",\"position\":1,\"name\":\"Accueil\",\"item\":\"https:\/\/csp.ch\/vaud\/\"},{\"@type\":\"ListItem\",\"position\":2,\"name\":\"Participation des publics, Conf\u00e9rence, 7.10.21\"}]},{\"@type\":\"WebSite\",\"@id\":\"https:\/\/csp.ch\/vaud\/#website\",\"url\":\"https:\/\/csp.ch\/vaud\/\",\"name\":\"https:\/\/csp.ch\/vaud\/\",\"description\":\"\",\"publisher\":{\"@id\":\"https:\/\/csp.ch\/vaud\/#organization\"},\"potentialAction\":[{\"@type\":\"SearchAction\",\"target\":{\"@type\":\"EntryPoint\",\"urlTemplate\":\"https:\/\/csp.ch\/vaud\/?s={search_term_string}\"},\"query-input\":{\"@type\":\"PropertyValueSpecification\",\"valueRequired\":true,\"valueName\":\"search_term_string\"}}],\"inLanguage\":\"fr-FR\"},{\"@type\":\"Organization\",\"@id\":\"https:\/\/csp.ch\/vaud\/#organization\",\"name\":\"https:\/\/csp.ch\/vaud\/\",\"url\":\"https:\/\/csp.ch\/vaud\/\",\"logo\":{\"@type\":\"ImageObject\",\"inLanguage\":\"fr-FR\",\"@id\":\"https:\/\/csp.ch\/vaud\/#\/schema\/logo\/image\/\",\"url\":\"https:\/\/csp.ch\/wp-content\/uploads\/sites\/4\/2022\/11\/Logo-CSP-VD-RVB.OK_.jpg\",\"contentUrl\":\"https:\/\/csp.ch\/wp-content\/uploads\/sites\/4\/2022\/11\/Logo-CSP-VD-RVB.OK_.jpg\",\"width\":600,\"height\":306,\"caption\":\"https:\/\/csp.ch\/vaud\/\"},\"image\":{\"@id\":\"https:\/\/csp.ch\/vaud\/#\/schema\/logo\/image\/\"},\"sameAs\":[\"https:\/\/www.facebook.com\/CSPSuisse\",\"https:\/\/www.linkedin.com\/company\/csp-vaud\/mycompany\"]}]}<\/script>\n<!-- \/ Yoast SEO plugin. -->","yoast_head_json":{"title":"Participation  des  publics, Conf\u00e9rence, 7.10.21 - CSP Vaud","description":"Dans le cadre de ses 60 ans, le CSP Vaud organise une conf\u00e9rence et des ateliers sur la participation des publics, le 7 octobre 2021","robots":{"index":"index","follow":"follow","max-snippet":"max-snippet:-1","max-image-preview":"max-image-preview:large","max-video-preview":"max-video-preview:-1"},"canonical":"https:\/\/csp.ch\/vaud\/60ans-conference\/","og_locale":"fr_FR","og_type":"article","og_title":"Participation  des  publics, Conf\u00e9rence, 7.10.21 - CSP Vaud","og_description":"Dans le cadre de ses 60 ans, le CSP Vaud organise une conf\u00e9rence et des ateliers sur la participation des publics, le 7 octobre 2021","og_url":"https:\/\/csp.ch\/vaud\/60ans-conference\/","og_site_name":"CSP Vaud","article_publisher":"https:\/\/www.facebook.com\/CSPSuisse","article_modified_time":"2025-10-20T13:41:54+00:00","og_image":[{"width":1022,"height":803,"url":"https:\/\/csp.ch\/wp-content\/uploads\/sites\/4\/2021\/09\/C.Reynaud_S.Guerry\u00a9HETS-FR.jpg","type":"image\/jpeg"}],"twitter_card":"summary_large_image","twitter_misc":{"Dur\u00e9e de lecture estim\u00e9e":"3 minutes"},"schema":{"@context":"https:\/\/schema.org","@graph":[{"@type":"WebPage","@id":"https:\/\/csp.ch\/vaud\/60ans-conference\/","url":"https:\/\/csp.ch\/vaud\/60ans-conference\/","name":"Participation des publics, Conf\u00e9rence, 7.10.21 - CSP Vaud","isPartOf":{"@id":"https:\/\/csp.ch\/vaud\/#website"},"primaryImageOfPage":{"@id":"https:\/\/csp.ch\/vaud\/60ans-conference\/#primaryimage"},"image":{"@id":"https:\/\/csp.ch\/vaud\/60ans-conference\/#primaryimage"},"thumbnailUrl":"https:\/\/csp.ch\/wp-content\/uploads\/sites\/4\/2021\/09\/C.Reynaud_S.Guerry\u00a9HETS-FR.jpg","datePublished":"2021-09-06T13:22:26+00:00","dateModified":"2025-10-20T13:41:54+00:00","description":"Dans le cadre de ses 60 ans, le CSP Vaud organise une conf\u00e9rence et des ateliers sur la participation des publics, le 7 octobre 2021","breadcrumb":{"@id":"https:\/\/csp.ch\/vaud\/60ans-conference\/#breadcrumb"},"inLanguage":"fr-FR","potentialAction":[{"@type":"ReadAction","target":["https:\/\/csp.ch\/vaud\/60ans-conference\/"]}]},{"@type":"ImageObject","inLanguage":"fr-FR","@id":"https:\/\/csp.ch\/vaud\/60ans-conference\/#primaryimage","url":"https:\/\/csp.ch\/wp-content\/uploads\/sites\/4\/2021\/09\/C.Reynaud_S.Guerry\u00a9HETS-FR.jpg","contentUrl":"https:\/\/csp.ch\/wp-content\/uploads\/sites\/4\/2021\/09\/C.Reynaud_S.Guerry\u00a9HETS-FR.jpg","width":1022,"height":803,"caption":"C.Reynaud_S.Guerry\u00a9HETS-FR, conf\u00e9rence - 60 ans du CSP Vaud"},{"@type":"BreadcrumbList","@id":"https:\/\/csp.ch\/vaud\/60ans-conference\/#breadcrumb","itemListElement":[{"@type":"ListItem","position":1,"name":"Accueil","item":"https:\/\/csp.ch\/vaud\/"},{"@type":"ListItem","position":2,"name":"Participation des publics, Conf\u00e9rence, 7.10.21"}]},{"@type":"WebSite","@id":"https:\/\/csp.ch\/vaud\/#website","url":"https:\/\/csp.ch\/vaud\/","name":"https:\/\/csp.ch\/vaud\/","description":"","publisher":{"@id":"https:\/\/csp.ch\/vaud\/#organization"},"potentialAction":[{"@type":"SearchAction","target":{"@type":"EntryPoint","urlTemplate":"https:\/\/csp.ch\/vaud\/?s={search_term_string}"},"query-input":{"@type":"PropertyValueSpecification","valueRequired":true,"valueName":"search_term_string"}}],"inLanguage":"fr-FR"},{"@type":"Organization","@id":"https:\/\/csp.ch\/vaud\/#organization","name":"https:\/\/csp.ch\/vaud\/","url":"https:\/\/csp.ch\/vaud\/","logo":{"@type":"ImageObject","inLanguage":"fr-FR","@id":"https:\/\/csp.ch\/vaud\/#\/schema\/logo\/image\/","url":"https:\/\/csp.ch\/wp-content\/uploads\/sites\/4\/2022\/11\/Logo-CSP-VD-RVB.OK_.jpg","contentUrl":"https:\/\/csp.ch\/wp-content\/uploads\/sites\/4\/2022\/11\/Logo-CSP-VD-RVB.OK_.jpg","width":600,"height":306,"caption":"https:\/\/csp.ch\/vaud\/"},"image":{"@id":"https:\/\/csp.ch\/vaud\/#\/schema\/logo\/image\/"},"sameAs":["https:\/\/www.facebook.com\/CSPSuisse","https:\/\/www.linkedin.com\/company\/csp-vaud\/mycompany"]}]}},"_links":{"self":[{"href":"https:\/\/csp.ch\/vaud\/wp-json\/wp\/v2\/pages\/11530","targetHints":{"allow":["GET"]}}],"collection":[{"href":"https:\/\/csp.ch\/vaud\/wp-json\/wp\/v2\/pages"}],"about":[{"href":"https:\/\/csp.ch\/vaud\/wp-json\/wp\/v2\/types\/page"}],"author":[{"embeddable":true,"href":"https:\/\/csp.ch\/vaud\/wp-json\/wp\/v2\/users\/2"}],"replies":[{"embeddable":true,"href":"https:\/\/csp.ch\/vaud\/wp-json\/wp\/v2\/comments?post=11530"}],"version-history":[{"count":4,"href":"https:\/\/csp.ch\/vaud\/wp-json\/wp\/v2\/pages\/11530\/revisions"}],"predecessor-version":[{"id":27155,"href":"https:\/\/csp.ch\/vaud\/wp-json\/wp\/v2\/pages\/11530\/revisions\/27155"}],"wp:featuredmedia":[{"embeddable":true,"href":"https:\/\/csp.ch\/vaud\/wp-json\/wp\/v2\/media\/11541"}],"wp:attachment":[{"href":"https:\/\/csp.ch\/vaud\/wp-json\/wp\/v2\/media?parent=11530"}],"curies":[{"name":"wp","href":"https:\/\/api.w.org\/{rel}","templated":true}]}}