{"id":2556,"date":"2021-09-23T10:22:20","date_gmt":"2021-09-23T09:22:20","guid":{"rendered":"https:\/\/csp.ch\/neuchatel\/?page_id=2556"},"modified":"2026-03-02T14:44:56","modified_gmt":"2026-03-02T13:44:56","slug":"formations","status":"publish","type":"page","link":"https:\/\/csp.ch\/neuchatel\/domainesintervention\/formations\/","title":{"rendered":"<strong>Formations<\/strong> droit et asile"},"content":{"rendered":"<div class=\"wpb-content-wrapper\"><p>[vc_row][vc_column][vc_column_text css=\u00a0\u00bb\u00a0\u00bb]<span style=\"color: black\">Le CSP Neuch\u00e2tel propose <strong>des journ\u00e9es de formation<\/strong> sur des th\u00e9matiques li\u00e9es au domaine de la <strong>migration:<\/strong><\/span><\/p>\n<ul>\n<li>Formation sur le <strong>domaine de l&rsquo;asile en Suisse<\/strong><\/li>\n<li>Formation en <strong>droit des \u00e9trangers<\/strong><\/li>\n<\/ul>\n<p><span style=\"color: black\">Ces derni\u00e8res sont ouvertes \u00e0 toutes les personnes int\u00e9ress\u00e9es par les questions abord\u00e9es en mati\u00e8re d&rsquo;asile ou de droit des \u00e9trangers (professionnel.le.s, \u00e9tudiant.e.s, b\u00e9n\u00e9voles du domaine de l&rsquo;asile, etc.).<\/span><\/p>\n<p>&nbsp;<\/p>\n<h2>Formation sur le<br \/>\ndomaine de l&rsquo;asile en Suisse<\/h2>\n<p>La formation sur le <strong>domaine de l\u2019asile en Suisse<\/strong> est ouverte \u00e0 quiconque s\u2019int\u00e9resse et\/ou est en contact avec des personnes li\u00e9es \u00e0 la proc\u00e9dure d\u2019asile. Elle est con\u00e7ue et dispens\u00e9e par deux professionnelles du CSP Neuch\u00e2tel:<br \/>\n<strong>M\u00e9lanie M\u00fcller<\/strong>, codirectrice du CSP Neuch\u00e2tel, juriste et conseill\u00e8re en proc\u00e9dure d\u2019asile<br \/>\n<strong>Aur\u00e9lie Planas<\/strong>, codirectrice du CSP Neuch\u00e2tel, avocate et conseill\u00e8re en proc\u00e9dure d\u2019asile<\/p>\n<hr \/>\n<h4><strong>Contenu<\/strong><\/h4>\n<p>La formation se compose des trois modules suivants :<\/p>\n<ul>\n<li>Contexte migratoire en g\u00e9n\u00e9ral (g\u00e9ographique, historique et politique)<\/li>\n<li>Proc\u00e9dure d\u2019asile<\/li>\n<li>Droits et obligations des personnes migrantes li\u00e9es \u00e0 l\u2019asile<\/li>\n<\/ul>\n<p>Informations d\u00e9taill\u00e9es :\u00a0<a href=\"https:\/\/csp.ch\/wp-content\/uploads\/sites\/7\/2023\/12\/Formation-en-matiere-dasile-2-fevrier-2024.pdf\">Flyer \u00ab\u00a0Le domaine de l&rsquo;asile en Suisse\u00a0\u00bb<\/a><\/p>\n<h4><strong>Prochaine session et inscription<\/strong><\/h4>\n<p>Information \u00e0 suivre.<\/p>\n<h4><strong>Prix<\/strong><\/h4>\n<p>CHF 300.- pour les participant.e.s professionnel.le.s<br \/>\nCHF 80.- pour les \u00e9tudiant.e.s\/b\u00e9n\u00e9voles du domaine de l&rsquo;asile\/AVS\/AI<br \/>\n(merci de joindre une attestation lors de l&rsquo;inscription)<br \/>\nRepas de midi non compris<\/p>\n<h2>Formation en<br \/>\ndroit des \u00e9trangers<\/h2>\n<p><span id=\"p0\">La formation en <strong>droit des \u00e9trangers<\/strong> est ouverte \u00e0 quiconque s&rsquo;int\u00e9resse et\/ou est en contact avec des personnes confront\u00e9es \u00e0 des probl\u00e9matiques relevant du droit des \u00e9trangers. Elle est con\u00e7ue et dispens\u00e9e par deux professionnelles du CSP Neuch\u00e2tel:<\/span><span id=\"p1\"><br \/>\n<strong>Crystel <span id=\"2\">Dufaux<\/span> Hess<\/strong>, avocate du CSP Neuch\u00e2tel<strong><br \/>\n<\/strong><strong>Elodie Lavanchy<\/strong>, avocate du CSP Neuch\u00e2tel<\/span><\/p>\n<hr \/>\n<h4><strong>Contenu<\/strong><\/h4>\n<p><span id=\"p7\">Durant cette formation, il sera trait\u00e9 :<\/span><\/p>\n<ul>\n<li><span id=\"p24\">Du cadre g\u00e9n\u00e9ral et de la r\u00e9glementation l\u00e9gale, en particulier de la Loi f\u00e9d\u00e9rale sur les \u00e9trangers et l&rsquo;int\u00e9gration <span id=\"p22\">(LEI)<\/span> et de l&rsquo;accord sur la libre circulation des personnes <span id=\"p21\">(<span id=\"29\" class=\"s-rg\">ALCP<\/span>)<\/span>\u00a0<\/span><\/li>\n<li><span id=\"p26\">Des diff\u00e9rents permis et de leurs conditions d&rsquo;octroi\u00a0<\/span><\/li>\n<li><span id=\"p28\">De situations sp\u00e9cifiques permettant de voir l&rsquo;impact que certains changements de vie peuvent avoir sur le statut des personnes concern\u00e9es<\/span><\/li>\n<\/ul>\n<p>Informations d\u00e9taill\u00e9es :\u00a0<a href=\"https:\/\/csp.ch\/wp-content\/uploads\/sites\/7\/2025\/03\/Flyer-droit-des-etrangers.pdf\" target=\"_blank\" rel=\"noopener\">Flyer \u00ab\u00a0Formation en droit des \u00e9trangers\u00a0\u00bb<\/a><\/p>\n<h4><strong>Prochaine session et inscription<\/strong><\/h4>\n<p>Vendredi 23 octobre 2026<br \/>\nOuverture des inscriptions prochainement<\/p>\n<h4><strong>Prix<\/strong><\/h4>\n<p>CHF 300.- pour les participant.e.s professionnel.le.s<br \/>\nCHF 80.- pour les \u00e9tudiant.e.s\/b\u00e9n\u00e9voles du domaine de l&rsquo;asile\/AVS\/AI<br \/>\n(merci de joindre une attestation lors de l&rsquo;inscription)<br \/>\nRepas de midi non compris[\/vc_column_text][\/vc_column][\/vc_row]<\/p>\n<\/div>","protected":false},"excerpt":{"rendered":"<p>[vc_row][vc_column][vc_column_text css=\u00a0\u00bb\u00a0\u00bb]Le CSP Neuch\u00e2tel propose des journ\u00e9es de formation sur des th\u00e9matiques li\u00e9es au domaine de la migration: Formation sur le domaine de l&rsquo;asile en Suisse Formation en droit des \u00e9trangers Ces derni\u00e8res sont ouvertes \u00e0 toutes les personnes int\u00e9ress\u00e9es par les questions abord\u00e9es en mati\u00e8re d&rsquo;asile ou de droit des \u00e9trangers (professionnel.le.s, \u00e9tudiant.e.s, b\u00e9n\u00e9voles [&hellip;]<\/p>\n","protected":false},"author":30,"featured_media":2421,"parent":184,"menu_order":0,"comment_status":"closed","ping_status":"closed","template":"","meta":{"_acf_changed":false,"footnotes":""},"class_list":["post-2556","page","type-page","status-publish","has-post-thumbnail","hentry"],"acf":[],"yoast_head":"<!-- This site is optimized with the Yoast SEO plugin v27.1.1 - https:\/\/yoast.com\/product\/yoast-seo-wordpress\/ -->\n<title>Formations droit et asile - CSP Neuch\u00e2tel<\/title>\n<meta name=\"description\" content=\"Journ\u00e9es de formation du CSP Neuch\u00e2tel ouvertes \u00e0 toutes et tous sur des th\u00e9matiques li\u00e9es au domaine de la migration.\" \/>\n<meta name=\"robots\" content=\"index, follow, max-snippet:-1, max-image-preview:large, max-video-preview:-1\" \/>\n<link rel=\"canonical\" href=\"https:\/\/csp.ch\/neuchatel\/domainesintervention\/formations\/\" \/>\n<meta property=\"og:locale\" content=\"fr_FR\" \/>\n<meta property=\"og:type\" content=\"article\" \/>\n<meta property=\"og:title\" content=\"Formations droit et asile - CSP Neuch\u00e2tel\" \/>\n<meta property=\"og:description\" content=\"Journ\u00e9es de formation du CSP Neuch\u00e2tel ouvertes \u00e0 toutes et tous sur des th\u00e9matiques li\u00e9es au domaine de la migration.\" \/>\n<meta property=\"og:url\" content=\"https:\/\/csp.ch\/neuchatel\/domainesintervention\/formations\/\" \/>\n<meta property=\"og:site_name\" content=\"CSP Neuch\u00e2tel\" \/>\n<meta property=\"article:publisher\" content=\"https:\/\/www.facebook.com\/CSPSuisse\/\" \/>\n<meta property=\"article:modified_time\" content=\"2026-03-02T13:44:56+00:00\" \/>\n<meta property=\"og:image\" content=\"https:\/\/csp.ch\/wp-content\/uploads\/sites\/7\/2021\/07\/20150921\u00a9CSP-BE-JU_RebeccaBowring4640-scaled.jpg\" \/>\n\t<meta property=\"og:image:width\" content=\"2560\" \/>\n\t<meta property=\"og:image:height\" content=\"1707\" \/>\n\t<meta property=\"og:image:type\" content=\"image\/jpeg\" \/>\n<meta name=\"twitter:card\" content=\"summary_large_image\" \/>\n<meta name=\"twitter:label1\" content=\"Dur\u00e9e de lecture estim\u00e9e\" \/>\n\t<meta name=\"twitter:data1\" content=\"3 minutes\" \/>\n<script type=\"application\/ld+json\" class=\"yoast-schema-graph\">{\"@context\":\"https:\/\/schema.org\",\"@graph\":[{\"@type\":\"WebPage\",\"@id\":\"https:\/\/csp.ch\/neuchatel\/domainesintervention\/formations\/\",\"url\":\"https:\/\/csp.ch\/neuchatel\/domainesintervention\/formations\/\",\"name\":\"Formations droit et asile - CSP Neuch\u00e2tel\",\"isPartOf\":{\"@id\":\"https:\/\/csp.ch\/neuchatel\/#website\"},\"primaryImageOfPage\":{\"@id\":\"https:\/\/csp.ch\/neuchatel\/domainesintervention\/formations\/#primaryimage\"},\"image\":{\"@id\":\"https:\/\/csp.ch\/neuchatel\/domainesintervention\/formations\/#primaryimage\"},\"thumbnailUrl\":\"https:\/\/csp.ch\/wp-content\/uploads\/sites\/7\/2021\/07\/20150921\u00a9CSP-BE-JU_RebeccaBowring4640-scaled.jpg\",\"datePublished\":\"2021-09-23T09:22:20+00:00\",\"dateModified\":\"2026-03-02T13:44:56+00:00\",\"description\":\"Journ\u00e9es de formation du CSP Neuch\u00e2tel ouvertes \u00e0 toutes et tous sur des th\u00e9matiques li\u00e9es au domaine de la migration.\",\"breadcrumb\":{\"@id\":\"https:\/\/csp.ch\/neuchatel\/domainesintervention\/formations\/#breadcrumb\"},\"inLanguage\":\"fr-FR\",\"potentialAction\":[{\"@type\":\"ReadAction\",\"target\":[\"https:\/\/csp.ch\/neuchatel\/domainesintervention\/formations\/\"]}]},{\"@type\":\"ImageObject\",\"inLanguage\":\"fr-FR\",\"@id\":\"https:\/\/csp.ch\/neuchatel\/domainesintervention\/formations\/#primaryimage\",\"url\":\"https:\/\/csp.ch\/wp-content\/uploads\/sites\/7\/2021\/07\/20150921\u00a9CSP-BE-JU_RebeccaBowring4640-scaled.jpg\",\"contentUrl\":\"https:\/\/csp.ch\/wp-content\/uploads\/sites\/7\/2021\/07\/20150921\u00a9CSP-BE-JU_RebeccaBowring4640-scaled.jpg\",\"width\":2560,\"height\":1707,\"caption\":\"Formation asile CSP NE\"},{\"@type\":\"BreadcrumbList\",\"@id\":\"https:\/\/csp.ch\/neuchatel\/domainesintervention\/formations\/#breadcrumb\",\"itemListElement\":[{\"@type\":\"ListItem\",\"position\":1,\"name\":\"Accueil\",\"item\":\"https:\/\/csp.ch\/neuchatel\/\"},{\"@type\":\"ListItem\",\"position\":2,\"name\":\"Domaines d&rsquo;intervention\",\"item\":\"https:\/\/csp.ch\/neuchatel\/domainesintervention\/\"},{\"@type\":\"ListItem\",\"position\":3,\"name\":\"Formations droit et asile\"}]},{\"@type\":\"WebSite\",\"@id\":\"https:\/\/csp.ch\/neuchatel\/#website\",\"url\":\"https:\/\/csp.ch\/neuchatel\/\",\"name\":\"CSP Neuch\u00e2tel\",\"description\":\"\",\"publisher\":{\"@id\":\"https:\/\/csp.ch\/neuchatel\/#organization\"},\"potentialAction\":[{\"@type\":\"SearchAction\",\"target\":{\"@type\":\"EntryPoint\",\"urlTemplate\":\"https:\/\/csp.ch\/neuchatel\/?s={search_term_string}\"},\"query-input\":{\"@type\":\"PropertyValueSpecification\",\"valueRequired\":true,\"valueName\":\"search_term_string\"}}],\"inLanguage\":\"fr-FR\"},{\"@type\":\"Organization\",\"@id\":\"https:\/\/csp.ch\/neuchatel\/#organization\",\"name\":\"CSP Neuch\u00e2tel\",\"url\":\"https:\/\/csp.ch\/neuchatel\/\",\"logo\":{\"@type\":\"ImageObject\",\"inLanguage\":\"fr-FR\",\"@id\":\"https:\/\/csp.ch\/neuchatel\/#\/schema\/logo\/image\/\",\"url\":\"https:\/\/csp.ch\/wp-content\/uploads\/sites\/7\/2020\/02\/LOGO-CSP.jpg\",\"contentUrl\":\"https:\/\/csp.ch\/wp-content\/uploads\/sites\/7\/2020\/02\/LOGO-CSP.jpg\",\"width\":667,\"height\":667,\"caption\":\"CSP Neuch\u00e2tel\"},\"image\":{\"@id\":\"https:\/\/csp.ch\/neuchatel\/#\/schema\/logo\/image\/\"},\"sameAs\":[\"https:\/\/www.facebook.com\/CSPSuisse\/\"]}]}<\/script>\n<!-- \/ Yoast SEO plugin. -->","yoast_head_json":{"title":"Formations droit et asile - CSP Neuch\u00e2tel","description":"Journ\u00e9es de formation du CSP Neuch\u00e2tel ouvertes \u00e0 toutes et tous sur des th\u00e9matiques li\u00e9es au domaine de la migration.","robots":{"index":"index","follow":"follow","max-snippet":"max-snippet:-1","max-image-preview":"max-image-preview:large","max-video-preview":"max-video-preview:-1"},"canonical":"https:\/\/csp.ch\/neuchatel\/domainesintervention\/formations\/","og_locale":"fr_FR","og_type":"article","og_title":"Formations droit et asile - CSP Neuch\u00e2tel","og_description":"Journ\u00e9es de formation du CSP Neuch\u00e2tel ouvertes \u00e0 toutes et tous sur des th\u00e9matiques li\u00e9es au domaine de la migration.","og_url":"https:\/\/csp.ch\/neuchatel\/domainesintervention\/formations\/","og_site_name":"CSP Neuch\u00e2tel","article_publisher":"https:\/\/www.facebook.com\/CSPSuisse\/","article_modified_time":"2026-03-02T13:44:56+00:00","og_image":[{"width":2560,"height":1707,"url":"https:\/\/csp.ch\/wp-content\/uploads\/sites\/7\/2021\/07\/20150921\u00a9CSP-BE-JU_RebeccaBowring4640-scaled.jpg","type":"image\/jpeg"}],"twitter_card":"summary_large_image","twitter_misc":{"Dur\u00e9e de lecture estim\u00e9e":"3 minutes"},"schema":{"@context":"https:\/\/schema.org","@graph":[{"@type":"WebPage","@id":"https:\/\/csp.ch\/neuchatel\/domainesintervention\/formations\/","url":"https:\/\/csp.ch\/neuchatel\/domainesintervention\/formations\/","name":"Formations droit et asile - CSP Neuch\u00e2tel","isPartOf":{"@id":"https:\/\/csp.ch\/neuchatel\/#website"},"primaryImageOfPage":{"@id":"https:\/\/csp.ch\/neuchatel\/domainesintervention\/formations\/#primaryimage"},"image":{"@id":"https:\/\/csp.ch\/neuchatel\/domainesintervention\/formations\/#primaryimage"},"thumbnailUrl":"https:\/\/csp.ch\/wp-content\/uploads\/sites\/7\/2021\/07\/20150921\u00a9CSP-BE-JU_RebeccaBowring4640-scaled.jpg","datePublished":"2021-09-23T09:22:20+00:00","dateModified":"2026-03-02T13:44:56+00:00","description":"Journ\u00e9es de formation du CSP Neuch\u00e2tel ouvertes \u00e0 toutes et tous sur des th\u00e9matiques li\u00e9es au domaine de la migration.","breadcrumb":{"@id":"https:\/\/csp.ch\/neuchatel\/domainesintervention\/formations\/#breadcrumb"},"inLanguage":"fr-FR","potentialAction":[{"@type":"ReadAction","target":["https:\/\/csp.ch\/neuchatel\/domainesintervention\/formations\/"]}]},{"@type":"ImageObject","inLanguage":"fr-FR","@id":"https:\/\/csp.ch\/neuchatel\/domainesintervention\/formations\/#primaryimage","url":"https:\/\/csp.ch\/wp-content\/uploads\/sites\/7\/2021\/07\/20150921\u00a9CSP-BE-JU_RebeccaBowring4640-scaled.jpg","contentUrl":"https:\/\/csp.ch\/wp-content\/uploads\/sites\/7\/2021\/07\/20150921\u00a9CSP-BE-JU_RebeccaBowring4640-scaled.jpg","width":2560,"height":1707,"caption":"Formation asile CSP NE"},{"@type":"BreadcrumbList","@id":"https:\/\/csp.ch\/neuchatel\/domainesintervention\/formations\/#breadcrumb","itemListElement":[{"@type":"ListItem","position":1,"name":"Accueil","item":"https:\/\/csp.ch\/neuchatel\/"},{"@type":"ListItem","position":2,"name":"Domaines d&rsquo;intervention","item":"https:\/\/csp.ch\/neuchatel\/domainesintervention\/"},{"@type":"ListItem","position":3,"name":"Formations droit et asile"}]},{"@type":"WebSite","@id":"https:\/\/csp.ch\/neuchatel\/#website","url":"https:\/\/csp.ch\/neuchatel\/","name":"CSP Neuch\u00e2tel","description":"","publisher":{"@id":"https:\/\/csp.ch\/neuchatel\/#organization"},"potentialAction":[{"@type":"SearchAction","target":{"@type":"EntryPoint","urlTemplate":"https:\/\/csp.ch\/neuchatel\/?s={search_term_string}"},"query-input":{"@type":"PropertyValueSpecification","valueRequired":true,"valueName":"search_term_string"}}],"inLanguage":"fr-FR"},{"@type":"Organization","@id":"https:\/\/csp.ch\/neuchatel\/#organization","name":"CSP Neuch\u00e2tel","url":"https:\/\/csp.ch\/neuchatel\/","logo":{"@type":"ImageObject","inLanguage":"fr-FR","@id":"https:\/\/csp.ch\/neuchatel\/#\/schema\/logo\/image\/","url":"https:\/\/csp.ch\/wp-content\/uploads\/sites\/7\/2020\/02\/LOGO-CSP.jpg","contentUrl":"https:\/\/csp.ch\/wp-content\/uploads\/sites\/7\/2020\/02\/LOGO-CSP.jpg","width":667,"height":667,"caption":"CSP Neuch\u00e2tel"},"image":{"@id":"https:\/\/csp.ch\/neuchatel\/#\/schema\/logo\/image\/"},"sameAs":["https:\/\/www.facebook.com\/CSPSuisse\/"]}]}},"_links":{"self":[{"href":"https:\/\/csp.ch\/neuchatel\/wp-json\/wp\/v2\/pages\/2556","targetHints":{"allow":["GET"]}}],"collection":[{"href":"https:\/\/csp.ch\/neuchatel\/wp-json\/wp\/v2\/pages"}],"about":[{"href":"https:\/\/csp.ch\/neuchatel\/wp-json\/wp\/v2\/types\/page"}],"author":[{"embeddable":true,"href":"https:\/\/csp.ch\/neuchatel\/wp-json\/wp\/v2\/users\/30"}],"replies":[{"embeddable":true,"href":"https:\/\/csp.ch\/neuchatel\/wp-json\/wp\/v2\/comments?post=2556"}],"version-history":[{"count":6,"href":"https:\/\/csp.ch\/neuchatel\/wp-json\/wp\/v2\/pages\/2556\/revisions"}],"predecessor-version":[{"id":11245,"href":"https:\/\/csp.ch\/neuchatel\/wp-json\/wp\/v2\/pages\/2556\/revisions\/11245"}],"up":[{"embeddable":true,"href":"https:\/\/csp.ch\/neuchatel\/wp-json\/wp\/v2\/pages\/184"}],"wp:featuredmedia":[{"embeddable":true,"href":"https:\/\/csp.ch\/neuchatel\/wp-json\/wp\/v2\/media\/2421"}],"wp:attachment":[{"href":"https:\/\/csp.ch\/neuchatel\/wp-json\/wp\/v2\/media?parent=2556"}],"curies":[{"name":"wp","href":"https:\/\/api.w.org\/{rel}","templated":true}]}}