{"id":122,"date":"2015-08-11T15:28:44","date_gmt":"2015-08-11T14:28:44","guid":{"rendered":"https:\/\/csp.ch\/vd\/?page_id=122"},"modified":"2023-11-14T07:32:15","modified_gmt":"2023-11-14T06:32:15","slug":"legs","status":"publish","type":"page","link":"https:\/\/csp.ch\/neuchatel\/don\/legs\/","title":{"rendered":"<strong>Legs<\/strong>"},"content":{"rendered":"<div class=\"wpb-content-wrapper\"><p>[vc_row][vc_column][vc_column_text]<\/p>\n<blockquote><p><em>Ouvrir de nouveaux horizons aux g\u00e9n\u00e9rations futures.<\/em><\/p><\/blockquote>\n<p>&nbsp;<\/p>\n<p>Penser \u00e0 sa propre mort n&rsquo;est jamais chose facile. Par \u00e9gard pour nos descendant.e.s, il est bon de veiller \u00e0 ce que notre succession soit r\u00e9gl\u00e9e avant de quitter ce monde.<\/p>\n<p>Nous pouvons ainsi l\u00e9guer nos biens aux membres de notre famille et \u00e0 nos ami.e.s mais aussi faire un geste de solidarit\u00e9 envers les personnes d\u00e9favoris\u00e9es de notre r\u00e9gion.<\/p>\n<p>L&rsquo;apport des <strong>legs <\/strong>et des <strong>successions<\/strong> permet au CSP de poursuivre sa mission. En collaboration avec Caritas, il a \u00e9labor\u00e9 une brochure d&rsquo;informations au sujet des legs et des successions.[\/vc_column_text][vc_btn title=\u00a0\u00bbPlus d\u2019informations sur la successions et legs\u00a0\u00bb i_icon_fontawesome=\u00a0\u00bbfa fa-file-pdf-o\u00a0\u00bb add_icon=\u00a0\u00bbtrue\u00a0\u00bb link=\u00a0\u00bburl:https%3A%2F%2Fcsp.ch%2Fneuchatel%2Ffiles%2F2015%2F08%2FLegsetsuccessions.pdf||target:%20_blank|\u00a0\u00bb][vc_column_text]Si d\u00e9sir\u00e9, une rencontre peut \u00eatre organis\u00e9e pour toute personne souhaitant faire preuve de solidarit\u00e9 de mani\u00e8re efficace et pratique. De plus amples renseignements vous seront alors fournis. Le CSP Neuch\u00e2tel est une institution reconnue d&rsquo;utilit\u00e9 publique et <strong>b\u00e9n\u00e9ficie \u00e0 ce titre d&rsquo;une exon\u00e9ration fiscale \u00e0 100%<\/strong> des droits de succession. Votre don contribue ainsi compl\u00e8tement \u00e0 aider des personnes en difficult\u00e9.<\/p>\n<p>[\/vc_column_text][vc_tta_accordion active_section=\u00a0\u00bb\u00a0\u00bb no_fill=\u00a0\u00bbtrue\u00a0\u00bb collapsible_all=\u00a0\u00bbtrue\u00a0\u00bb][vc_tta_section title=\u00a0\u00bbInformations de contact\u00a0\u00bb tab_id=\u00a0\u00bb1446654771070-86659d51-e3c7&Prime;][vc_row_inner][vc_column_inner width=\u00a0\u00bb1\/2&Prime;][vc_column_text]CSP Neuch\u00e2tel<br \/>\n<a href=\"m&#97;&#105;&#x6c;&#x74;o:&#99;&#115;&#x70;&#x2e;ne&#117;&#99;&#x68;&#x61;te&#108;&#x40;&#x6e;&#x65;&#46;&#99;&#104;\">Contactez-nous par mail<\/a><\/p>\n<p>[\/vc_column_text][\/vc_column_inner][\/vc_row_inner][\/vc_tta_section][\/vc_tta_accordion][\/vc_column][\/vc_row]<\/p>\n<\/div>","protected":false},"excerpt":{"rendered":"<p>[vc_row][vc_column][vc_column_text] Ouvrir de nouveaux horizons aux g\u00e9n\u00e9rations futures. &nbsp; Penser \u00e0 sa propre mort n&rsquo;est jamais chose facile. Par \u00e9gard pour nos descendant.e.s, il est bon de veiller \u00e0 ce que notre succession soit r\u00e9gl\u00e9e avant de quitter ce monde. Nous pouvons ainsi l\u00e9guer nos biens aux membres de notre famille et \u00e0 nos ami.e.s [&hellip;]<\/p>\n","protected":false},"author":1,"featured_media":4205,"parent":69,"menu_order":0,"comment_status":"closed","ping_status":"closed","template":"","meta":{"_acf_changed":false,"footnotes":""},"class_list":["post-122","page","type-page","status-publish","has-post-thumbnail","hentry"],"acf":[],"yoast_head":"<!-- This site is optimized with the Yoast SEO plugin v27.1.1 - https:\/\/yoast.com\/product\/yoast-seo-wordpress\/ -->\n<title>Legs - CSP Neuch\u00e2tel<\/title>\n<meta name=\"description\" content=\"L\u2019apport des\u00a0legs\u00a0et des\u00a0successions\u00a0permet au CSP Neuch\u00e2tel de poursuivre sa mission aupr\u00e8s de la population.\" \/>\n<meta name=\"robots\" content=\"index, follow, max-snippet:-1, max-image-preview:large, max-video-preview:-1\" \/>\n<link rel=\"canonical\" href=\"https:\/\/csp.ch\/neuchatel\/don\/legs\/\" \/>\n<meta property=\"og:locale\" content=\"fr_FR\" \/>\n<meta property=\"og:type\" content=\"article\" \/>\n<meta property=\"og:title\" content=\"Legs - CSP Neuch\u00e2tel\" \/>\n<meta property=\"og:description\" content=\"L\u2019apport des\u00a0legs\u00a0et des\u00a0successions\u00a0permet au CSP Neuch\u00e2tel de poursuivre sa mission aupr\u00e8s de la population.\" \/>\n<meta property=\"og:url\" content=\"https:\/\/csp.ch\/neuchatel\/don\/legs\/\" \/>\n<meta property=\"og:site_name\" content=\"CSP Neuch\u00e2tel\" \/>\n<meta property=\"article:publisher\" content=\"https:\/\/www.facebook.com\/CSPSuisse\/\" \/>\n<meta property=\"article:modified_time\" content=\"2023-11-14T06:32:15+00:00\" \/>\n<meta property=\"og:image\" content=\"https:\/\/csp.ch\/wp-content\/uploads\/sites\/7\/2023\/11\/granddaughter-supporting-her-grandmother-2021-08-29-13-25-32-utc-scaled.jpg\" \/>\n\t<meta property=\"og:image:width\" content=\"2560\" \/>\n\t<meta property=\"og:image:height\" content=\"1509\" \/>\n\t<meta property=\"og:image:type\" content=\"image\/jpeg\" \/>\n<meta name=\"twitter:card\" content=\"summary_large_image\" \/>\n<meta name=\"twitter:label1\" content=\"Dur\u00e9e de lecture estim\u00e9e\" \/>\n\t<meta name=\"twitter:data1\" content=\"1 minute\" \/>\n<script type=\"application\/ld+json\" class=\"yoast-schema-graph\">{\"@context\":\"https:\/\/schema.org\",\"@graph\":[{\"@type\":\"WebPage\",\"@id\":\"https:\/\/csp.ch\/neuchatel\/don\/legs\/\",\"url\":\"https:\/\/csp.ch\/neuchatel\/don\/legs\/\",\"name\":\"Legs - CSP Neuch\u00e2tel\",\"isPartOf\":{\"@id\":\"https:\/\/csp.ch\/neuchatel\/#website\"},\"primaryImageOfPage\":{\"@id\":\"https:\/\/csp.ch\/neuchatel\/don\/legs\/#primaryimage\"},\"image\":{\"@id\":\"https:\/\/csp.ch\/neuchatel\/don\/legs\/#primaryimage\"},\"thumbnailUrl\":\"https:\/\/csp.ch\/wp-content\/uploads\/sites\/7\/2023\/11\/granddaughter-supporting-her-grandmother-2021-08-29-13-25-32-utc-scaled.jpg\",\"datePublished\":\"2015-08-11T14:28:44+00:00\",\"dateModified\":\"2023-11-14T06:32:15+00:00\",\"description\":\"L\u2019apport des\u00a0legs\u00a0et des\u00a0successions\u00a0permet au CSP Neuch\u00e2tel de poursuivre sa mission aupr\u00e8s de la population.\",\"breadcrumb\":{\"@id\":\"https:\/\/csp.ch\/neuchatel\/don\/legs\/#breadcrumb\"},\"inLanguage\":\"fr-FR\",\"potentialAction\":[{\"@type\":\"ReadAction\",\"target\":[\"https:\/\/csp.ch\/neuchatel\/don\/legs\/\"]}]},{\"@type\":\"ImageObject\",\"inLanguage\":\"fr-FR\",\"@id\":\"https:\/\/csp.ch\/neuchatel\/don\/legs\/#primaryimage\",\"url\":\"https:\/\/csp.ch\/wp-content\/uploads\/sites\/7\/2023\/11\/granddaughter-supporting-her-grandmother-2021-08-29-13-25-32-utc-scaled.jpg\",\"contentUrl\":\"https:\/\/csp.ch\/wp-content\/uploads\/sites\/7\/2023\/11\/granddaughter-supporting-her-grandmother-2021-08-29-13-25-32-utc-scaled.jpg\",\"width\":2560,\"height\":1509,\"caption\":\"Granddaughter supporting her grandmother. Hands close up.\"},{\"@type\":\"BreadcrumbList\",\"@id\":\"https:\/\/csp.ch\/neuchatel\/don\/legs\/#breadcrumb\",\"itemListElement\":[{\"@type\":\"ListItem\",\"position\":1,\"name\":\"Accueil\",\"item\":\"https:\/\/csp.ch\/neuchatel\/\"},{\"@type\":\"ListItem\",\"position\":2,\"name\":\"Faire un Don\",\"item\":\"https:\/\/csp.ch\/neuchatel\/don\/\"},{\"@type\":\"ListItem\",\"position\":3,\"name\":\"Legs\"}]},{\"@type\":\"WebSite\",\"@id\":\"https:\/\/csp.ch\/neuchatel\/#website\",\"url\":\"https:\/\/csp.ch\/neuchatel\/\",\"name\":\"CSP Neuch\u00e2tel\",\"description\":\"\",\"publisher\":{\"@id\":\"https:\/\/csp.ch\/neuchatel\/#organization\"},\"potentialAction\":[{\"@type\":\"SearchAction\",\"target\":{\"@type\":\"EntryPoint\",\"urlTemplate\":\"https:\/\/csp.ch\/neuchatel\/?s={search_term_string}\"},\"query-input\":{\"@type\":\"PropertyValueSpecification\",\"valueRequired\":true,\"valueName\":\"search_term_string\"}}],\"inLanguage\":\"fr-FR\"},{\"@type\":\"Organization\",\"@id\":\"https:\/\/csp.ch\/neuchatel\/#organization\",\"name\":\"CSP Neuch\u00e2tel\",\"url\":\"https:\/\/csp.ch\/neuchatel\/\",\"logo\":{\"@type\":\"ImageObject\",\"inLanguage\":\"fr-FR\",\"@id\":\"https:\/\/csp.ch\/neuchatel\/#\/schema\/logo\/image\/\",\"url\":\"https:\/\/csp.ch\/wp-content\/uploads\/sites\/7\/2020\/02\/LOGO-CSP.jpg\",\"contentUrl\":\"https:\/\/csp.ch\/wp-content\/uploads\/sites\/7\/2020\/02\/LOGO-CSP.jpg\",\"width\":667,\"height\":667,\"caption\":\"CSP Neuch\u00e2tel\"},\"image\":{\"@id\":\"https:\/\/csp.ch\/neuchatel\/#\/schema\/logo\/image\/\"},\"sameAs\":[\"https:\/\/www.facebook.com\/CSPSuisse\/\"]}]}<\/script>\n<!-- \/ Yoast SEO plugin. -->","yoast_head_json":{"title":"Legs - CSP Neuch\u00e2tel","description":"L\u2019apport des\u00a0legs\u00a0et des\u00a0successions\u00a0permet au CSP Neuch\u00e2tel de poursuivre sa mission aupr\u00e8s de la population.","robots":{"index":"index","follow":"follow","max-snippet":"max-snippet:-1","max-image-preview":"max-image-preview:large","max-video-preview":"max-video-preview:-1"},"canonical":"https:\/\/csp.ch\/neuchatel\/don\/legs\/","og_locale":"fr_FR","og_type":"article","og_title":"Legs - CSP Neuch\u00e2tel","og_description":"L\u2019apport des\u00a0legs\u00a0et des\u00a0successions\u00a0permet au CSP Neuch\u00e2tel de poursuivre sa mission aupr\u00e8s de la population.","og_url":"https:\/\/csp.ch\/neuchatel\/don\/legs\/","og_site_name":"CSP Neuch\u00e2tel","article_publisher":"https:\/\/www.facebook.com\/CSPSuisse\/","article_modified_time":"2023-11-14T06:32:15+00:00","og_image":[{"width":2560,"height":1509,"url":"https:\/\/csp.ch\/wp-content\/uploads\/sites\/7\/2023\/11\/granddaughter-supporting-her-grandmother-2021-08-29-13-25-32-utc-scaled.jpg","type":"image\/jpeg"}],"twitter_card":"summary_large_image","twitter_misc":{"Dur\u00e9e de lecture estim\u00e9e":"1 minute"},"schema":{"@context":"https:\/\/schema.org","@graph":[{"@type":"WebPage","@id":"https:\/\/csp.ch\/neuchatel\/don\/legs\/","url":"https:\/\/csp.ch\/neuchatel\/don\/legs\/","name":"Legs - CSP Neuch\u00e2tel","isPartOf":{"@id":"https:\/\/csp.ch\/neuchatel\/#website"},"primaryImageOfPage":{"@id":"https:\/\/csp.ch\/neuchatel\/don\/legs\/#primaryimage"},"image":{"@id":"https:\/\/csp.ch\/neuchatel\/don\/legs\/#primaryimage"},"thumbnailUrl":"https:\/\/csp.ch\/wp-content\/uploads\/sites\/7\/2023\/11\/granddaughter-supporting-her-grandmother-2021-08-29-13-25-32-utc-scaled.jpg","datePublished":"2015-08-11T14:28:44+00:00","dateModified":"2023-11-14T06:32:15+00:00","description":"L\u2019apport des\u00a0legs\u00a0et des\u00a0successions\u00a0permet au CSP Neuch\u00e2tel de poursuivre sa mission aupr\u00e8s de la population.","breadcrumb":{"@id":"https:\/\/csp.ch\/neuchatel\/don\/legs\/#breadcrumb"},"inLanguage":"fr-FR","potentialAction":[{"@type":"ReadAction","target":["https:\/\/csp.ch\/neuchatel\/don\/legs\/"]}]},{"@type":"ImageObject","inLanguage":"fr-FR","@id":"https:\/\/csp.ch\/neuchatel\/don\/legs\/#primaryimage","url":"https:\/\/csp.ch\/wp-content\/uploads\/sites\/7\/2023\/11\/granddaughter-supporting-her-grandmother-2021-08-29-13-25-32-utc-scaled.jpg","contentUrl":"https:\/\/csp.ch\/wp-content\/uploads\/sites\/7\/2023\/11\/granddaughter-supporting-her-grandmother-2021-08-29-13-25-32-utc-scaled.jpg","width":2560,"height":1509,"caption":"Granddaughter supporting her grandmother. Hands close up."},{"@type":"BreadcrumbList","@id":"https:\/\/csp.ch\/neuchatel\/don\/legs\/#breadcrumb","itemListElement":[{"@type":"ListItem","position":1,"name":"Accueil","item":"https:\/\/csp.ch\/neuchatel\/"},{"@type":"ListItem","position":2,"name":"Faire un Don","item":"https:\/\/csp.ch\/neuchatel\/don\/"},{"@type":"ListItem","position":3,"name":"Legs"}]},{"@type":"WebSite","@id":"https:\/\/csp.ch\/neuchatel\/#website","url":"https:\/\/csp.ch\/neuchatel\/","name":"CSP Neuch\u00e2tel","description":"","publisher":{"@id":"https:\/\/csp.ch\/neuchatel\/#organization"},"potentialAction":[{"@type":"SearchAction","target":{"@type":"EntryPoint","urlTemplate":"https:\/\/csp.ch\/neuchatel\/?s={search_term_string}"},"query-input":{"@type":"PropertyValueSpecification","valueRequired":true,"valueName":"search_term_string"}}],"inLanguage":"fr-FR"},{"@type":"Organization","@id":"https:\/\/csp.ch\/neuchatel\/#organization","name":"CSP Neuch\u00e2tel","url":"https:\/\/csp.ch\/neuchatel\/","logo":{"@type":"ImageObject","inLanguage":"fr-FR","@id":"https:\/\/csp.ch\/neuchatel\/#\/schema\/logo\/image\/","url":"https:\/\/csp.ch\/wp-content\/uploads\/sites\/7\/2020\/02\/LOGO-CSP.jpg","contentUrl":"https:\/\/csp.ch\/wp-content\/uploads\/sites\/7\/2020\/02\/LOGO-CSP.jpg","width":667,"height":667,"caption":"CSP Neuch\u00e2tel"},"image":{"@id":"https:\/\/csp.ch\/neuchatel\/#\/schema\/logo\/image\/"},"sameAs":["https:\/\/www.facebook.com\/CSPSuisse\/"]}]}},"_links":{"self":[{"href":"https:\/\/csp.ch\/neuchatel\/wp-json\/wp\/v2\/pages\/122","targetHints":{"allow":["GET"]}}],"collection":[{"href":"https:\/\/csp.ch\/neuchatel\/wp-json\/wp\/v2\/pages"}],"about":[{"href":"https:\/\/csp.ch\/neuchatel\/wp-json\/wp\/v2\/types\/page"}],"author":[{"embeddable":true,"href":"https:\/\/csp.ch\/neuchatel\/wp-json\/wp\/v2\/users\/1"}],"replies":[{"embeddable":true,"href":"https:\/\/csp.ch\/neuchatel\/wp-json\/wp\/v2\/comments?post=122"}],"version-history":[{"count":5,"href":"https:\/\/csp.ch\/neuchatel\/wp-json\/wp\/v2\/pages\/122\/revisions"}],"predecessor-version":[{"id":3267,"href":"https:\/\/csp.ch\/neuchatel\/wp-json\/wp\/v2\/pages\/122\/revisions\/3267"}],"up":[{"embeddable":true,"href":"https:\/\/csp.ch\/neuchatel\/wp-json\/wp\/v2\/pages\/69"}],"wp:featuredmedia":[{"embeddable":true,"href":"https:\/\/csp.ch\/neuchatel\/wp-json\/wp\/v2\/media\/4205"}],"wp:attachment":[{"href":"https:\/\/csp.ch\/neuchatel\/wp-json\/wp\/v2\/media?parent=122"}],"curies":[{"name":"wp","href":"https:\/\/api.w.org\/{rel}","templated":true}]}}