{"id":65,"date":"2015-08-11T12:03:16","date_gmt":"2015-08-11T11:03:16","guid":{"rendered":"https:\/\/csp.ch\/vd\/?page_id=65"},"modified":"2026-04-07T18:47:46","modified_gmt":"2026-04-07T16:47:46","slug":"benevolat","status":"publish","type":"page","link":"https:\/\/csp.ch\/geneve\/benevolat\/","title":{"rendered":"<strong>B\u00e9n\u00e9volat<\/strong>"},"content":{"rendered":"<div class=\"wpb-content-wrapper\"><p>[vc_row][vc_column][vc_column_text]Vous partagez les valeurs du CSP et avez envie d&rsquo;offrir un peu de votre temps et de vos comp\u00e9tences ? Vous \u00eates \u00e0 la recherche d&rsquo;une occasion de vous rendre utile dans un cadre convivial ?<\/p>\n<blockquote>\n<p style=\"text-align: center\">Rejoignez les \u00e9quipes du CSP et participez \u00e0 des projets concrets !<\/p>\n<\/blockquote>\n<p>Le b\u00e9n\u00e9volat permet de valoriser votre savoir-faire et vos qualit\u00e9s humaines, et vous offre\u00a0de nouveaux horizons. Il\u00a0est ouvert \u00e0 toute personne motiv\u00e9e, faisant preuve d\u2019ouverture et de respect, ayant une disponibilit\u00e9 r\u00e9guli\u00e8re ou ponctuelle. [\/vc_column_text][vc_tta_accordion style=\u00a0\u00bbflat\u00a0\u00bb active_section=\u00a0\u00bb\u00a0\u00bb no_fill=\u00a0\u00bbtrue\u00a0\u00bb collapsible_all=\u00a0\u00bbtrue\u00a0\u00bb][vc_tta_section title=\u00a0\u00bbNous vous invitons \u00e0 participer \u00e0 une s\u00e9ance d&rsquo;information\u00a0\u00bb tab_id=\u00a0\u00bb1444296229416-a712e301-fe64&Prime;][vc_column_text]14, rue du Village-Suisse 1205 Gen\u00e8ve <b><\/b>T\u00e9l.\u00a0:\u00a0022 807 07 00[\/vc_column_text][\/vc_tta_section][\/vc_tta_accordion][vc_column_text css=\u00a0\u00bb\u00a0\u00bb]<\/p>\n<h4><strong>Prochaines dates:<\/strong><\/h4>\n<ul>\n<li>Jeudi 7 mai 2026 de 9h00 \u00e0 10h00<\/li>\n<li>Jeudi 11 juin 2026 de 9h00 \u00e0 10h00<\/li>\n<li>Jeudi 16 juillet 2026 de 9h00 \u00e0 10h00<\/li>\n<li>Jeudi 3 septembre 2026 de 9h00 \u00e0 10h00<\/li>\n<li>Jeudi 8 octobre 2026 de 9h00 \u00e0 10h00<\/li>\n<li>Jeudi 12 novembre 2026 de 9h00 \u00e0 10h00<\/li>\n<li>Jeudi 10 d\u00e9cembre 2026 de 9h00 \u00e0 10h00<\/li>\n<\/ul>\n<p><strong><em>Pour obtenir plus d&rsquo;informations sur les activit\u00e9s b\u00e9n\u00e9voles propos\u00e9es, veuillez contacter la Coordinatrice du b\u00e9n\u00e9volat, Senem Ozdemir, au 022 807 07 00 ou remplir le formulaire ci-dessous. Inscription obligatoire\u00a0<a href=\"m&#97;&#105;&#x6c;&#x74;&#x6f;&#x3a;b&#101;&#110;&#101;&#x76;&#x6f;&#x6c;at&#64;&#99;&#x73;&#x70;&#x2d;ge&#46;&#99;&#x68;\">par email<\/a><\/em><\/strong>[\/vc_column_text]\n<div class=\"wpcf7 no-js\" id=\"wpcf7-f713-o1\" lang=\"fr-FR\" dir=\"ltr\" data-wpcf7-id=\"713\">\n<div class=\"screen-reader-response\"><p role=\"status\" aria-live=\"polite\" aria-atomic=\"true\"><\/p> <ul><\/ul><\/div>\n<form action=\"\/geneve\/wp-json\/wp\/v2\/pages\/65#wpcf7-f713-o1\" method=\"post\" class=\"wpcf7-form init\" aria-label=\"Formulaire de contact\" novalidate=\"novalidate\" data-status=\"init\">\n<fieldset class=\"hidden-fields-container\"><input type=\"hidden\" name=\"_wpcf7\" value=\"713\" \/><input type=\"hidden\" name=\"_wpcf7_version\" value=\"6.1.5\" \/><input type=\"hidden\" name=\"_wpcf7_locale\" value=\"fr_FR\" \/><input type=\"hidden\" name=\"_wpcf7_unit_tag\" value=\"wpcf7-f713-o1\" \/><input type=\"hidden\" name=\"_wpcf7_container_post\" value=\"0\" \/><input type=\"hidden\" name=\"_wpcf7_posted_data_hash\" value=\"\" \/>\n<\/fieldset>\n<div class=\"half\">\n\t<p><span class=\"wpcf7-form-control-wrap\" data-name=\"your-name\"><input size=\"40\" maxlength=\"400\" class=\"wpcf7-form-control wpcf7-text wpcf7-validates-as-required\" aria-required=\"true\" aria-invalid=\"false\" placeholder=\"Nom *\" value=\"\" type=\"text\" name=\"your-name\" \/><\/span>\n\t<\/p>\n<\/div>\n<div class=\"half last\">\n\t<p><span class=\"wpcf7-form-control-wrap\" data-name=\"your-lastName\"><input size=\"40\" maxlength=\"400\" class=\"wpcf7-form-control wpcf7-text wpcf7-validates-as-required\" aria-required=\"true\" aria-invalid=\"false\" placeholder=\"Pr\u00e9nom *\" value=\"\" type=\"text\" name=\"your-lastName\" \/><\/span>\n\t<\/p>\n<\/div>\n<div class=\"half\">\n\t<p><span class=\"wpcf7-form-control-wrap\" data-name=\"your-email\"><input size=\"40\" maxlength=\"400\" class=\"wpcf7-form-control wpcf7-email wpcf7-validates-as-required wpcf7-text wpcf7-validates-as-email\" aria-required=\"true\" aria-invalid=\"false\" placeholder=\"Email *\" value=\"\" type=\"email\" name=\"your-email\" \/><\/span>\n\t<\/p>\n<\/div>\n<div class=\"half last\">\n\t<p><span class=\"wpcf7-form-control-wrap\" data-name=\"your-tel\"><input size=\"40\" maxlength=\"400\" class=\"wpcf7-form-control wpcf7-text\" aria-invalid=\"false\" placeholder=\"T\u00e9l\u00e9phone *\" value=\"\" type=\"text\" name=\"your-tel\" \/><\/span>\n\t<\/p>\n<\/div>\n<p><span class=\"wpcf7-form-control-wrap\" data-name=\"message\"><textarea cols=\"40\" rows=\"10\" maxlength=\"2000\" class=\"wpcf7-form-control wpcf7-textarea\" aria-invalid=\"false\" placeholder=\"Int\u00e9r\u00eat pour quelle activit\u00e9 ?\" name=\"message\"><\/textarea><\/span>\n<\/p>\n<p><input class=\"wpcf7-form-control wpcf7-submit has-spinner\" type=\"submit\" value=\"Envoyer\" \/>\n<\/p><input type='hidden' class='wpcf7-pum' value='{\"closepopup\":false,\"closedelay\":0,\"openpopup\":false,\"openpopup_id\":0}' \/><div class=\"wpcf7-response-output\" aria-hidden=\"true\"><\/div>\n<\/form>\n<\/div>\n[vc_column_text]<\/p>\n<blockquote><p>Notre temps n&rsquo;a pas de prix, il a de la valeur! Offrons-le !<\/p><\/blockquote>\n<p>[\/vc_column_text][vc_tta_tabs style=\u00a0\u00bbflat\u00a0\u00bb active_section=\u00a0\u00bb1&Prime; no_fill_content_area=\u00a0\u00bbtrue\u00a0\u00bb][vc_tta_section i_icon_fontawesome=\u00a0\u00bbfa fa-map-marker\u00a0\u00bb add_icon=\u00a0\u00bbtrue\u00a0\u00bb title=\u00a0\u00bbLieux\u00a0\u00bb tab_id=\u00a0\u00bb1444296513881-1eea6d5a-a12d\u00a0\u00bb][vc_column_text css=\u00a0\u00bb\u00a0\u00bb]<\/p>\n<ul>\n<li>Vestiaire social (CSP &#8211; Caritas &#8211; Croix-Rouge genevoise)<\/li>\n<li>Boutiques de deuxi\u00e8me main <em>Renfile<\/em><\/li>\n<li>Brocantes <em>Renfile<\/em><\/li>\n<li>Administration, Atelier Galiffe, Bel \u00e2ge, etc.<\/li>\n<\/ul>\n<p>[\/vc_column_text][\/vc_tta_section][vc_tta_section i_icon_fontawesome=\u00a0\u00bbfa fa-child\u00a0\u00bb add_icon=\u00a0\u00bbtrue\u00a0\u00bb title=\u00a0\u00bbActivit\u00e9s propos\u00e9es\u00a0\u00bb tab_id=\u00a0\u00bb1444296513882-24f4b8e6-60fe\u00a0\u00bb][vc_column_text css=\u00a0\u00bb\u00a0\u00bb]<\/p>\n<ul>\n<li>Tri, \u00e9tiquetage, rangement de la marchandise<\/li>\n<li>Couture, repassage, tricot<\/li>\n<li>Accueil et vente \u00e0 la client\u00e8le<\/li>\n<li>Bricolage, v\u00e9rification et remise en \u00e9tat de diff\u00e9rents objets<\/li>\n<li>Mise sous pli, petits travaux administratifs<\/li>\n<li>Accompagnement individuel pour des d\u00e9marches, soutien<\/li>\n<li>Animation de stands lors de manifestations.<\/li>\n<\/ul>\n<blockquote><p>Une couverture d&rsquo;assurance compl\u00e9mentaire est offerte au b\u00e9n\u00e9vole dans le cadre de son activit\u00e9 au CSP.<\/p><\/blockquote>\n<p>[\/vc_column_text][\/vc_tta_section][\/vc_tta_tabs][vc_tta_accordion active_section=\u00a0\u00bb0&Prime; no_fill=\u00a0\u00bbtrue\u00a0\u00bb collapsible_all=\u00a0\u00bbtrue\u00a0\u00bb][vc_tta_section title=\u00a0\u00bbContact\u00a0\u00bb tab_id=\u00a0\u00bb1443611934795-2fc9bd8f-9a97&Prime;][vc_column_text]Senem Ozdemir Coordinatrice du b\u00e9n\u00e9volat T\u00e9l. : 022 807 07 00[\/vc_column_text][\/vc_tta_section][\/vc_tta_accordion][vc_separator][vc_column_text css=\u00a0\u00bb\u00a0\u00bb]<strong>Nombre de b\u00e9n\u00e9voles actuels <\/strong>170 personnes b\u00e9n\u00e9voles r\u00e9parties dans les services d&rsquo;activit\u00e9 : vente de brocante et deuxi\u00e8me main, activit\u00e9s pour les a\u00een\u00e9s, administration, comit\u00e9, aide aux r\u00e9fugi\u00e9s, Vestiaire social.[\/vc_column_text][\/vc_column][\/vc_row]<\/p>\n<\/div>","protected":false},"excerpt":{"rendered":"<p>[vc_row][vc_column][vc_column_text]Vous partagez les valeurs du CSP et avez envie d&rsquo;offrir un peu de votre temps et de vos comp\u00e9tences ? Vous \u00eates \u00e0 la recherche d&rsquo;une occasion de vous rendre utile dans un cadre convivial ? Rejoignez les \u00e9quipes du CSP et participez \u00e0 des projets concrets ! Le b\u00e9n\u00e9volat permet de valoriser votre savoir-faire [&hellip;]<\/p>\n","protected":false},"author":1,"featured_media":3475,"parent":0,"menu_order":0,"comment_status":"closed","ping_status":"closed","template":"","meta":{"_acf_changed":false,"footnotes":""},"class_list":["post-65","page","type-page","status-publish","has-post-thumbnail","hentry"],"acf":[],"yoast_head":"<!-- This site is optimized with the Yoast SEO plugin v27.1.1 - https:\/\/yoast.com\/product\/yoast-seo-wordpress\/ -->\n<title>B\u00e9n\u00e9volat - CSP Gen\u00e8ve<\/title>\n<meta name=\"description\" content=\"Vous avez envie d\u2019offrir un peu de votre temps et de vos comp\u00e9tences au b\u00e9n\u00e9fice d\u2019une institution qui vient en aide \u00e0 des personnes en difficult\u00e9\u00a0?\" \/>\n<meta name=\"robots\" content=\"index, follow, max-snippet:-1, max-image-preview:large, max-video-preview:-1\" \/>\n<link rel=\"canonical\" href=\"https:\/\/csp.ch\/geneve\/benevolat\/\" \/>\n<meta property=\"og:locale\" content=\"fr_FR\" \/>\n<meta property=\"og:type\" content=\"article\" \/>\n<meta property=\"og:title\" content=\"B\u00e9n\u00e9volat - CSP Gen\u00e8ve\" \/>\n<meta property=\"og:description\" content=\"Vous avez envie d\u2019offrir un peu de votre temps et de vos comp\u00e9tences au b\u00e9n\u00e9fice d\u2019une institution qui vient en aide \u00e0 des personnes en difficult\u00e9\u00a0?\" \/>\n<meta property=\"og:url\" content=\"https:\/\/csp.ch\/geneve\/benevolat\/\" \/>\n<meta property=\"og:site_name\" content=\"CSP Gen\u00e8ve\" \/>\n<meta property=\"article:modified_time\" content=\"2026-04-07T16:47:46+00:00\" \/>\n<meta property=\"og:image\" content=\"https:\/\/csp.ch\/wp-content\/uploads\/sites\/5\/2018\/10\/DEM_7241-scaled.jpg\" \/>\n\t<meta property=\"og:image:width\" content=\"2560\" \/>\n\t<meta property=\"og:image:height\" content=\"1790\" \/>\n\t<meta property=\"og:image:type\" content=\"image\/jpeg\" \/>\n<meta name=\"twitter:card\" content=\"summary_large_image\" \/>\n<meta name=\"twitter:label1\" content=\"Dur\u00e9e de lecture estim\u00e9e\" \/>\n\t<meta name=\"twitter:data1\" content=\"2 minutes\" \/>\n<script type=\"application\/ld+json\" class=\"yoast-schema-graph\">{\"@context\":\"https:\/\/schema.org\",\"@graph\":[{\"@type\":\"WebPage\",\"@id\":\"https:\/\/csp.ch\/geneve\/benevolat\/\",\"url\":\"https:\/\/csp.ch\/geneve\/benevolat\/\",\"name\":\"B\u00e9n\u00e9volat - CSP Gen\u00e8ve\",\"isPartOf\":{\"@id\":\"https:\/\/csp.ch\/geneve\/#website\"},\"primaryImageOfPage\":{\"@id\":\"https:\/\/csp.ch\/geneve\/benevolat\/#primaryimage\"},\"image\":{\"@id\":\"https:\/\/csp.ch\/geneve\/benevolat\/#primaryimage\"},\"thumbnailUrl\":\"https:\/\/csp.ch\/wp-content\/uploads\/sites\/5\/2018\/10\/DEM_7241-scaled.jpg\",\"datePublished\":\"2015-08-11T11:03:16+00:00\",\"dateModified\":\"2026-04-07T16:47:46+00:00\",\"description\":\"Vous avez envie d\u2019offrir un peu de votre temps et de vos comp\u00e9tences au b\u00e9n\u00e9fice d\u2019une institution qui vient en aide \u00e0 des personnes en difficult\u00e9\u00a0?\",\"breadcrumb\":{\"@id\":\"https:\/\/csp.ch\/geneve\/benevolat\/#breadcrumb\"},\"inLanguage\":\"fr-FR\",\"potentialAction\":[{\"@type\":\"ReadAction\",\"target\":[\"https:\/\/csp.ch\/geneve\/benevolat\/\"]}]},{\"@type\":\"ImageObject\",\"inLanguage\":\"fr-FR\",\"@id\":\"https:\/\/csp.ch\/geneve\/benevolat\/#primaryimage\",\"url\":\"https:\/\/csp.ch\/wp-content\/uploads\/sites\/5\/2018\/10\/DEM_7241-scaled.jpg\",\"contentUrl\":\"https:\/\/csp.ch\/wp-content\/uploads\/sites\/5\/2018\/10\/DEM_7241-scaled.jpg\",\"width\":2560,\"height\":1790},{\"@type\":\"BreadcrumbList\",\"@id\":\"https:\/\/csp.ch\/geneve\/benevolat\/#breadcrumb\",\"itemListElement\":[{\"@type\":\"ListItem\",\"position\":1,\"name\":\"Accueil\",\"item\":\"https:\/\/csp.ch\/geneve\/\"},{\"@type\":\"ListItem\",\"position\":2,\"name\":\"B\u00e9n\u00e9volat\"}]},{\"@type\":\"WebSite\",\"@id\":\"https:\/\/csp.ch\/geneve\/#website\",\"url\":\"https:\/\/csp.ch\/geneve\/\",\"name\":\"CSP Gen\u00e8ve\",\"description\":\"\",\"potentialAction\":[{\"@type\":\"SearchAction\",\"target\":{\"@type\":\"EntryPoint\",\"urlTemplate\":\"https:\/\/csp.ch\/geneve\/?s={search_term_string}\"},\"query-input\":{\"@type\":\"PropertyValueSpecification\",\"valueRequired\":true,\"valueName\":\"search_term_string\"}}],\"inLanguage\":\"fr-FR\"}]}<\/script>\n<!-- \/ Yoast SEO plugin. -->","yoast_head_json":{"title":"B\u00e9n\u00e9volat - CSP Gen\u00e8ve","description":"Vous avez envie d\u2019offrir un peu de votre temps et de vos comp\u00e9tences au b\u00e9n\u00e9fice d\u2019une institution qui vient en aide \u00e0 des personnes en difficult\u00e9\u00a0?","robots":{"index":"index","follow":"follow","max-snippet":"max-snippet:-1","max-image-preview":"max-image-preview:large","max-video-preview":"max-video-preview:-1"},"canonical":"https:\/\/csp.ch\/geneve\/benevolat\/","og_locale":"fr_FR","og_type":"article","og_title":"B\u00e9n\u00e9volat - CSP Gen\u00e8ve","og_description":"Vous avez envie d\u2019offrir un peu de votre temps et de vos comp\u00e9tences au b\u00e9n\u00e9fice d\u2019une institution qui vient en aide \u00e0 des personnes en difficult\u00e9\u00a0?","og_url":"https:\/\/csp.ch\/geneve\/benevolat\/","og_site_name":"CSP Gen\u00e8ve","article_modified_time":"2026-04-07T16:47:46+00:00","og_image":[{"width":2560,"height":1790,"url":"https:\/\/csp.ch\/wp-content\/uploads\/sites\/5\/2018\/10\/DEM_7241-scaled.jpg","type":"image\/jpeg"}],"twitter_card":"summary_large_image","twitter_misc":{"Dur\u00e9e de lecture estim\u00e9e":"2 minutes"},"schema":{"@context":"https:\/\/schema.org","@graph":[{"@type":"WebPage","@id":"https:\/\/csp.ch\/geneve\/benevolat\/","url":"https:\/\/csp.ch\/geneve\/benevolat\/","name":"B\u00e9n\u00e9volat - CSP Gen\u00e8ve","isPartOf":{"@id":"https:\/\/csp.ch\/geneve\/#website"},"primaryImageOfPage":{"@id":"https:\/\/csp.ch\/geneve\/benevolat\/#primaryimage"},"image":{"@id":"https:\/\/csp.ch\/geneve\/benevolat\/#primaryimage"},"thumbnailUrl":"https:\/\/csp.ch\/wp-content\/uploads\/sites\/5\/2018\/10\/DEM_7241-scaled.jpg","datePublished":"2015-08-11T11:03:16+00:00","dateModified":"2026-04-07T16:47:46+00:00","description":"Vous avez envie d\u2019offrir un peu de votre temps et de vos comp\u00e9tences au b\u00e9n\u00e9fice d\u2019une institution qui vient en aide \u00e0 des personnes en difficult\u00e9\u00a0?","breadcrumb":{"@id":"https:\/\/csp.ch\/geneve\/benevolat\/#breadcrumb"},"inLanguage":"fr-FR","potentialAction":[{"@type":"ReadAction","target":["https:\/\/csp.ch\/geneve\/benevolat\/"]}]},{"@type":"ImageObject","inLanguage":"fr-FR","@id":"https:\/\/csp.ch\/geneve\/benevolat\/#primaryimage","url":"https:\/\/csp.ch\/wp-content\/uploads\/sites\/5\/2018\/10\/DEM_7241-scaled.jpg","contentUrl":"https:\/\/csp.ch\/wp-content\/uploads\/sites\/5\/2018\/10\/DEM_7241-scaled.jpg","width":2560,"height":1790},{"@type":"BreadcrumbList","@id":"https:\/\/csp.ch\/geneve\/benevolat\/#breadcrumb","itemListElement":[{"@type":"ListItem","position":1,"name":"Accueil","item":"https:\/\/csp.ch\/geneve\/"},{"@type":"ListItem","position":2,"name":"B\u00e9n\u00e9volat"}]},{"@type":"WebSite","@id":"https:\/\/csp.ch\/geneve\/#website","url":"https:\/\/csp.ch\/geneve\/","name":"CSP Gen\u00e8ve","description":"","potentialAction":[{"@type":"SearchAction","target":{"@type":"EntryPoint","urlTemplate":"https:\/\/csp.ch\/geneve\/?s={search_term_string}"},"query-input":{"@type":"PropertyValueSpecification","valueRequired":true,"valueName":"search_term_string"}}],"inLanguage":"fr-FR"}]}},"_links":{"self":[{"href":"https:\/\/csp.ch\/geneve\/wp-json\/wp\/v2\/pages\/65","targetHints":{"allow":["GET"]}}],"collection":[{"href":"https:\/\/csp.ch\/geneve\/wp-json\/wp\/v2\/pages"}],"about":[{"href":"https:\/\/csp.ch\/geneve\/wp-json\/wp\/v2\/types\/page"}],"author":[{"embeddable":true,"href":"https:\/\/csp.ch\/geneve\/wp-json\/wp\/v2\/users\/1"}],"replies":[{"embeddable":true,"href":"https:\/\/csp.ch\/geneve\/wp-json\/wp\/v2\/comments?post=65"}],"version-history":[{"count":8,"href":"https:\/\/csp.ch\/geneve\/wp-json\/wp\/v2\/pages\/65\/revisions"}],"predecessor-version":[{"id":31510,"href":"https:\/\/csp.ch\/geneve\/wp-json\/wp\/v2\/pages\/65\/revisions\/31510"}],"wp:featuredmedia":[{"embeddable":true,"href":"https:\/\/csp.ch\/geneve\/wp-json\/wp\/v2\/media\/3475"}],"wp:attachment":[{"href":"https:\/\/csp.ch\/geneve\/wp-json\/wp\/v2\/media?parent=65"}],"curies":[{"name":"wp","href":"https:\/\/api.w.org\/{rel}","templated":true}]}}