{"id":302,"date":"2015-08-27T18:21:53","date_gmt":"2015-08-27T17:21:53","guid":{"rendered":"https:\/\/csp.ch\/ge\/?page_id=302"},"modified":"2024-11-11T17:39:46","modified_gmt":"2024-11-11T16:39:46","slug":"benevolat-dentreprise","status":"publish","type":"page","link":"https:\/\/csp.ch\/geneve\/benevolat\/benevolat-dentreprise\/","title":{"rendered":"B\u00e9n\u00e9volat <strong>d&rsquo;entreprise<\/strong>"},"content":{"rendered":"<div class=\"wpb-content-wrapper\"><p>[vc_row][vc_column][vc_column_text]Plusieurs entreprises implant\u00e9es dans le canton de Gen\u00e8ve, conscientes de leur responsabilit\u00e9 sociale, s\u2019engagent pour <strong>soutenir les projets sociaux du CSP<\/strong>. En faisant des dons d\u2019une part et, d\u2019autre part, en offrant les forces b\u00e9n\u00e9voles de leurs employ\u00e9s volontaires dans des actions ponctuelles.<\/p>\n<p>Nous recevons avec reconnaissance et professionnalisme les charg\u00e9s de projets des entreprises qui souhaitent manifester leur solidarit\u00e9 par une action \u00e0 d\u00e9finir ensemble.[\/vc_column_text][vc_tta_accordion active_section=\u00a0\u00bb0&Prime; no_fill=\u00a0\u00bbtrue\u00a0\u00bb collapsible_all=\u00a0\u00bbtrue\u00a0\u00bb][vc_tta_section title=\u00a0\u00bbContact\u00a0\u00bb tab_id=\u00a0\u00bb1443612485135-b6455dae-06e9&Prime;][vc_column_text css=\u00a0\u00bb\u00a0\u00bb]Renfile<\/p>\n<p><a href=\"&#x6d;a&#x69;l&#x74;&#111;&#x3a;&#114;e&#x6e;f&#x69;&#108;&#x65;&#64;&#x63;&#115;p&#x2d;g&#x65;&#46;&#x63;&#104;\">Contactez-nous par email<br \/>\n<\/a>T\u00e9l: 022 807 07 00[\/vc_column_text][\/vc_tta_section][\/vc_tta_accordion]\n<div class=\"wpcf7 no-js\" id=\"wpcf7-f580-o1\" lang=\"fr-FR\" dir=\"ltr\" data-wpcf7-id=\"580\">\n<div class=\"screen-reader-response\"><p role=\"status\" aria-live=\"polite\" aria-atomic=\"true\"><\/p> <ul><\/ul><\/div>\n<form action=\"\/geneve\/wp-json\/wp\/v2\/pages\/302#wpcf7-f580-o1\" method=\"post\" class=\"wpcf7-form init\" aria-label=\"Formulaire de contact\" novalidate=\"novalidate\" data-status=\"init\">\n<fieldset class=\"hidden-fields-container\"><input type=\"hidden\" name=\"_wpcf7\" value=\"580\" \/><input type=\"hidden\" name=\"_wpcf7_version\" value=\"6.1.5\" \/><input type=\"hidden\" name=\"_wpcf7_locale\" value=\"fr_FR\" \/><input type=\"hidden\" name=\"_wpcf7_unit_tag\" value=\"wpcf7-f580-o1\" \/><input type=\"hidden\" name=\"_wpcf7_container_post\" value=\"0\" \/><input type=\"hidden\" name=\"_wpcf7_posted_data_hash\" value=\"\" \/>\n<\/fieldset>\n<p><span class=\"wpcf7-form-control-wrap\" data-name=\"entreprise\"><input size=\"40\" maxlength=\"400\" class=\"wpcf7-form-control wpcf7-text wpcf7-validates-as-required\" aria-required=\"true\" aria-invalid=\"false\" placeholder=\"Entreprise\" value=\"\" type=\"text\" name=\"entreprise\" \/><\/span><br \/>\n<span class=\"wpcf7-form-control-wrap\" data-name=\"nom\"><input size=\"40\" maxlength=\"400\" class=\"wpcf7-form-control wpcf7-text\" aria-invalid=\"false\" placeholder=\"Nom\" value=\"\" type=\"text\" name=\"nom\" \/><\/span><br \/>\n<span class=\"wpcf7-form-control-wrap\" data-name=\"email-131\"><input size=\"40\" maxlength=\"400\" class=\"wpcf7-form-control wpcf7-email wpcf7-validates-as-required wpcf7-text wpcf7-validates-as-email\" aria-required=\"true\" aria-invalid=\"false\" placeholder=\"Email\" value=\"\" type=\"email\" name=\"email-131\" \/><\/span><br \/>\n<span class=\"wpcf7-form-control-wrap\" data-name=\"message\"><textarea cols=\"40\" rows=\"10\" maxlength=\"2000\" class=\"wpcf7-form-control wpcf7-textarea wpcf7-validates-as-required\" aria-required=\"true\" aria-invalid=\"false\" placeholder=\"Message\" name=\"message\"><\/textarea><\/span>\n<\/p>\n<p><input class=\"wpcf7-form-control wpcf7-submit has-spinner\" type=\"submit\" value=\"Envoyer\" \/>\n<\/p><input type='hidden' class='wpcf7-pum' value='{\"closepopup\":false,\"closedelay\":0,\"openpopup\":false,\"openpopup_id\":0}' \/><div class=\"wpcf7-response-output\" aria-hidden=\"true\"><\/div>\n<\/form>\n<\/div>\n[\/vc_column][\/vc_row]<\/p>\n<\/div>","protected":false},"excerpt":{"rendered":"<p>[vc_row][vc_column][vc_column_text]Plusieurs entreprises implant\u00e9es dans le canton de Gen\u00e8ve, conscientes de leur responsabilit\u00e9 sociale, s\u2019engagent pour soutenir les projets sociaux du CSP. En faisant des dons d\u2019une part et, d\u2019autre part, en offrant les forces b\u00e9n\u00e9voles de leurs employ\u00e9s volontaires dans des actions ponctuelles. Nous recevons avec reconnaissance et professionnalisme les charg\u00e9s de projets des entreprises [&hellip;]<\/p>\n","protected":false},"author":1,"featured_media":817,"parent":65,"menu_order":0,"comment_status":"closed","ping_status":"closed","template":"","meta":{"_acf_changed":false,"footnotes":""},"class_list":["post-302","page","type-page","status-publish","has-post-thumbnail","hentry"],"acf":[],"yoast_head":"<!-- This site is optimized with the Yoast SEO plugin v27.1.1 - https:\/\/yoast.com\/product\/yoast-seo-wordpress\/ -->\n<title>B\u00e9n\u00e9volat d&#039;entreprise - CSP Gen\u00e8ve<\/title>\n<meta name=\"description\" content=\"Plusieurs entreprises implant\u00e9es dans le canton de Gen\u00e8ve, conscientes de leur responsabilit\u00e9 sociale, s\u2019engagent pour\u00a0soutenir les projets sociaux du CSP.\" \/>\n<meta name=\"robots\" content=\"index, follow, max-snippet:-1, max-image-preview:large, max-video-preview:-1\" \/>\n<link rel=\"canonical\" href=\"https:\/\/csp.ch\/geneve\/benevolat\/benevolat-dentreprise\/\" \/>\n<meta property=\"og:locale\" content=\"fr_FR\" \/>\n<meta property=\"og:type\" content=\"article\" \/>\n<meta property=\"og:title\" content=\"B\u00e9n\u00e9volat d&#039;entreprise - CSP Gen\u00e8ve\" \/>\n<meta property=\"og:description\" content=\"Plusieurs entreprises implant\u00e9es dans le canton de Gen\u00e8ve, conscientes de leur responsabilit\u00e9 sociale, s\u2019engagent pour\u00a0soutenir les projets sociaux du CSP.\" \/>\n<meta property=\"og:url\" content=\"https:\/\/csp.ch\/geneve\/benevolat\/benevolat-dentreprise\/\" \/>\n<meta property=\"og:site_name\" content=\"CSP Gen\u00e8ve\" \/>\n<meta property=\"article:modified_time\" content=\"2024-11-11T16:39:46+00:00\" \/>\n<meta property=\"og:image\" content=\"https:\/\/csp.ch\/wp-content\/uploads\/sites\/5\/2015\/08\/20151127\u00a9CSP-GE_RebeccaBowring1-9.jpg\" \/>\n\t<meta property=\"og:image:width\" content=\"2000\" \/>\n\t<meta property=\"og:image:height\" content=\"1333\" \/>\n\t<meta property=\"og:image:type\" content=\"image\/jpeg\" \/>\n<meta name=\"twitter:card\" content=\"summary_large_image\" \/>\n<meta name=\"twitter:label1\" content=\"Dur\u00e9e de lecture estim\u00e9e\" \/>\n\t<meta name=\"twitter:data1\" content=\"1 minute\" \/>\n<script type=\"application\/ld+json\" class=\"yoast-schema-graph\">{\"@context\":\"https:\/\/schema.org\",\"@graph\":[{\"@type\":\"WebPage\",\"@id\":\"https:\/\/csp.ch\/geneve\/benevolat\/benevolat-dentreprise\/\",\"url\":\"https:\/\/csp.ch\/geneve\/benevolat\/benevolat-dentreprise\/\",\"name\":\"B\u00e9n\u00e9volat d'entreprise - CSP Gen\u00e8ve\",\"isPartOf\":{\"@id\":\"https:\/\/csp.ch\/geneve\/#website\"},\"primaryImageOfPage\":{\"@id\":\"https:\/\/csp.ch\/geneve\/benevolat\/benevolat-dentreprise\/#primaryimage\"},\"image\":{\"@id\":\"https:\/\/csp.ch\/geneve\/benevolat\/benevolat-dentreprise\/#primaryimage\"},\"thumbnailUrl\":\"https:\/\/csp.ch\/wp-content\/uploads\/sites\/5\/2015\/08\/20151127\u00a9CSP-GE_RebeccaBowring1-9.jpg\",\"datePublished\":\"2015-08-27T17:21:53+00:00\",\"dateModified\":\"2024-11-11T16:39:46+00:00\",\"description\":\"Plusieurs entreprises implant\u00e9es dans le canton de Gen\u00e8ve, conscientes de leur responsabilit\u00e9 sociale, s\u2019engagent pour\u00a0soutenir les projets sociaux du CSP.\",\"breadcrumb\":{\"@id\":\"https:\/\/csp.ch\/geneve\/benevolat\/benevolat-dentreprise\/#breadcrumb\"},\"inLanguage\":\"fr-FR\",\"potentialAction\":[{\"@type\":\"ReadAction\",\"target\":[\"https:\/\/csp.ch\/geneve\/benevolat\/benevolat-dentreprise\/\"]}]},{\"@type\":\"ImageObject\",\"inLanguage\":\"fr-FR\",\"@id\":\"https:\/\/csp.ch\/geneve\/benevolat\/benevolat-dentreprise\/#primaryimage\",\"url\":\"https:\/\/csp.ch\/wp-content\/uploads\/sites\/5\/2015\/08\/20151127\u00a9CSP-GE_RebeccaBowring1-9.jpg\",\"contentUrl\":\"https:\/\/csp.ch\/wp-content\/uploads\/sites\/5\/2015\/08\/20151127\u00a9CSP-GE_RebeccaBowring1-9.jpg\",\"width\":2000,\"height\":1333},{\"@type\":\"BreadcrumbList\",\"@id\":\"https:\/\/csp.ch\/geneve\/benevolat\/benevolat-dentreprise\/#breadcrumb\",\"itemListElement\":[{\"@type\":\"ListItem\",\"position\":1,\"name\":\"Accueil\",\"item\":\"https:\/\/csp.ch\/geneve\/\"},{\"@type\":\"ListItem\",\"position\":2,\"name\":\"B\u00e9n\u00e9volat\",\"item\":\"https:\/\/csp.ch\/geneve\/benevolat\/\"},{\"@type\":\"ListItem\",\"position\":3,\"name\":\"B\u00e9n\u00e9volat d&rsquo;entreprise\"}]},{\"@type\":\"WebSite\",\"@id\":\"https:\/\/csp.ch\/geneve\/#website\",\"url\":\"https:\/\/csp.ch\/geneve\/\",\"name\":\"CSP Gen\u00e8ve\",\"description\":\"\",\"potentialAction\":[{\"@type\":\"SearchAction\",\"target\":{\"@type\":\"EntryPoint\",\"urlTemplate\":\"https:\/\/csp.ch\/geneve\/?s={search_term_string}\"},\"query-input\":{\"@type\":\"PropertyValueSpecification\",\"valueRequired\":true,\"valueName\":\"search_term_string\"}}],\"inLanguage\":\"fr-FR\"}]}<\/script>\n<!-- \/ Yoast SEO plugin. -->","yoast_head_json":{"title":"B\u00e9n\u00e9volat d'entreprise - CSP Gen\u00e8ve","description":"Plusieurs entreprises implant\u00e9es dans le canton de Gen\u00e8ve, conscientes de leur responsabilit\u00e9 sociale, s\u2019engagent pour\u00a0soutenir les projets sociaux du CSP.","robots":{"index":"index","follow":"follow","max-snippet":"max-snippet:-1","max-image-preview":"max-image-preview:large","max-video-preview":"max-video-preview:-1"},"canonical":"https:\/\/csp.ch\/geneve\/benevolat\/benevolat-dentreprise\/","og_locale":"fr_FR","og_type":"article","og_title":"B\u00e9n\u00e9volat d'entreprise - CSP Gen\u00e8ve","og_description":"Plusieurs entreprises implant\u00e9es dans le canton de Gen\u00e8ve, conscientes de leur responsabilit\u00e9 sociale, s\u2019engagent pour\u00a0soutenir les projets sociaux du CSP.","og_url":"https:\/\/csp.ch\/geneve\/benevolat\/benevolat-dentreprise\/","og_site_name":"CSP Gen\u00e8ve","article_modified_time":"2024-11-11T16:39:46+00:00","og_image":[{"width":2000,"height":1333,"url":"https:\/\/csp.ch\/wp-content\/uploads\/sites\/5\/2015\/08\/20151127\u00a9CSP-GE_RebeccaBowring1-9.jpg","type":"image\/jpeg"}],"twitter_card":"summary_large_image","twitter_misc":{"Dur\u00e9e de lecture estim\u00e9e":"1 minute"},"schema":{"@context":"https:\/\/schema.org","@graph":[{"@type":"WebPage","@id":"https:\/\/csp.ch\/geneve\/benevolat\/benevolat-dentreprise\/","url":"https:\/\/csp.ch\/geneve\/benevolat\/benevolat-dentreprise\/","name":"B\u00e9n\u00e9volat d'entreprise - CSP Gen\u00e8ve","isPartOf":{"@id":"https:\/\/csp.ch\/geneve\/#website"},"primaryImageOfPage":{"@id":"https:\/\/csp.ch\/geneve\/benevolat\/benevolat-dentreprise\/#primaryimage"},"image":{"@id":"https:\/\/csp.ch\/geneve\/benevolat\/benevolat-dentreprise\/#primaryimage"},"thumbnailUrl":"https:\/\/csp.ch\/wp-content\/uploads\/sites\/5\/2015\/08\/20151127\u00a9CSP-GE_RebeccaBowring1-9.jpg","datePublished":"2015-08-27T17:21:53+00:00","dateModified":"2024-11-11T16:39:46+00:00","description":"Plusieurs entreprises implant\u00e9es dans le canton de Gen\u00e8ve, conscientes de leur responsabilit\u00e9 sociale, s\u2019engagent pour\u00a0soutenir les projets sociaux du CSP.","breadcrumb":{"@id":"https:\/\/csp.ch\/geneve\/benevolat\/benevolat-dentreprise\/#breadcrumb"},"inLanguage":"fr-FR","potentialAction":[{"@type":"ReadAction","target":["https:\/\/csp.ch\/geneve\/benevolat\/benevolat-dentreprise\/"]}]},{"@type":"ImageObject","inLanguage":"fr-FR","@id":"https:\/\/csp.ch\/geneve\/benevolat\/benevolat-dentreprise\/#primaryimage","url":"https:\/\/csp.ch\/wp-content\/uploads\/sites\/5\/2015\/08\/20151127\u00a9CSP-GE_RebeccaBowring1-9.jpg","contentUrl":"https:\/\/csp.ch\/wp-content\/uploads\/sites\/5\/2015\/08\/20151127\u00a9CSP-GE_RebeccaBowring1-9.jpg","width":2000,"height":1333},{"@type":"BreadcrumbList","@id":"https:\/\/csp.ch\/geneve\/benevolat\/benevolat-dentreprise\/#breadcrumb","itemListElement":[{"@type":"ListItem","position":1,"name":"Accueil","item":"https:\/\/csp.ch\/geneve\/"},{"@type":"ListItem","position":2,"name":"B\u00e9n\u00e9volat","item":"https:\/\/csp.ch\/geneve\/benevolat\/"},{"@type":"ListItem","position":3,"name":"B\u00e9n\u00e9volat d&rsquo;entreprise"}]},{"@type":"WebSite","@id":"https:\/\/csp.ch\/geneve\/#website","url":"https:\/\/csp.ch\/geneve\/","name":"CSP Gen\u00e8ve","description":"","potentialAction":[{"@type":"SearchAction","target":{"@type":"EntryPoint","urlTemplate":"https:\/\/csp.ch\/geneve\/?s={search_term_string}"},"query-input":{"@type":"PropertyValueSpecification","valueRequired":true,"valueName":"search_term_string"}}],"inLanguage":"fr-FR"}]}},"_links":{"self":[{"href":"https:\/\/csp.ch\/geneve\/wp-json\/wp\/v2\/pages\/302","targetHints":{"allow":["GET"]}}],"collection":[{"href":"https:\/\/csp.ch\/geneve\/wp-json\/wp\/v2\/pages"}],"about":[{"href":"https:\/\/csp.ch\/geneve\/wp-json\/wp\/v2\/types\/page"}],"author":[{"embeddable":true,"href":"https:\/\/csp.ch\/geneve\/wp-json\/wp\/v2\/users\/1"}],"replies":[{"embeddable":true,"href":"https:\/\/csp.ch\/geneve\/wp-json\/wp\/v2\/comments?post=302"}],"version-history":[{"count":3,"href":"https:\/\/csp.ch\/geneve\/wp-json\/wp\/v2\/pages\/302\/revisions"}],"predecessor-version":[{"id":24539,"href":"https:\/\/csp.ch\/geneve\/wp-json\/wp\/v2\/pages\/302\/revisions\/24539"}],"up":[{"embeddable":true,"href":"https:\/\/csp.ch\/geneve\/wp-json\/wp\/v2\/pages\/65"}],"wp:featuredmedia":[{"embeddable":true,"href":"https:\/\/csp.ch\/geneve\/wp-json\/wp\/v2\/media\/817"}],"wp:attachment":[{"href":"https:\/\/csp.ch\/geneve\/wp-json\/wp\/v2\/media?parent=302"}],"curies":[{"name":"wp","href":"https:\/\/api.w.org\/{rel}","templated":true}]}}