{"id":276,"date":"2015-08-27T17:06:34","date_gmt":"2015-08-27T16:06:34","guid":{"rendered":"https:\/\/csp.ch\/ge\/?page_id=276"},"modified":"2025-04-01T16:12:27","modified_gmt":"2025-04-01T14:12:27","slug":"brocantes-et-boutiques","status":"publish","type":"page","link":"https:\/\/csp.ch\/geneve\/brocantes-et-boutiques\/","title":{"rendered":"<strong>Brocantes<\/strong> et <strong>boutiques<\/strong>"},"content":{"rendered":"<div class=\"wpb-content-wrapper\"><p>[vc_row][vc_column][vc_column_text css=\u00a0\u00bb\u00a0\u00bb]Les brocantes et boutiques du CSP sont d\u00e9sormais regroup\u00e9es sous la marque \u00ab\u00a0Renfile\u00a0\u00bb. Celle-ci renvoie au lieu o\u00f9 s\u2019est nich\u00e9e notre premi\u00e8re brocante, au chemin de la Renfile, en 1963.[\/vc_column_text][vc_column_text]<\/p>\n<blockquote>\n<p style=\"text-align: center\">Vintage, design et pratique<\/p>\n<\/blockquote>\n<p style=\"text-align: center\"><strong><a href=\"https:\/\/renfile.ch\/\"><img loading=\"lazy\" decoding=\"async\" class=\"size-full wp-image-15186 aligncenter\" src=\"https:\/\/csp.ch\/geneve\/wp-content\/uploads\/sites\/5\/2021\/10\/Bouton-web-Renfile.png\" alt=\"\" width=\"244\" height=\"69\" srcset=\"https:\/\/csp.ch\/wp-content\/uploads\/sites\/5\/2021\/10\/Bouton-web-Renfile.png 244w, https:\/\/csp.ch\/wp-content\/uploads\/sites\/5\/2021\/10\/Bouton-web-Renfile-240x68.png 240w\" sizes=\"auto, (max-width: 244px) 100vw, 244px\" \/><\/a><\/strong><\/p>\n<p>[\/vc_column_text][vc_column_text]Horaires et adresses[\/vc_column_text][vc_column_text]<div class=\"store-list\"><div class=\"toggleTitle\"><i class=\"fa fa-plus\"><\/i><span>La Brocante Renfile  de <strong>Meyrin<\/strong><\/span><\/div><div class=\"toggleContent\"><div class=\"text\"><p><a href=\"https:\/\/www.google.com\/maps\/place\/Renfile+Brocante+du+CSP\/@46.2272161,6.0655359,17z\/data=!3m1!4b1!4m6!3m5!1s0x478c631a2d5002e1:0x5087f1d91a851061!8m2!3d46.2272161!4d6.0655359!16s%2Fg%2F11bvcv33ph?entry=ttu\">Rue Alphonse-Large 19, 1217 Meyrin<\/a><\/p>\n<p>T\u00e9l. 022 341 13 02<\/p>\n<p>Mail :\u00a0<a href=\"mailto:Renfile1&#64;csp-ge&#46;c&#104;\" target=\"_blank\" rel=\"noreferrer noopener\">&#x72;&#x65;&#x6e;&#102;&#105;&#108;e1&#x40;&#x63;&#x73;&#x70;&#45;&#103;e&#46;&#x63;&#x68;<\/a><\/p>\n<p><strong>HORAIRES<\/strong><\/p>\n<ul>\n<li>La brocante est ferm\u00e9e le lundi mais l\u2019accueil donateurs reste ouvert de 10h \u00e0 16h.<\/li>\n<li>Du mardi\u00a0au vendredi de 10h \u00e0 17h.<\/li>\n<li>Samedi de 10h \u00e0 18h.<\/li>\n<\/ul>\n<p><strong>ACC\u00c8S<\/strong><\/p>\n<p>Bus 56, 57 et 71, arr\u00eat Maillard<br \/>\nTram 18, arr\u00eat H\u00f4pital La Tour<\/p>\n<p>Parking gratuit<\/p>\n<\/div>\t\t\t<div class=\"mapapi\" data-centerlat=\"46.2264142\" data-centerlng=\"6.064813700000059\" data-zoom=\"13\" style=\"display:none;\">\n\t\t\t\t<span class=\"marker\" data-poslat=\"46.2264142\" data-poslng=\"6.064813700000059\" data-title=\"La Brocante Renfile  de Meyrin\" data-marker=\"a\">\n\t\t\t\t\t<span class=\"infomap-title\">La Brocante Renfile  de <strong>Meyrin<\/strong><\/span>\n\t\t\t\t\t<span class=\"infomap-content\">\n\t\t\t\t\t\t\t\t\t\t\t\t<p>Rue Alphonse-Large 19<br> Meyrin<br> Suisse<\/p>\t\t\t\t\t<\/span>\n\t\t\t\t<\/span>\n\t\t\t<\/div>\n\t\t\t<\/div><\/div><div class=\"store-list\"><div class=\"toggleTitle\"><i class=\"fa fa-plus\"><\/i><span>La Brocante Renfile de <strong>Plan-les-Ouates<\/strong><\/span><\/div><div class=\"toggleContent\"><div class=\"text\"><p><a href=\"https:\/\/www.google.com\/maps\/place\/Route+de+la+Galaise+17,+1228+Plan-les-Ouates,+Suisse\/@46.1657206,6.1025873,17z\/data=!3m1!4b1!4m5!3m4!1s0x478c7b76ad35d591:0xf39c8079741ffdfb!8m2!3d46.1657206!4d6.104776\">Route de la Galaise 17 &#8211; 1228 Plan-les-Ouates<\/a><br \/>\nEspace Tourbillon \/ b\u00e2timent C<br \/>\nEntr\u00e9e c\u00f4t\u00e9 ch. du Champ-des-Filles<\/p>\n<p>T\u00e9l. 022 794 55 40<\/p>\n<p>Mail :\u00a0<a href=\"m&#97;&#x69;&#x6c;&#x74;o&#58;&#x52;&#x65;&#x6e;f&#105;&#x6c;&#x65;&#x32;&#64;&#99;&#x73;&#x70;&#x2d;g&#101;&#x2e;&#x63;&#x68;\" target=\"_blank\" rel=\"noreferrer noopener\">&#x72;&#x65;&#110;f&#x69;&#x6c;&#101;2&#64;&#x63;&#x73;&#112;-&#x67;&#x65;&#46;&#99;h<\/a><\/p>\n<p><strong>HORAIRES<\/strong><\/p>\n<ul>\n<li>Lundi &#8211; 10h00 &#8211; 17h00<\/li>\n<li>Mardi &#8211; vendredi de 08h \u00e0 17h00<\/li>\n<li>Samedi de 09h00 \u00e0 17h00<\/li>\n<\/ul>\n<p><strong>ACC\u00c8S<\/strong><\/p>\n<p>Tram 15: arr\u00eat \u2018Plan-les-Ouates Ziplo\u2019<br \/>\nBus 22 et 62: arriv\u00e9e arr\u00eat \u2018Ziplo\u2019 (terminus), d\u00e9part arr\u00eat \u2018Tourbillon\u2019<br \/>\nBus 42: arr\u00eat \u2018Manufactures\u2019<br \/>\nBus D: arr\u00eat \u2018Galaise\u2019<br \/>\nT72, Bus Lihsa: arr\u00eat \u2018Plan-les-Ouates Ziplo\u2019<\/p>\n<p>Parking souterrain (la premi\u00e8re heure de stationnement est gratuite)<\/p>\n<p>Un <span style=\"color: #f4960f\"><strong>espace donateurs<\/strong><\/span> a \u00e9t\u00e9 mis en place avec 2 places qui leur sont r\u00e9serv\u00e9es au premier niveau du sous-sol du parking.<\/p>\n<\/div>\t\t\t<div class=\"mapapi\" data-centerlat=\"46.1657864\" data-centerlng=\"6.1014511\" data-zoom=\"13\" style=\"display:none;\">\n\t\t\t\t<span class=\"marker\" data-poslat=\"46.1657864\" data-poslng=\"6.1014511\" data-title=\"La Brocante Renfile de Plan-les-Ouates\" data-marker=\"a\">\n\t\t\t\t\t<span class=\"infomap-title\">La Brocante Renfile de <strong>Plan-les-Ouates<\/strong><\/span>\n\t\t\t\t\t<span class=\"infomap-content\">\n\t\t\t\t\t\t\t\t\t\t\t\t<p>Chem. du Tourbillon &amp; Chem. du Champ-des-Filles<br> 1228 Plan-les-Ouates<br> Suisse<\/p>\t\t\t\t\t<\/span>\n\t\t\t\t<\/span>\n\t\t\t<\/div>\n\t\t\t<\/div><\/div>[\/vc_column_text][vc_column_text]<div class=\"store-list\"><div class=\"toggleTitle\"><i class=\"fa fa-plus\"><\/i><span>La Boutique de <strong>Plainpalais<\/strong><\/span><\/div><div class=\"toggleContent\"><div class=\"text\"><p><a href=\"https:\/\/www.google.com\/search?q=renfile%20plainpalais&amp;rlz=1C1GCEU_frCH942CH942&amp;ei=EGNMYcf4J82WaIO-qVA&amp;oq=renfile+plainpalais&amp;gs_lcp=Cgdnd3Mtd2l6EAM6BAgAEEM6CAgAEIAEELEDOgsILhCABBCxAxCDAToLCAAQgAQQsQMQgwE6BQgAEIAEOgoILhDHARCjAhBDOg4ILhCABBCxAxDHARDRAzoHCAAQsQMQQzoICAAQgAQQyQM6BQgAEJIDOg4ILhCABBCxAxDHARCjAjoKCC4QsQMQgwEQQzoICAAQsQMQgwE6CAguELEDEIMBOgsILhCABBCxAxCTAjoFCAAQsQM6CwguEIAEEMcBEK8BOg4ILhCABBDHARCvARCTAjoCCCY6BggAEBYQHjoICAAQFhAKEB46DQguEMcBEK8BEA0QkwI6CAgAEA0QBRAeOgYIABANEB46CAgAEAgQDRAeOgUIIRCgAToHCCEQChCgAUoECEEYAFD9fVj-nwFg56ABaANwAHgAgAF3iAGwD5IBBDE4LjSYAQCgAQHAAQE&amp;sclient=gws-wiz&amp;ved=2ahUKEwiCtISf_ZTzAhVJzhoKHbppAjwQvS56BAgOECs&amp;uact=5&amp;tbs=lrf:!1m4!1u3!2m2!3m1!1e1!1m4!1u2!2m2!2m1!1e1!2m1!1e2!2m1!1e3!3sIAE,lf:1,lf_ui:1&amp;tbm=lcl&amp;rflfq=1&amp;num=10&amp;rldimm=13008189448894832952&amp;lqi=ChNyZW5maWxlIHBsYWlucGFsYWlzWhUiE3JlbmZpbGUgcGxhaW5wYWxhaXOSARZ2aW50YWdlX2Nsb3RoaW5nX3N0b3JlqgEPEAEqCyIHcmVuZmlsZSgE&amp;phdesc=Zqt6L97Uitk&amp;rlst=f#rlfi=hd:;si:13008189448894832952,l,ChNyZW5maWxlIHBsYWlucGFsYWlzWhUiE3JlbmZpbGUgcGxhaW5wYWxhaXOSARZ2aW50YWdlX2Nsb3RoaW5nX3N0b3JlqgEPEAEqCyIHcmVuZmlsZSgE,y,Zqt6L97Uitk;mv:[[46.19469117731904,6.144034003059019],[46.19433122268097,6.143513996940982]];tbs:lrf:!1m4!1u3!2m2!3m1!1e1!1m4!1u2!2m2!2m1!1e1!2m1!1e2!2m1!1e3!3sIAE,lf:1,lf_ui:1\">Rue de Carouge 37, 1205 Gen\u00e8ve<\/a><\/p>\n<p>t\u00e9l. 022 329 32 50<\/p>\n<p>Mail :\u00a0<a href=\"&#x6d;&#x61;&#105;l&#x74;&#x6f;&#58;pl&#x61;&#x69;&#110;p&#x61;&#x6c;&#97;&#105;s&#x40;&#x63;&#115;p&#x2d;&#x67;&#101;&#46;c&#x68;\">pla&#105;&#110;&#112;&#x61;&#x6c;&#x61;&#x69;&#x73;&#x40;csp&#45;&#103;&#101;&#46;&#x63;&#x68;<\/a><\/p>\n<p><strong>HORAIRES<\/strong><\/p>\n<ul>\n<li>Lundi &#8211; vendredi, de 10 h \u00e0 18 h<\/li>\n<li>Samedi, de 10 h \u00e0 17 h<\/li>\n<\/ul>\n<\/div>\t\t\t<div class=\"mapapi\" data-centerlat=\"46.1944733\" data-centerlng=\"6.143760100000009\" data-zoom=\"13\" style=\"display:none;\">\n\t\t\t\t<span class=\"marker\" data-poslat=\"46.1944733\" data-poslng=\"6.143760100000009\" data-title=\"La Boutique de Plainpalais\" data-marker=\"a\">\n\t\t\t\t\t<span class=\"infomap-title\">La Boutique de <strong>Plainpalais<\/strong><\/span>\n\t\t\t\t\t<span class=\"infomap-content\">\n\t\t\t\t\t\t\t\t\t\t\t\t<p>Rue de Carouge 37<br> Gen\u00e8ve<br> Suisse<\/p>\t\t\t\t\t<\/span>\n\t\t\t\t<\/span>\n\t\t\t<\/div>\n\t\t\t<\/div><\/div><div class=\"store-list\"><div class=\"toggleTitle\"><i class=\"fa fa-plus\"><\/i><span>La Boutique des <strong>P\u00e2quis<\/strong><\/span><\/div><div class=\"toggleContent\"><div class=\"text\"><p><a href=\"https:\/\/www.google.com\/maps\/place\/Boutiques+vente+habits+seconde+main\/@46.1985323,6.1171232,14z\/data=!4m9!1m2!2m1!1sRenfile+Boutique+du+CSP+-+paquis!3m5!1s0x478c6523f2536ab9:0x15fbaa5e517a1e51!8m2!3d46.2121805!4d6.1495616!15sCiBSZW5maWxlIEJvdXRpcXVlIGR1IENTUCAtIHBhcXVpc1ogIh5yZW5maWxlIGJvdXRpcXVlIGR1IGNzcCBwYXF1aXOSARZ2aW50YWdlX2Nsb3RoaW5nX3N0b3Jl\">Rue du M\u00f4le 1, 1201 Gen\u00e8ve<\/a><\/p>\n<p>t\u00e9l. 022 731 65 41<\/p>\n<p>Mail :\u00a0<a href=\"&#x6d;&#97;&#x69;&#x6c;t&#x6f;&#58;p&#x61;&#113;u&#x69;&#115;&#x40;&#x63;s&#x70;&#45;g&#x65;&#46;c&#x68;\">&#112;&#x61;&#x71;&#117;&#x69;&#x73;&#64;&#x63;&#x73;&#112;&#x2d;&#x67;&#101;&#x2e;&#x63;&#104;<\/a><\/p>\n<p><strong>HORAIRES<\/strong><\/p>\n<ul>\n<li>Lundi &#8211; vendredi, de 10h \u00e0 18h<\/li>\n<li>Samedi, de 10h \u00e0 17h<\/li>\n<\/ul>\n<\/div>\t\t\t<div class=\"mapapi\" data-centerlat=\"46.2121191\" data-centerlng=\"6.149521600000071\" data-zoom=\"13\" style=\"display:none;\">\n\t\t\t\t<span class=\"marker\" data-poslat=\"46.2121191\" data-poslng=\"6.149521600000071\" data-title=\"La Boutique des P\u00e2quis\" data-marker=\"a\">\n\t\t\t\t\t<span class=\"infomap-title\">La Boutique des <strong>P\u00e2quis<\/strong><\/span>\n\t\t\t\t\t<span class=\"infomap-content\">\n\t\t\t\t\t\t\t\t\t\t\t\t<p>Rue du M\u00f4le 1<br> Gen\u00e8ve<br> Suisse<\/p>\t\t\t\t\t<\/span>\n\t\t\t\t<\/span>\n\t\t\t<\/div>\n\t\t\t<\/div><\/div><div class=\"store-list\"><div class=\"toggleTitle\"><i class=\"fa fa-plus\"><\/i><span>La Boutique de la <strong>Jonction<\/strong><\/span><\/div><div class=\"toggleContent\"><div class=\"text\"><p><a href=\"https:\/\/www.google.com\/maps\/place\/Boutiques+vente+habits+seconde+main\/@46.1985337,6.1324441,17z\/data=!3m1!4b1!4m5!3m4!1s0x478c64d3599b0089:0x6c22a3e555cd697!8m2!3d46.1985751!4d6.1346827\">Boulevard Carl-Vogt 34, 1205 Gen\u00e8ve<\/a><\/p>\n<p>t\u00e9l. 022 328 22 04<\/p>\n<p>Mail :\u00a0<a href=\"&#x6d;&#x61;&#x69;&#108;&#116;o:&#x6a;&#x6f;&#x6e;&#x63;&#116;&#105;on&#x40;&#x63;&#x73;&#112;&#45;&#103;e&#46;&#x63;&#x68;\">&#x6a;o&#x6e;&#99;&#x74;&#105;o&#x6e;&#64;&#x63;&#115;&#x70;&#45;g&#x65;&#46;&#x63;&#104;<\/a><\/p>\n<p><strong>HORAIRES<\/strong><\/p>\n<p>Lundi &#8211; vendredi, de 10h \u00e0 18h<br \/>\nSamedi, de 10h \u00e0 17h<\/p>\n<\/div>\t\t\t<div class=\"mapapi\" data-centerlat=\"46.1985337\" data-centerlng=\"6.134632799999963\" data-zoom=\"13\" style=\"display:none;\">\n\t\t\t\t<span class=\"marker\" data-poslat=\"46.1985337\" data-poslng=\"6.134632799999963\" data-title=\"La Boutique de la Jonction\" data-marker=\"a\">\n\t\t\t\t\t<span class=\"infomap-title\">La Boutique de la <strong>Jonction<\/strong><\/span>\n\t\t\t\t\t<span class=\"infomap-content\">\n\t\t\t\t\t\t\t\t\t\t\t\t<p>Bvd Carl-Vogt 34<br> Gen\u00e8ve<br> Suisse<\/p>\t\t\t\t\t<\/span>\n\t\t\t\t<\/span>\n\t\t\t<\/div>\n\t\t\t<\/div><\/div><div class=\"store-list\"><div class=\"toggleTitle\"><i class=\"fa fa-plus\"><\/i><span>La Boutique des <strong>Eaux-Vives<\/strong><\/span><\/div><div class=\"toggleContent\"><div class=\"text\"><p><a href=\"https:\/\/www.google.com\/maps\/place\/Renfile+Boutique+du+CSP+-+Eaux-Vives\/@46.2028636,6.156131,17z\/data=!3m1!4b1!4m5!3m4!1s0x478c6536bf57f2d7:0x927459d6e7a74687!8m2!3d46.2028826!4d6.1583674\">Rue de la Mairie 15, 1207 Gen\u00e8ve<\/a><\/p>\n<p>t\u00e9l. 022 736 45 81<\/p>\n<p>Mail :\u00a0<a href=\"m&#97;&#105;&#x6c;&#x74;&#x6f;:&#101;&#97;&#x75;&#x78;&#x76;iv&#101;&#x73;&#x40;&#x63;sp&#45;&#103;&#x65;&#x2e;&#x63;h\" target=\"_blank\" rel=\"noreferrer noopener\">&#x65;&#97;u&#x78;&#x76;&#105;v&#x65;&#x73;&#64;c&#x73;&#x70;&#45;g&#x65;&#x2e;&#99;h<\/a><\/p>\n<p><strong>HORAIRES<\/strong><\/p>\n<ul>\n<li>Lundi &#8211; vendredi, de 10h \u00e0 18h<\/li>\n<li>Samedi, de 10h \u00e0 17h<\/li>\n<\/ul>\n<\/div>\t\t\t<div class=\"mapapi\" data-centerlat=\"46.2028126\" data-centerlng=\"6.158669799999984\" data-zoom=\"13\" style=\"display:none;\">\n\t\t\t\t<span class=\"marker\" data-poslat=\"46.2028126\" data-poslng=\"6.158669799999984\" data-title=\"La Boutique des Eaux-Vives\" data-marker=\"a\">\n\t\t\t\t\t<span class=\"infomap-title\">La Boutique des <strong>Eaux-Vives<\/strong><\/span>\n\t\t\t\t\t<span class=\"infomap-content\">\n\t\t\t\t\t\t\t\t\t\t\t\t<p>Rue de la Mairie 15<br> Gen\u00e8ve<br> Suisse<\/p>\t\t\t\t\t<\/span>\n\t\t\t\t<\/span>\n\t\t\t<\/div>\n\t\t\t<\/div><\/div>[\/vc_column_text][vc_column_text]Trois missions sont au c\u0153ur des activit\u00e9s de nos magasins de seconde main:<\/p>\n<ul>\n<li><strong>Mission sociale<\/strong>: participer au financement des consultations gratuites du CSP et offrir aux m\u00e9nages \u00e0 petits budgets du canton des articles de qualit\u00e9 \u00e0 bas prix<\/li>\n<li><strong>Mission insertion<\/strong>: accompagner et former des personnes exclues du march\u00e9 du travail sur le chemin de la r\u00e9insertion socioprofessionnelle<\/li>\n<li><strong>Mission<\/strong> <strong>environnementale<\/strong>: proposer un mode alternatif de consommation \u00e9coresponsable en recyclant, transformant et r\u00e9parant les objets de notre quotidien<\/li>\n<\/ul>\n<p>&nbsp;<\/p>\n<p style=\"text-align: left\">En faisant don de vos objets en excellent \u00e9tat, vous contribuez \u00e0 cette triple mission!<\/p>\n<ul>\n<li><a href=\"https:\/\/renfile.ch\/je-donne\/\"><strong>Service de ramassage\u00a0<\/strong><\/a><\/li>\n<\/ul>\n<p>[\/vc_column_text][\/vc_column][\/vc_row][vc_row][vc_column][\/vc_column][\/vc_row]<\/p>\n<\/div>","protected":false},"excerpt":{"rendered":"<p>[vc_row][vc_column][vc_column_text css=\u00a0\u00bb\u00a0\u00bb]Les brocantes et boutiques du CSP sont d\u00e9sormais regroup\u00e9es sous la marque \u00ab\u00a0Renfile\u00a0\u00bb. Celle-ci renvoie au lieu o\u00f9 s\u2019est nich\u00e9e notre premi\u00e8re brocante, au chemin de la Renfile, en 1963.[\/vc_column_text][vc_column_text] Vintage, design et pratique [\/vc_column_text][vc_column_text]Horaires et adresses[\/vc_column_text][vc_column_text][\/vc_column_text][vc_column_text][\/vc_column_text][vc_column_text]Trois missions sont au c\u0153ur des activit\u00e9s de nos magasins de seconde main: Mission sociale: participer au financement [&hellip;]<\/p>\n","protected":false},"author":1,"featured_media":15100,"parent":0,"menu_order":0,"comment_status":"closed","ping_status":"closed","template":"","meta":{"_acf_changed":false,"footnotes":""},"class_list":["post-276","page","type-page","status-publish","has-post-thumbnail","hentry"],"acf":[],"yoast_head":"<!-- This site is optimized with the Yoast SEO plugin v27.1.1 - https:\/\/yoast.com\/product\/yoast-seo-wordpress\/ -->\n<title>Brocantes et boutiques - CSP Gen\u00e8ve<\/title>\n<meta name=\"description\" content=\"Un tapis, une lampe ou des vieux meubles: vous pouvez trouver de tout dans les brocantes et magasins d\u2019occasion du CSP\u00a0!\" \/>\n<meta name=\"robots\" content=\"index, follow, max-snippet:-1, max-image-preview:large, max-video-preview:-1\" \/>\n<link rel=\"canonical\" href=\"https:\/\/csp.ch\/geneve\/brocantes-et-boutiques\/\" \/>\n<meta property=\"og:locale\" content=\"fr_FR\" \/>\n<meta property=\"og:type\" content=\"article\" \/>\n<meta property=\"og:title\" content=\"Brocantes et boutiques - CSP Gen\u00e8ve\" \/>\n<meta property=\"og:description\" content=\"Un tapis, une lampe ou des vieux meubles: vous pouvez trouver de tout dans les brocantes et magasins d\u2019occasion du CSP\u00a0!\" \/>\n<meta property=\"og:url\" content=\"https:\/\/csp.ch\/geneve\/brocantes-et-boutiques\/\" \/>\n<meta property=\"og:site_name\" content=\"CSP Gen\u00e8ve\" \/>\n<meta property=\"article:modified_time\" content=\"2025-04-01T14:12:27+00:00\" \/>\n<meta property=\"og:image\" content=\"https:\/\/csp.ch\/wp-content\/uploads\/sites\/5\/2021\/09\/CSP-Renfile.png\" \/>\n\t<meta property=\"og:image:width\" content=\"740\" \/>\n\t<meta property=\"og:image:height\" content=\"330\" \/>\n\t<meta property=\"og:image:type\" content=\"image\/png\" \/>\n<meta name=\"twitter:card\" content=\"summary_large_image\" \/>\n<meta name=\"twitter:label1\" content=\"Dur\u00e9e de lecture estim\u00e9e\" \/>\n\t<meta name=\"twitter:data1\" content=\"2 minutes\" \/>\n<script type=\"application\/ld+json\" class=\"yoast-schema-graph\">{\"@context\":\"https:\/\/schema.org\",\"@graph\":[{\"@type\":\"WebPage\",\"@id\":\"https:\/\/csp.ch\/geneve\/brocantes-et-boutiques\/\",\"url\":\"https:\/\/csp.ch\/geneve\/brocantes-et-boutiques\/\",\"name\":\"Brocantes et boutiques - CSP Gen\u00e8ve\",\"isPartOf\":{\"@id\":\"https:\/\/csp.ch\/geneve\/#website\"},\"primaryImageOfPage\":{\"@id\":\"https:\/\/csp.ch\/geneve\/brocantes-et-boutiques\/#primaryimage\"},\"image\":{\"@id\":\"https:\/\/csp.ch\/geneve\/brocantes-et-boutiques\/#primaryimage\"},\"thumbnailUrl\":\"https:\/\/csp.ch\/wp-content\/uploads\/sites\/5\/2021\/09\/CSP-Renfile.png\",\"datePublished\":\"2015-08-27T16:06:34+00:00\",\"dateModified\":\"2025-04-01T14:12:27+00:00\",\"description\":\"Un tapis, une lampe ou des vieux meubles: vous pouvez trouver de tout dans les brocantes et magasins d\u2019occasion du CSP\u00a0!\",\"breadcrumb\":{\"@id\":\"https:\/\/csp.ch\/geneve\/brocantes-et-boutiques\/#breadcrumb\"},\"inLanguage\":\"fr-FR\",\"potentialAction\":[{\"@type\":\"ReadAction\",\"target\":[\"https:\/\/csp.ch\/geneve\/brocantes-et-boutiques\/\"]}]},{\"@type\":\"ImageObject\",\"inLanguage\":\"fr-FR\",\"@id\":\"https:\/\/csp.ch\/geneve\/brocantes-et-boutiques\/#primaryimage\",\"url\":\"https:\/\/csp.ch\/wp-content\/uploads\/sites\/5\/2021\/09\/CSP-Renfile.png\",\"contentUrl\":\"https:\/\/csp.ch\/wp-content\/uploads\/sites\/5\/2021\/09\/CSP-Renfile.png\",\"width\":740,\"height\":330},{\"@type\":\"BreadcrumbList\",\"@id\":\"https:\/\/csp.ch\/geneve\/brocantes-et-boutiques\/#breadcrumb\",\"itemListElement\":[{\"@type\":\"ListItem\",\"position\":1,\"name\":\"Accueil\",\"item\":\"https:\/\/csp.ch\/geneve\/\"},{\"@type\":\"ListItem\",\"position\":2,\"name\":\"Brocantes et boutiques\"}]},{\"@type\":\"WebSite\",\"@id\":\"https:\/\/csp.ch\/geneve\/#website\",\"url\":\"https:\/\/csp.ch\/geneve\/\",\"name\":\"CSP Gen\u00e8ve\",\"description\":\"\",\"potentialAction\":[{\"@type\":\"SearchAction\",\"target\":{\"@type\":\"EntryPoint\",\"urlTemplate\":\"https:\/\/csp.ch\/geneve\/?s={search_term_string}\"},\"query-input\":{\"@type\":\"PropertyValueSpecification\",\"valueRequired\":true,\"valueName\":\"search_term_string\"}}],\"inLanguage\":\"fr-FR\"}]}<\/script>\n<!-- \/ Yoast SEO plugin. -->","yoast_head_json":{"title":"Brocantes et boutiques - CSP Gen\u00e8ve","description":"Un tapis, une lampe ou des vieux meubles: vous pouvez trouver de tout dans les brocantes et magasins d\u2019occasion du CSP\u00a0!","robots":{"index":"index","follow":"follow","max-snippet":"max-snippet:-1","max-image-preview":"max-image-preview:large","max-video-preview":"max-video-preview:-1"},"canonical":"https:\/\/csp.ch\/geneve\/brocantes-et-boutiques\/","og_locale":"fr_FR","og_type":"article","og_title":"Brocantes et boutiques - CSP Gen\u00e8ve","og_description":"Un tapis, une lampe ou des vieux meubles: vous pouvez trouver de tout dans les brocantes et magasins d\u2019occasion du CSP\u00a0!","og_url":"https:\/\/csp.ch\/geneve\/brocantes-et-boutiques\/","og_site_name":"CSP Gen\u00e8ve","article_modified_time":"2025-04-01T14:12:27+00:00","og_image":[{"width":740,"height":330,"url":"https:\/\/csp.ch\/wp-content\/uploads\/sites\/5\/2021\/09\/CSP-Renfile.png","type":"image\/png"}],"twitter_card":"summary_large_image","twitter_misc":{"Dur\u00e9e de lecture estim\u00e9e":"2 minutes"},"schema":{"@context":"https:\/\/schema.org","@graph":[{"@type":"WebPage","@id":"https:\/\/csp.ch\/geneve\/brocantes-et-boutiques\/","url":"https:\/\/csp.ch\/geneve\/brocantes-et-boutiques\/","name":"Brocantes et boutiques - CSP Gen\u00e8ve","isPartOf":{"@id":"https:\/\/csp.ch\/geneve\/#website"},"primaryImageOfPage":{"@id":"https:\/\/csp.ch\/geneve\/brocantes-et-boutiques\/#primaryimage"},"image":{"@id":"https:\/\/csp.ch\/geneve\/brocantes-et-boutiques\/#primaryimage"},"thumbnailUrl":"https:\/\/csp.ch\/wp-content\/uploads\/sites\/5\/2021\/09\/CSP-Renfile.png","datePublished":"2015-08-27T16:06:34+00:00","dateModified":"2025-04-01T14:12:27+00:00","description":"Un tapis, une lampe ou des vieux meubles: vous pouvez trouver de tout dans les brocantes et magasins d\u2019occasion du CSP\u00a0!","breadcrumb":{"@id":"https:\/\/csp.ch\/geneve\/brocantes-et-boutiques\/#breadcrumb"},"inLanguage":"fr-FR","potentialAction":[{"@type":"ReadAction","target":["https:\/\/csp.ch\/geneve\/brocantes-et-boutiques\/"]}]},{"@type":"ImageObject","inLanguage":"fr-FR","@id":"https:\/\/csp.ch\/geneve\/brocantes-et-boutiques\/#primaryimage","url":"https:\/\/csp.ch\/wp-content\/uploads\/sites\/5\/2021\/09\/CSP-Renfile.png","contentUrl":"https:\/\/csp.ch\/wp-content\/uploads\/sites\/5\/2021\/09\/CSP-Renfile.png","width":740,"height":330},{"@type":"BreadcrumbList","@id":"https:\/\/csp.ch\/geneve\/brocantes-et-boutiques\/#breadcrumb","itemListElement":[{"@type":"ListItem","position":1,"name":"Accueil","item":"https:\/\/csp.ch\/geneve\/"},{"@type":"ListItem","position":2,"name":"Brocantes et boutiques"}]},{"@type":"WebSite","@id":"https:\/\/csp.ch\/geneve\/#website","url":"https:\/\/csp.ch\/geneve\/","name":"CSP Gen\u00e8ve","description":"","potentialAction":[{"@type":"SearchAction","target":{"@type":"EntryPoint","urlTemplate":"https:\/\/csp.ch\/geneve\/?s={search_term_string}"},"query-input":{"@type":"PropertyValueSpecification","valueRequired":true,"valueName":"search_term_string"}}],"inLanguage":"fr-FR"}]}},"_links":{"self":[{"href":"https:\/\/csp.ch\/geneve\/wp-json\/wp\/v2\/pages\/276","targetHints":{"allow":["GET"]}}],"collection":[{"href":"https:\/\/csp.ch\/geneve\/wp-json\/wp\/v2\/pages"}],"about":[{"href":"https:\/\/csp.ch\/geneve\/wp-json\/wp\/v2\/types\/page"}],"author":[{"embeddable":true,"href":"https:\/\/csp.ch\/geneve\/wp-json\/wp\/v2\/users\/1"}],"replies":[{"embeddable":true,"href":"https:\/\/csp.ch\/geneve\/wp-json\/wp\/v2\/comments?post=276"}],"version-history":[{"count":6,"href":"https:\/\/csp.ch\/geneve\/wp-json\/wp\/v2\/pages\/276\/revisions"}],"predecessor-version":[{"id":24816,"href":"https:\/\/csp.ch\/geneve\/wp-json\/wp\/v2\/pages\/276\/revisions\/24816"}],"wp:featuredmedia":[{"embeddable":true,"href":"https:\/\/csp.ch\/geneve\/wp-json\/wp\/v2\/media\/15100"}],"wp:attachment":[{"href":"https:\/\/csp.ch\/geneve\/wp-json\/wp\/v2\/media?parent=276"}],"curies":[{"name":"wp","href":"https:\/\/api.w.org\/{rel}","templated":true}]}}