{"id":240,"date":"2015-08-27T16:05:24","date_gmt":"2015-08-27T15:05:24","guid":{"rendered":"https:\/\/csp.ch\/ge\/?page_id=240"},"modified":"2026-01-21T10:53:25","modified_gmt":"2026-01-21T09:53:25","slug":"organisation","status":"publish","type":"page","link":"https:\/\/csp.ch\/geneve\/organisation\/","title":{"rendered":"<strong>Organisation<\/strong>"},"content":{"rendered":"<div class=\"wpb-content-wrapper\"><p>[vc_row][vc_column][vc_btn title=\u00a0\u00bbOrganigramme du CSP Gen\u00e8ve\u00a0\u00bb style=\u00a0\u00bbflat\u00a0\u00bb i_icon_fontawesome=\u00a0\u00bb\u00a0\u00bb css=\u00a0\u00bb\u00a0\u00bb add_icon=\u00a0\u00bbtrue\u00a0\u00bb link=\u00a0\u00bburl:https%3A%2F%2Fcsp.ch%2Fwp-content%2Fuploads%2Fsites%2F5%2F2025%2F12%2FOrganigramme-Direction_version-2025.pdf|target:_blank\u00a0\u00bb][vc_column_text css=\u00a0\u00bb\u00a0\u00bb]Le CSP Gen\u00e8ve contribue activement \u00e0 promouvoir la justice sociale dans le canton depuis plus de 70 ans. Au nom de la dignit\u00e9 et de l\u2019\u00e9galit\u00e9 de tous les \u00eatres humains, il s\u2019engage pour le d\u00e9veloppement d\u2019une soci\u00e9t\u00e9 solidaire, responsable et durable. Le CSP d\u00e9ploie son action au niveau individuel et collectif pour lutter contre la pr\u00e9carit\u00e9 et favoriser l\u2019inclusion. Il accueille, accompagne et soutient toute personne, sans distinction de confession, d\u2019origine ni de statut. Chaque ann\u00e9e, il propose une aide professionnelle \u00e0 plusieurs milliers de personnes vivant \u00e0 Gen\u00e8ve.<\/p>\n<p>Le CSP agit en toute ind\u00e9pendance et transparence. Il met en \u0153uvre ses actions, seul ou en partenariat, avec professionnalisme et efficacit\u00e9, dans le respect de ses valeurs. Son travail de terrain et ses prises de position en font un acteur incontournable de la justice sociale \u00e0 Gen\u00e8ve. Le CSP vit principalement de dons[\/vc_column_text][vc_separator][vc_column_text]<\/p>\n<h2>Nombre de <strong>collaborateurs salari\u00e9s<\/strong><\/h2>\n<p>[\/vc_column_text][vc_column_text]Le CSP comprend plus d&rsquo;une centaine d&#8217;employ\u00e9s salari\u00e9s.<\/p>\n<p>Une trentaine de personnes sont au b\u00e9n\u00e9fice d&rsquo;un emploi de solidarit\u00e9 (EdS). Dans le cadre d&rsquo;une politique active de formation, le CSP accueille r\u00e9guli\u00e8rement des stagiaires et apprenants.<\/p>\n<p>Au total, une centaine de personnes sont suivies en insertion.[\/vc_column_text][vc_separator][vc_column_text]<\/p>\n<h2>Nombre de <strong>b\u00e9n\u00e9voles<\/strong><\/h2>\n<p>[\/vc_column_text][vc_column_text]Environ 140 personnes b\u00e9n\u00e9voles r\u00e9parties dans les secteurs d&rsquo;activit\u00e9 : vente de brocante et deuxi\u00e8me main, activit\u00e9s pour les a\u00een\u00e9s, administration, comit\u00e9, aide aux r\u00e9fugi\u00e9s, Vestiaire social[\/vc_column_text][vc_separator][\/vc_column][\/vc_row]<\/p>\n<\/div>","protected":false},"excerpt":{"rendered":"<p>[vc_row][vc_column][vc_btn title=\u00a0\u00bbOrganigramme du CSP Gen\u00e8ve\u00a0\u00bb style=\u00a0\u00bbflat\u00a0\u00bb i_icon_fontawesome=\u00a0\u00bb\u00a0\u00bb css=\u00a0\u00bb\u00a0\u00bb add_icon=\u00a0\u00bbtrue\u00a0\u00bb link=\u00a0\u00bburl:https%3A%2F%2Fcsp.ch%2Fwp-content%2Fuploads%2Fsites%2F5%2F2025%2F12%2FOrganigramme-Direction_version-2025.pdf|target:_blank\u00a0\u00bb][vc_column_text css=\u00a0\u00bb\u00a0\u00bb]Le CSP Gen\u00e8ve contribue activement \u00e0 promouvoir la justice sociale dans le canton depuis plus de 70 ans. Au nom de la dignit\u00e9 et de l\u2019\u00e9galit\u00e9 de tous les \u00eatres humains, il s\u2019engage pour le d\u00e9veloppement d\u2019une soci\u00e9t\u00e9 solidaire, responsable et durable. Le CSP d\u00e9ploie [&hellip;]<\/p>\n","protected":false},"author":1,"featured_media":342,"parent":0,"menu_order":0,"comment_status":"closed","ping_status":"closed","template":"","meta":{"_acf_changed":false,"footnotes":""},"class_list":["post-240","page","type-page","status-publish","has-post-thumbnail","hentry"],"acf":[],"yoast_head":"<!-- This site is optimized with the Yoast SEO plugin v27.1.1 - https:\/\/yoast.com\/product\/yoast-seo-wordpress\/ -->\n<title>Organisation - CSP Gen\u00e8ve<\/title>\n<meta name=\"description\" content=\"Le CSP genevois c&#039;est 64 personnes professionnelles \u00e0 temps partiel.\u00a0De plus, 21 personnes sont au b\u00e9n\u00e9fice d\u2019un emploi de solidarit\u00e9.\" \/>\n<meta name=\"robots\" content=\"index, follow, max-snippet:-1, max-image-preview:large, max-video-preview:-1\" \/>\n<link rel=\"canonical\" href=\"https:\/\/csp.ch\/geneve\/organisation\/\" \/>\n<meta property=\"og:locale\" content=\"fr_FR\" \/>\n<meta property=\"og:type\" content=\"article\" \/>\n<meta property=\"og:title\" content=\"Organisation - CSP Gen\u00e8ve\" \/>\n<meta property=\"og:description\" content=\"Le CSP genevois c&#039;est 64 personnes professionnelles \u00e0 temps partiel.\u00a0De plus, 21 personnes sont au b\u00e9n\u00e9fice d\u2019un emploi de solidarit\u00e9.\" \/>\n<meta property=\"og:url\" content=\"https:\/\/csp.ch\/geneve\/organisation\/\" \/>\n<meta property=\"og:site_name\" content=\"CSP Gen\u00e8ve\" \/>\n<meta property=\"article:modified_time\" content=\"2026-01-21T09:53:25+00:00\" \/>\n<meta property=\"og:image\" content=\"https:\/\/csp.ch\/wp-content\/uploads\/sites\/5\/2015\/08\/csp-geneve.jpg\" \/>\n\t<meta property=\"og:image:width\" content=\"740\" \/>\n\t<meta property=\"og:image:height\" content=\"307\" \/>\n\t<meta property=\"og:image:type\" content=\"image\/jpeg\" \/>\n<meta name=\"twitter:card\" content=\"summary_large_image\" \/>\n<meta name=\"twitter:label1\" content=\"Dur\u00e9e de lecture estim\u00e9e\" \/>\n\t<meta name=\"twitter:data1\" content=\"2 minutes\" \/>\n<script type=\"application\/ld+json\" class=\"yoast-schema-graph\">{\"@context\":\"https:\/\/schema.org\",\"@graph\":[{\"@type\":\"WebPage\",\"@id\":\"https:\/\/csp.ch\/geneve\/organisation\/\",\"url\":\"https:\/\/csp.ch\/geneve\/organisation\/\",\"name\":\"Organisation - CSP Gen\u00e8ve\",\"isPartOf\":{\"@id\":\"https:\/\/csp.ch\/geneve\/#website\"},\"primaryImageOfPage\":{\"@id\":\"https:\/\/csp.ch\/geneve\/organisation\/#primaryimage\"},\"image\":{\"@id\":\"https:\/\/csp.ch\/geneve\/organisation\/#primaryimage\"},\"thumbnailUrl\":\"https:\/\/csp.ch\/wp-content\/uploads\/sites\/5\/2015\/08\/csp-geneve.jpg\",\"datePublished\":\"2015-08-27T15:05:24+00:00\",\"dateModified\":\"2026-01-21T09:53:25+00:00\",\"description\":\"Le CSP genevois c'est 64 personnes professionnelles \u00e0 temps partiel.\u00a0De plus, 21 personnes sont au b\u00e9n\u00e9fice d\u2019un emploi de solidarit\u00e9.\",\"breadcrumb\":{\"@id\":\"https:\/\/csp.ch\/geneve\/organisation\/#breadcrumb\"},\"inLanguage\":\"fr-FR\",\"potentialAction\":[{\"@type\":\"ReadAction\",\"target\":[\"https:\/\/csp.ch\/geneve\/organisation\/\"]}]},{\"@type\":\"ImageObject\",\"inLanguage\":\"fr-FR\",\"@id\":\"https:\/\/csp.ch\/geneve\/organisation\/#primaryimage\",\"url\":\"https:\/\/csp.ch\/wp-content\/uploads\/sites\/5\/2015\/08\/csp-geneve.jpg\",\"contentUrl\":\"https:\/\/csp.ch\/wp-content\/uploads\/sites\/5\/2015\/08\/csp-geneve.jpg\",\"width\":740,\"height\":307},{\"@type\":\"BreadcrumbList\",\"@id\":\"https:\/\/csp.ch\/geneve\/organisation\/#breadcrumb\",\"itemListElement\":[{\"@type\":\"ListItem\",\"position\":1,\"name\":\"Accueil\",\"item\":\"https:\/\/csp.ch\/geneve\/\"},{\"@type\":\"ListItem\",\"position\":2,\"name\":\"Organisation\"}]},{\"@type\":\"WebSite\",\"@id\":\"https:\/\/csp.ch\/geneve\/#website\",\"url\":\"https:\/\/csp.ch\/geneve\/\",\"name\":\"CSP Gen\u00e8ve\",\"description\":\"\",\"potentialAction\":[{\"@type\":\"SearchAction\",\"target\":{\"@type\":\"EntryPoint\",\"urlTemplate\":\"https:\/\/csp.ch\/geneve\/?s={search_term_string}\"},\"query-input\":{\"@type\":\"PropertyValueSpecification\",\"valueRequired\":true,\"valueName\":\"search_term_string\"}}],\"inLanguage\":\"fr-FR\"}]}<\/script>\n<!-- \/ Yoast SEO plugin. -->","yoast_head_json":{"title":"Organisation - CSP Gen\u00e8ve","description":"Le CSP genevois c'est 64 personnes professionnelles \u00e0 temps partiel.\u00a0De plus, 21 personnes sont au b\u00e9n\u00e9fice d\u2019un emploi de solidarit\u00e9.","robots":{"index":"index","follow":"follow","max-snippet":"max-snippet:-1","max-image-preview":"max-image-preview:large","max-video-preview":"max-video-preview:-1"},"canonical":"https:\/\/csp.ch\/geneve\/organisation\/","og_locale":"fr_FR","og_type":"article","og_title":"Organisation - CSP Gen\u00e8ve","og_description":"Le CSP genevois c'est 64 personnes professionnelles \u00e0 temps partiel.\u00a0De plus, 21 personnes sont au b\u00e9n\u00e9fice d\u2019un emploi de solidarit\u00e9.","og_url":"https:\/\/csp.ch\/geneve\/organisation\/","og_site_name":"CSP Gen\u00e8ve","article_modified_time":"2026-01-21T09:53:25+00:00","og_image":[{"width":740,"height":307,"url":"https:\/\/csp.ch\/wp-content\/uploads\/sites\/5\/2015\/08\/csp-geneve.jpg","type":"image\/jpeg"}],"twitter_card":"summary_large_image","twitter_misc":{"Dur\u00e9e de lecture estim\u00e9e":"2 minutes"},"schema":{"@context":"https:\/\/schema.org","@graph":[{"@type":"WebPage","@id":"https:\/\/csp.ch\/geneve\/organisation\/","url":"https:\/\/csp.ch\/geneve\/organisation\/","name":"Organisation - CSP Gen\u00e8ve","isPartOf":{"@id":"https:\/\/csp.ch\/geneve\/#website"},"primaryImageOfPage":{"@id":"https:\/\/csp.ch\/geneve\/organisation\/#primaryimage"},"image":{"@id":"https:\/\/csp.ch\/geneve\/organisation\/#primaryimage"},"thumbnailUrl":"https:\/\/csp.ch\/wp-content\/uploads\/sites\/5\/2015\/08\/csp-geneve.jpg","datePublished":"2015-08-27T15:05:24+00:00","dateModified":"2026-01-21T09:53:25+00:00","description":"Le CSP genevois c'est 64 personnes professionnelles \u00e0 temps partiel.\u00a0De plus, 21 personnes sont au b\u00e9n\u00e9fice d\u2019un emploi de solidarit\u00e9.","breadcrumb":{"@id":"https:\/\/csp.ch\/geneve\/organisation\/#breadcrumb"},"inLanguage":"fr-FR","potentialAction":[{"@type":"ReadAction","target":["https:\/\/csp.ch\/geneve\/organisation\/"]}]},{"@type":"ImageObject","inLanguage":"fr-FR","@id":"https:\/\/csp.ch\/geneve\/organisation\/#primaryimage","url":"https:\/\/csp.ch\/wp-content\/uploads\/sites\/5\/2015\/08\/csp-geneve.jpg","contentUrl":"https:\/\/csp.ch\/wp-content\/uploads\/sites\/5\/2015\/08\/csp-geneve.jpg","width":740,"height":307},{"@type":"BreadcrumbList","@id":"https:\/\/csp.ch\/geneve\/organisation\/#breadcrumb","itemListElement":[{"@type":"ListItem","position":1,"name":"Accueil","item":"https:\/\/csp.ch\/geneve\/"},{"@type":"ListItem","position":2,"name":"Organisation"}]},{"@type":"WebSite","@id":"https:\/\/csp.ch\/geneve\/#website","url":"https:\/\/csp.ch\/geneve\/","name":"CSP Gen\u00e8ve","description":"","potentialAction":[{"@type":"SearchAction","target":{"@type":"EntryPoint","urlTemplate":"https:\/\/csp.ch\/geneve\/?s={search_term_string}"},"query-input":{"@type":"PropertyValueSpecification","valueRequired":true,"valueName":"search_term_string"}}],"inLanguage":"fr-FR"}]}},"_links":{"self":[{"href":"https:\/\/csp.ch\/geneve\/wp-json\/wp\/v2\/pages\/240","targetHints":{"allow":["GET"]}}],"collection":[{"href":"https:\/\/csp.ch\/geneve\/wp-json\/wp\/v2\/pages"}],"about":[{"href":"https:\/\/csp.ch\/geneve\/wp-json\/wp\/v2\/types\/page"}],"author":[{"embeddable":true,"href":"https:\/\/csp.ch\/geneve\/wp-json\/wp\/v2\/users\/1"}],"replies":[{"embeddable":true,"href":"https:\/\/csp.ch\/geneve\/wp-json\/wp\/v2\/comments?post=240"}],"version-history":[{"count":7,"href":"https:\/\/csp.ch\/geneve\/wp-json\/wp\/v2\/pages\/240\/revisions"}],"predecessor-version":[{"id":30622,"href":"https:\/\/csp.ch\/geneve\/wp-json\/wp\/v2\/pages\/240\/revisions\/30622"}],"wp:featuredmedia":[{"embeddable":true,"href":"https:\/\/csp.ch\/geneve\/wp-json\/wp\/v2\/media\/342"}],"wp:attachment":[{"href":"https:\/\/csp.ch\/geneve\/wp-json\/wp\/v2\/media?parent=240"}],"curies":[{"name":"wp","href":"https:\/\/api.w.org\/{rel}","templated":true}]}}