{"id":212,"date":"2015-08-27T15:21:39","date_gmt":"2015-08-27T14:21:39","guid":{"rendered":"https:\/\/csp.ch\/ge\/?page_id=212"},"modified":"2024-09-23T15:09:06","modified_gmt":"2024-09-23T13:09:06","slug":"galiffe","status":"publish","type":"page","link":"https:\/\/csp.ch\/geneve\/services-aide\/galiffe\/","title":{"rendered":"Atelier <strong>Galiffe<\/strong>"},"content":{"rendered":"<div class=\"wpb-content-wrapper\"><p>[vc_row][vc_column][vc_column_text][\/vc_column_text][vc_column_text]Fond\u00e9 il y a plus de 30 ans par le CSP, <strong>l\u2019Atelier Galiffe est un lieu de rencontre ouvert \u00e0 toute personne souhaitant passer un moment convivial<\/strong>. Plus de 130 personnes sont accueillies sur l\u2019ann\u00e9e. La fr\u00e9quentation est libre.<\/p>\n<p><span style=\"color: #f4960f\"><strong>Un lieu unique<\/strong><\/span><\/p>\n<p>L&rsquo;Atelier Galiffe est un lieu o\u00f9 l&rsquo;on se sent bien. Centre de jour \u00e0 bas seuil qui n&rsquo;a pas d&rsquo;\u00e9quivalent \u00e0 Gen\u00e8ve, il est ouvert \u00e0 toute personne \u00e0 la recherche de liens sociaux ou d&rsquo;activit\u00e9s cr\u00e9atives. Il\u00a0est une ressource pour les personnes qui sont confront\u00e9es \u00e0 la solitude,\u00a0 qui recherchent le contact, qui ressentent de la souffrance et\/ou qui traversent des moments de fragilit\u00e9.<\/p>\n<p><span style=\"color: #f4960f\"><strong>Ouvert \u00e0 tout le monde et simple d&rsquo;acc\u00e8s<\/strong><\/span><\/p>\n<p>L&rsquo;entr\u00e9e est libre et l<strong>\u2019accueil est inconditionnel.<\/strong> Chacun\u00b7e peut venir selon ses envies, de mani\u00e8re quotidienne ou ponctuelle. Il s\u2019agit d\u2019un lieu offrant une grande libert\u00e9 afin de s\u2019adapter aux besoins et aux envies de chacun\u00b7e. Une attention particuli\u00e8re est port\u00e9e au respect de la sph\u00e8re individuelle de chaque participant.<\/p>\n<p><span style=\"color: #f4960f\"><strong>\u00c9changes et cr\u00e9ativit\u00e9\u00a0<\/strong><\/span><\/p>\n<p>Travail du bois, couture, broderie, vannerie, r\u00e9paration, tricot, dessin, peinture, cuisine ou encore jardinage font partie des nombreuses activit\u00e9s artisanales et artistiques propos\u00e9es pour <strong>favoriser les \u00e9changes et la cr\u00e9ativit\u00e9<\/strong> de chacun\u00b7e.<\/p>\n<p>L\u2019Atelier Galiffe est g\u00e9r\u00e9 par deux animatrices et un animateur. L&rsquo;\u00e9quipe d&rsquo;animation est l\u00e0 pour vous soutenir.<\/p>\n<p><span style=\"color: #f4960f\"><strong>Rendez-vous hebdomadaire<\/strong><\/span><\/p>\n<p>Chaque lundi midi, l\u2019\u00e9quipe propose un moment convivial autour d\u2019un repas \u00e0 12h30 ( une participation de CHF 5.- est demand\u00e9e). L\u2019objectif est de cuisiner ensemble et de cr\u00e9er un espace collaboratif qui se termine par une bonne d\u00e9gustation.<\/p>\n<h2>Comment participer ?<\/h2>\n<p>Il est pr\u00e9f\u00e9rable de venir sur place ou de nous contacter par t\u00e9l\u00e9phone ou par email pour fixer une premi\u00e8re rencontre avec l&rsquo;\u00e9quipe qui pr\u00e9sentera les lieux. Une simple fiche d&rsquo;inscription est requise.<\/p>\n<h2>Informations et horaires<\/h2>\n<p>L\u2019Atelier Galiffe est situ\u00e9 \u00e0 la rue de la Coulouvreni\u00e8re 1 &#8211; 1204 Gen\u00e8ve.<\/p>\n<p>T\u00e9l. 022 344 86 53<\/p>\n<p>Email : <a href=\"&#x6d;&#97;i&#x6c;&#x74;&#111;:&#x61;&#116;e&#x6c;&#x69;&#101;r&#x2d;&#103;a&#x6c;&#x69;&#102;f&#x65;&#x40;&#99;&#x73;&#x70;&#45;g&#x65;&#x2e;&#99;h\">&#97;t&#101;l&#105;e&#x72;-&#x67;a&#x6c;i&#x66;f&#x65;&#64;&#x63;s&#x70;-&#x67;e&#x2e;c&#x68;<\/a><\/p>\n<p><strong>Horaires<\/strong><\/p>\n<p>Lundi de 10h \u00e0 17h30. (repas \u00e0 12h30 \u00e0 CHF 5.-)<\/p>\n<p>Mardi au vendredi, de 14h \u00e0 17h30.<\/p>\n<p>&nbsp;<\/p>\n<h2><strong>Les temps forts de l\u2019Atelier Galiffe<\/strong><\/h2>\n<p>Deux rendez-vous annuels rythment les saisons de l\u2019atelier.<\/p>\n<ul>\n<li>Au printemps, le <strong>March\u00e9 des plantes &amp; fleurs<\/strong> est une vraie f\u00eate. Il vous permet de faire le plein de plantes et plantons pour vos jardins, fen\u00eatres et balcons !<\/li>\n<li>Au tout d\u00e9but de d\u00e9cembre, le <strong>March\u00e9 d\u2019hiver<\/strong> propose des objets faits maison : tricots, pochettes, maille et beaucoup d\u2019autres surprises.<\/li>\n<\/ul>\n<p>[\/vc_column_text][\/vc_column][\/vc_row][vc_row][vc_column][vc_column_text]<\/p>\n<h2>L&rsquo;\u00e9quipe t\u00e9moigne<\/h2>\n<p>[\/vc_column_text][\/vc_column][\/vc_row][vc_row][vc_column width=\u00a0\u00bb1\/2&Prime;][vc_column_text css=\u00a0\u00bb\u00a0\u00bb]<\/p>\n<h3><strong>Une micro-communaut\u00e9 o\u00f9 chacun a sa place<\/strong><\/h3>\n<p>Amy travaille depuis plusieurs ann\u00e9es comme animatrice \u00e0 l\u2019Atelier Galiffe. Elle d\u00e9crit l\u2019espace comme une bulle hors temps dans laquelle chacun peut venir partager un moment ensemble. Amy :<\/p>\n<blockquote><p><em>C\u2019est un lieu vivant et anim\u00e9 dans lequel on int\u00e8gre les gens, on les prot\u00e8ge. Chacun participe comme il le souhaite pour faire vivre la communaut\u00e9. Certains sont autonomes, d\u2019autres souhaitent apprendre : nous sommes l\u00e0 pour \u00eatre \u00e0 l\u2019\u00e9coute de leurs envies et de leurs besoins. Notre r\u00f4le est de les guider dans l\u2019apprentissage, \u00e9tape par \u00e9tape.<\/em><\/p><\/blockquote>\n<p>[\/vc_column_text][\/vc_column][vc_column width=\u00a0\u00bb1\/2&Prime;][vc_column_text]<\/p>\n<h3><strong>Cr\u00e9er pour s\u2019ancrer dans le r\u00e9el<\/strong><\/h3>\n<p>Pour Denis, ancien animateur \u00e0 l\u2019Atelier Galiffe, l\u2019objectif premier est de cr\u00e9er un environnement s\u00fbr et coh\u00e9rent pour accueillir, orienter et guider. L\u2019Atelier est un lieu \u00e0 s\u2019approprier o\u00f9 l\u2019on cr\u00e9e des liens sociaux et on entre en contact avec les autres.<\/p>\n<blockquote><p><em>Le plaisir de l\u2019objet, de la mati\u00e8re, permet de s\u2019ancrer dans la r\u00e9alit\u00e9. En prenant le temps de choisir une laine, de la toucher, de la manier, on mobilise nos sens. La cr\u00e9ation, c\u2019est une vraie stimulation par l\u2019objet.<\/em><\/p><\/blockquote>\n<p>[\/vc_column_text][\/vc_column][\/vc_row][vc_row gap=\u00a0\u00bb1&Prime; full_height=\u00a0\u00bbyes\u00a0\u00bb equal_height=\u00a0\u00bbyes\u00a0\u00bb rtl_reverse=\u00a0\u00bbyes\u00a0\u00bb][vc_column][vc_gallery interval=\u00a0\u00bb3&Prime; images=\u00a0\u00bb22766,22765,22754,22753,22755,22756,22758,22759,22760,22761,22762,22763,22764,22752,22750,22749,22747,22746,22745,22744,22767,22768,22708,17186,17218,17184,22769&Prime; img_size=\u00a0\u00bbfull\u00a0\u00bb title=\u00a0\u00bbL&rsquo;Atelier Galiffe en images\u00a0\u00bb el_id=\u00a0\u00bbPhoto : David Wagni\u00e8res\u00a0\u00bb][\/vc_column][\/vc_row]<\/p>\n<\/div>","protected":false},"excerpt":{"rendered":"<p>[vc_row][vc_column][vc_column_text][\/vc_column_text][vc_column_text]Fond\u00e9 il y a plus de 30 ans par le CSP, l\u2019Atelier Galiffe est un lieu de rencontre ouvert \u00e0 toute personne souhaitant passer un moment convivial. Plus de 130 personnes sont accueillies sur l\u2019ann\u00e9e. La fr\u00e9quentation est libre. Un lieu unique L&rsquo;Atelier Galiffe est un lieu o\u00f9 l&rsquo;on se sent bien. Centre de jour [&hellip;]<\/p>\n","protected":false},"author":1,"featured_media":22768,"parent":184,"menu_order":0,"comment_status":"closed","ping_status":"closed","template":"","meta":{"_acf_changed":false,"footnotes":""},"class_list":["post-212","page","type-page","status-publish","has-post-thumbnail","hentry"],"acf":[],"yoast_head":"<!-- This site is optimized with the Yoast SEO plugin v27.1.1 - https:\/\/yoast.com\/product\/yoast-seo-wordpress\/ -->\n<title>Atelier Galiffe - CSP Gen\u00e8ve<\/title>\n<meta name=\"description\" content=\"L\u2019Atelier Galiffe propose diverses activit\u00e9s artisanales \u00e0 des personnes rencontrant diverses difficult\u00e9s: solitude,\u00a0troubles psychiques, etc.\" \/>\n<meta name=\"robots\" content=\"index, follow, max-snippet:-1, max-image-preview:large, max-video-preview:-1\" \/>\n<link rel=\"canonical\" href=\"https:\/\/csp.ch\/geneve\/services-aide\/galiffe\/\" \/>\n<meta property=\"og:locale\" content=\"fr_FR\" \/>\n<meta property=\"og:type\" content=\"article\" \/>\n<meta property=\"og:title\" content=\"Atelier Galiffe - CSP Gen\u00e8ve\" \/>\n<meta property=\"og:description\" content=\"L\u2019Atelier Galiffe propose diverses activit\u00e9s artisanales \u00e0 des personnes rencontrant diverses difficult\u00e9s: solitude,\u00a0troubles psychiques, etc.\" \/>\n<meta property=\"og:url\" content=\"https:\/\/csp.ch\/geneve\/services-aide\/galiffe\/\" \/>\n<meta property=\"og:site_name\" content=\"CSP Gen\u00e8ve\" \/>\n<meta property=\"article:modified_time\" content=\"2024-09-23T13:09:06+00:00\" \/>\n<meta property=\"og:image\" content=\"https:\/\/csp.ch\/wp-content\/uploads\/sites\/5\/2024\/01\/Atelier-Galiffe-Coulouvrenie\u2560Cre__WEB__7743-e1707227494847.jpg\" \/>\n\t<meta property=\"og:image:width\" content=\"1497\" \/>\n\t<meta property=\"og:image:height\" content=\"760\" \/>\n\t<meta property=\"og:image:type\" content=\"image\/jpeg\" \/>\n<meta name=\"twitter:card\" content=\"summary_large_image\" \/>\n<meta name=\"twitter:label1\" content=\"Dur\u00e9e de lecture estim\u00e9e\" \/>\n\t<meta name=\"twitter:data1\" content=\"3 minutes\" \/>\n<script type=\"application\/ld+json\" class=\"yoast-schema-graph\">{\"@context\":\"https:\/\/schema.org\",\"@graph\":[{\"@type\":\"WebPage\",\"@id\":\"https:\/\/csp.ch\/geneve\/services-aide\/galiffe\/\",\"url\":\"https:\/\/csp.ch\/geneve\/services-aide\/galiffe\/\",\"name\":\"Atelier Galiffe - CSP Gen\u00e8ve\",\"isPartOf\":{\"@id\":\"https:\/\/csp.ch\/geneve\/#website\"},\"primaryImageOfPage\":{\"@id\":\"https:\/\/csp.ch\/geneve\/services-aide\/galiffe\/#primaryimage\"},\"image\":{\"@id\":\"https:\/\/csp.ch\/geneve\/services-aide\/galiffe\/#primaryimage\"},\"thumbnailUrl\":\"https:\/\/csp.ch\/wp-content\/uploads\/sites\/5\/2024\/01\/Atelier-Galiffe-Coulouvrenie\u2560Cre__WEB__7743-e1707227494847.jpg\",\"datePublished\":\"2015-08-27T14:21:39+00:00\",\"dateModified\":\"2024-09-23T13:09:06+00:00\",\"description\":\"L\u2019Atelier Galiffe propose diverses activit\u00e9s artisanales \u00e0 des personnes rencontrant diverses difficult\u00e9s: solitude,\u00a0troubles psychiques, etc.\",\"breadcrumb\":{\"@id\":\"https:\/\/csp.ch\/geneve\/services-aide\/galiffe\/#breadcrumb\"},\"inLanguage\":\"fr-FR\",\"potentialAction\":[{\"@type\":\"ReadAction\",\"target\":[\"https:\/\/csp.ch\/geneve\/services-aide\/galiffe\/\"]}]},{\"@type\":\"ImageObject\",\"inLanguage\":\"fr-FR\",\"@id\":\"https:\/\/csp.ch\/geneve\/services-aide\/galiffe\/#primaryimage\",\"url\":\"https:\/\/csp.ch\/wp-content\/uploads\/sites\/5\/2024\/01\/Atelier-Galiffe-Coulouvrenie\u2560Cre__WEB__7743-e1707227494847.jpg\",\"contentUrl\":\"https:\/\/csp.ch\/wp-content\/uploads\/sites\/5\/2024\/01\/Atelier-Galiffe-Coulouvrenie\u2560Cre__WEB__7743-e1707227494847.jpg\",\"width\":1497,\"height\":760,\"caption\":\"Photo: David Wagni\u00e8res\"},{\"@type\":\"BreadcrumbList\",\"@id\":\"https:\/\/csp.ch\/geneve\/services-aide\/galiffe\/#breadcrumb\",\"itemListElement\":[{\"@type\":\"ListItem\",\"position\":1,\"name\":\"Accueil\",\"item\":\"https:\/\/csp.ch\/geneve\/\"},{\"@type\":\"ListItem\",\"position\":2,\"name\":\"Services d&rsquo;aide\",\"item\":\"https:\/\/csp.ch\/geneve\/services-aide\/\"},{\"@type\":\"ListItem\",\"position\":3,\"name\":\"Atelier Galiffe\"}]},{\"@type\":\"WebSite\",\"@id\":\"https:\/\/csp.ch\/geneve\/#website\",\"url\":\"https:\/\/csp.ch\/geneve\/\",\"name\":\"CSP Gen\u00e8ve\",\"description\":\"\",\"potentialAction\":[{\"@type\":\"SearchAction\",\"target\":{\"@type\":\"EntryPoint\",\"urlTemplate\":\"https:\/\/csp.ch\/geneve\/?s={search_term_string}\"},\"query-input\":{\"@type\":\"PropertyValueSpecification\",\"valueRequired\":true,\"valueName\":\"search_term_string\"}}],\"inLanguage\":\"fr-FR\"}]}<\/script>\n<!-- \/ Yoast SEO plugin. -->","yoast_head_json":{"title":"Atelier Galiffe - CSP Gen\u00e8ve","description":"L\u2019Atelier Galiffe propose diverses activit\u00e9s artisanales \u00e0 des personnes rencontrant diverses difficult\u00e9s: solitude,\u00a0troubles psychiques, etc.","robots":{"index":"index","follow":"follow","max-snippet":"max-snippet:-1","max-image-preview":"max-image-preview:large","max-video-preview":"max-video-preview:-1"},"canonical":"https:\/\/csp.ch\/geneve\/services-aide\/galiffe\/","og_locale":"fr_FR","og_type":"article","og_title":"Atelier Galiffe - CSP Gen\u00e8ve","og_description":"L\u2019Atelier Galiffe propose diverses activit\u00e9s artisanales \u00e0 des personnes rencontrant diverses difficult\u00e9s: solitude,\u00a0troubles psychiques, etc.","og_url":"https:\/\/csp.ch\/geneve\/services-aide\/galiffe\/","og_site_name":"CSP Gen\u00e8ve","article_modified_time":"2024-09-23T13:09:06+00:00","og_image":[{"width":1497,"height":760,"url":"https:\/\/csp.ch\/wp-content\/uploads\/sites\/5\/2024\/01\/Atelier-Galiffe-Coulouvrenie\u2560Cre__WEB__7743-e1707227494847.jpg","type":"image\/jpeg"}],"twitter_card":"summary_large_image","twitter_misc":{"Dur\u00e9e de lecture estim\u00e9e":"3 minutes"},"schema":{"@context":"https:\/\/schema.org","@graph":[{"@type":"WebPage","@id":"https:\/\/csp.ch\/geneve\/services-aide\/galiffe\/","url":"https:\/\/csp.ch\/geneve\/services-aide\/galiffe\/","name":"Atelier Galiffe - CSP Gen\u00e8ve","isPartOf":{"@id":"https:\/\/csp.ch\/geneve\/#website"},"primaryImageOfPage":{"@id":"https:\/\/csp.ch\/geneve\/services-aide\/galiffe\/#primaryimage"},"image":{"@id":"https:\/\/csp.ch\/geneve\/services-aide\/galiffe\/#primaryimage"},"thumbnailUrl":"https:\/\/csp.ch\/wp-content\/uploads\/sites\/5\/2024\/01\/Atelier-Galiffe-Coulouvrenie\u2560Cre__WEB__7743-e1707227494847.jpg","datePublished":"2015-08-27T14:21:39+00:00","dateModified":"2024-09-23T13:09:06+00:00","description":"L\u2019Atelier Galiffe propose diverses activit\u00e9s artisanales \u00e0 des personnes rencontrant diverses difficult\u00e9s: solitude,\u00a0troubles psychiques, etc.","breadcrumb":{"@id":"https:\/\/csp.ch\/geneve\/services-aide\/galiffe\/#breadcrumb"},"inLanguage":"fr-FR","potentialAction":[{"@type":"ReadAction","target":["https:\/\/csp.ch\/geneve\/services-aide\/galiffe\/"]}]},{"@type":"ImageObject","inLanguage":"fr-FR","@id":"https:\/\/csp.ch\/geneve\/services-aide\/galiffe\/#primaryimage","url":"https:\/\/csp.ch\/wp-content\/uploads\/sites\/5\/2024\/01\/Atelier-Galiffe-Coulouvrenie\u2560Cre__WEB__7743-e1707227494847.jpg","contentUrl":"https:\/\/csp.ch\/wp-content\/uploads\/sites\/5\/2024\/01\/Atelier-Galiffe-Coulouvrenie\u2560Cre__WEB__7743-e1707227494847.jpg","width":1497,"height":760,"caption":"Photo: David Wagni\u00e8res"},{"@type":"BreadcrumbList","@id":"https:\/\/csp.ch\/geneve\/services-aide\/galiffe\/#breadcrumb","itemListElement":[{"@type":"ListItem","position":1,"name":"Accueil","item":"https:\/\/csp.ch\/geneve\/"},{"@type":"ListItem","position":2,"name":"Services d&rsquo;aide","item":"https:\/\/csp.ch\/geneve\/services-aide\/"},{"@type":"ListItem","position":3,"name":"Atelier Galiffe"}]},{"@type":"WebSite","@id":"https:\/\/csp.ch\/geneve\/#website","url":"https:\/\/csp.ch\/geneve\/","name":"CSP Gen\u00e8ve","description":"","potentialAction":[{"@type":"SearchAction","target":{"@type":"EntryPoint","urlTemplate":"https:\/\/csp.ch\/geneve\/?s={search_term_string}"},"query-input":{"@type":"PropertyValueSpecification","valueRequired":true,"valueName":"search_term_string"}}],"inLanguage":"fr-FR"}]}},"_links":{"self":[{"href":"https:\/\/csp.ch\/geneve\/wp-json\/wp\/v2\/pages\/212","targetHints":{"allow":["GET"]}}],"collection":[{"href":"https:\/\/csp.ch\/geneve\/wp-json\/wp\/v2\/pages"}],"about":[{"href":"https:\/\/csp.ch\/geneve\/wp-json\/wp\/v2\/types\/page"}],"author":[{"embeddable":true,"href":"https:\/\/csp.ch\/geneve\/wp-json\/wp\/v2\/users\/1"}],"replies":[{"embeddable":true,"href":"https:\/\/csp.ch\/geneve\/wp-json\/wp\/v2\/comments?post=212"}],"version-history":[{"count":6,"href":"https:\/\/csp.ch\/geneve\/wp-json\/wp\/v2\/pages\/212\/revisions"}],"predecessor-version":[{"id":23938,"href":"https:\/\/csp.ch\/geneve\/wp-json\/wp\/v2\/pages\/212\/revisions\/23938"}],"up":[{"embeddable":true,"href":"https:\/\/csp.ch\/geneve\/wp-json\/wp\/v2\/pages\/184"}],"wp:featuredmedia":[{"embeddable":true,"href":"https:\/\/csp.ch\/geneve\/wp-json\/wp\/v2\/media\/22768"}],"wp:attachment":[{"href":"https:\/\/csp.ch\/geneve\/wp-json\/wp\/v2\/media?parent=212"}],"curies":[{"name":"wp","href":"https:\/\/api.w.org\/{rel}","templated":true}]}}