{"id":73,"date":"2015-08-11T13:07:09","date_gmt":"2015-08-11T12:07:09","guid":{"rendered":"https:\/\/csp.ch\/vd\/?page_id=73"},"modified":"2025-11-24T09:43:13","modified_gmt":"2025-11-24T08:43:13","slug":"contact","status":"publish","type":"page","link":"https:\/\/csp.ch\/berne-jura\/contact\/","title":{"rendered":"<strong>Contact<\/strong>"},"content":{"rendered":"<div class=\"wpb-content-wrapper\"><p>[vc_row][vc_column][vc_separator][vc_column_text css=\u00a0\u00bb\u00a0\u00bb]<\/p>\n<h3 style=\"text-align: center\">Dons sur <strong>CH44 0900 0000 2500 6651 8<\/strong><\/h3>\n<p>[\/vc_column_text][vc_separator][\/vc_column][\/vc_row][vc_row][vc_column width=\u00a0\u00bb1\/2&Prime;][vc_column_text]<strong>Site de Moutier<\/strong><\/p>\n<p>Rue Centrale 59<br \/>\nCase postale 254<br \/>\n2740 Moutier<br \/>\nT\u00e9l. 032 493 32 21<br \/>\n<a href=\"&#x6d;&#97;i&#x6c;&#116;o&#x3a;&#105;n&#x66;&#x6f;&#64;&#x63;&#x73;&#112;-&#x62;&#101;j&#x75;&#46;c&#x68;\" target=\"_blank\" rel=\"noopener noreferrer\">Contactez-nous par mail<\/a><\/p>\n<p>Secteurs social et dettes, couples et familles, juridique.<\/p>\n<p>Nos bureaux sont ouverts du lundi au vendredi de 8h00 \u00e0 12h00 et de 13h15 \u00e0 17h15 (vendredi jusqu&rsquo;\u00e0 16h30).[\/vc_column_text][vc_column_text]<strong>Site de Tramelan<\/strong><\/p>\n<p>Promenade 14<br \/>\n2720 Tramelan<\/p>\n<p>Secteur int\u00e9gration professionnelle et sociale<br \/>\n(y compris Magasin Regenove 032 486 95 24) :<br \/>\nT\u00e9l. 032 486 91 00<br \/>\n<a href=\"&#x6d;&#x61;&#105;l&#x74;&#x6f;&#x3a;&#105;n&#x66;&#x6f;&#x40;&#114;e&#x67;&#x65;&#x6e;&#111;v&#x65;&#x2e;&#x63;&#104;\" target=\"_blank\" rel=\"noopener noreferrer\">Contactez-nous par mail<\/a><\/p>\n<p>Service de ramassage (activit\u00e9s commerciales) :<br \/>\nT\u00e9l. 032 486 91 01<br \/>\n<a href=\"&#x6d;&#x61;&#x69;&#x6c;&#x74;&#x6f;&#x3a;&#x72;&#x61;&#x6d;&#x61;&#115;&#115;&#97;&#103;&#101;&#64;&#99;sp-bej&#x75;&#x2e;&#x63;&#x68;\" target=\"_blank\" rel=\"noopener noreferrer\">Contactez-nous par mail<\/a><\/p>\n<p>Nos bureaux sont ouverts du lundi au vendredi de 8h00 et 12h00 et de 13h00 \u00e0 17h00 (vendredi jusqu&rsquo;\u00e0 16h30).[\/vc_column_text][vc_empty_space][vc_column_text]<strong>Site de Biel\/Bienne<\/strong><\/p>\n<p>Chemin du Long-Champ 135<br \/>\n2504 Biel\/Bienne<br \/>\nSecteurs social et dettes, couples et familles, juridique : 032 493 32 21<br \/>\nSecteur int\u00e9gration professionnelle et sociale (y compris Magasin Regenove 032 321 35 50) : 032 322 81 92<br \/>\n<a href=\"m&#97;&#105;&#108;&#x74;&#x6f;&#x3a;in&#102;&#111;&#x40;&#x63;&#x73;&#x70;-b&#101;&#106;&#x75;&#x2e;&#x63;&#x68;\" target=\"_blank\" rel=\"noopener noreferrer\">Contactez-nous par mail<\/a><\/p>\n<p>Nos bureaux sont ouverts du lundi au vendredi de 8h00 \u00e0 12h00 et de 13h00 \u00e0 17h00 (vendredi jusqu&rsquo;\u00e0 16h30).[\/vc_column_text][\/vc_column][vc_column width=\u00a0\u00bb1\/2&Prime;][vc_gmaps link=\u00a0\u00bb#E-8_JTNDaWZyYW1lJTIwc3JjJTNEJTIyaHR0cHMlM0ElMkYlMkZ3d3cuZ29vZ2xlLmNvbSUyRm1hcHMlMkZlbWJlZCUzRnBiJTNEJTIxMW0xOCUyMTFtMTIlMjExbTMlMjExZDI3MDYuNzkzOTkxNTUzMTU0NyUyMTJkNy4zNjk2NjcxMTYxNzM5OCUyMTNkNDcuMjc5MjgxNDc5MTY0MTQlMjEybTMlMjExZjAlMjEyZjAlMjEzZjAlMjEzbTIlMjExaTEwMjQlMjEyaTc2OCUyMTRmMTMuMSUyMTNtMyUyMTFtMiUyMTFzMHg0NzkxZGUxYjFlODhjZjgxJTI1M0EweGYzNzUyMjUwZWNiYWExYzYlMjEyc1J1ZSUyNTIwQ2VudHJhbGUlMjUyMDU5JTI1MkMlMjUyMDI3NDAlMjUyME1vdXRpZXIlMjE1ZTAlMjEzbTIlMjExc2ZyJTIxMnNjaCUyMTR2MTU3MDE4MDQ4ODA4NSUyMTVtMiUyMTFzZnIlMjEyc2NoJTIyJTIwd2lkdGglM0QlMjI2MDAlMjIlMjBoZWlnaHQlM0QlMjI0NTAlMjIlMjBmcmFtZWJvcmRlciUzRCUyMjAlMjIlMjBzdHlsZSUzRCUyMmJvcmRlciUzQTAlM0IlMjIlMjBhbGxvd2Z1bGxzY3JlZW4lM0QlMjIlMjIlM0UlM0MlMkZpZnJhbWUlM0U=\u00a0\u00bb size=\u00a0\u00bb\u00a0\u00bb][vc_gmaps link=\u00a0\u00bb#E-8_JTNDaWZyYW1lJTIwc3JjJTNEJTIyaHR0cHMlM0ElMkYlMkZ3d3cuZ29vZ2xlLmNvbSUyRm1hcHMlMkZlbWJlZCUzRnBiJTNEJTIxMW0xOCUyMTFtMTIlMjExbTMlMjExZDI3MDkuNjgxMTg3ODc3ODU1MyUyMTJkNy4xMDAxNzE5MTYxNzI2NDIlMjEzZDQ3LjIyMjgyMDA3OTE2MTE2JTIxMm0zJTIxMWYwJTIxMmYwJTIxM2YwJTIxM20yJTIxMWkxMDI0JTIxMmk3NjglMjE0ZjEzLjElMjEzbTMlMjExbTIlMjExczB4NDc4ZTAyN2E0MWIzNTk4ZCUyNTNBMHg5MjE2ZDg3NDg0MTMzMDhhJTIxMnNSZWdlbm92ZS1jc3AlMjE1ZTAlMjEzbTIlMjExc2ZyJTIxMnNjaCUyMTR2MTU3MDE4MDY5NDU2NyUyMTVtMiUyMTFzZnIlMjEyc2NoJTIyJTIwd2lkdGglM0QlMjI2MDAlMjIlMjBoZWlnaHQlM0QlMjI0NTAlMjIlMjBmcmFtZWJvcmRlciUzRCUyMjAlMjIlMjBzdHlsZSUzRCUyMmJvcmRlciUzQTAlM0IlMjIlMjBhbGxvd2Z1bGxzY3JlZW4lM0QlMjIlMjIlM0UlM0MlMkZpZnJhbWUlM0U=\u00a0\u00bb size=\u00a0\u00bb\u00a0\u00bb][vc_gmaps link=\u00a0\u00bb#E-8_JTNDaWZyYW1lJTIwc3JjJTNEJTIyaHR0cHMlM0ElMkYlMkZ3d3cuZ29vZ2xlLmNvbSUyRm1hcHMlMkZlbWJlZCUzRnBiJTNEJTIxMW0xOCUyMTFtMTIlMjExbTMlMjExZDI3MTIuOTExNTcyMTYwNTEzJTIxMmQ3LjI5MzM0NDExNjE3MTE1NSUyMTNkNDcuMTU5NTg2Mjc5MTU3NjE1JTIxMm0zJTIxMWYwJTIxMmYwJTIxM2YwJTIxM20yJTIxMWkxMDI0JTIxMmk3NjglMjE0ZjEzLjElMjEzbTMlMjExbTIlMjExczB4NDc4ZTFmMTgzZjI2ZWEzYiUyNTNBMHgzYzc2NzAwOGM3OWEzYzU0JTIxMnNDaGVtaW4lMjUyMGR1JTI1MjBMb25nLUNoYW1wJTI1MjAxMzUlMjUyQyUyNTIwMjUwNCUyNTIwQmllbm5lJTIxNWUwJTIxM20yJTIxMXNmciUyMTJzY2glMjE0djE1NzAxODA3NDU4MTglMjE1bTIlMjExc2ZyJTIxMnNjaCUyMiUyMHdpZHRoJTNEJTIyNjAwJTIyJTIwaGVpZ2h0JTNEJTIyNDUwJTIyJTIwZnJhbWVib3JkZXIlM0QlMjIwJTIyJTIwc3R5bGUlM0QlMjJib3JkZXIlM0EwJTNCJTIyJTIwYWxsb3dmdWxsc2NyZWVuJTNEJTIyJTIyJTNFJTNDJTJGaWZyYW1lJTNF\u00a0\u00bb size=\u00a0\u00bb\u00a0\u00bb][\/vc_column][\/vc_row][vc_row full_width=\u00a0\u00bbstretch_row\u00a0\u00bb equal_height=\u00a0\u00bbyes\u00a0\u00bb css=\u00a0\u00bb.vc_custom_1570182243703{background-color: #ff9e16 !important;}\u00a0\u00bb el_id=\u00a0\u00bbcontact-form\u00a0\u00bb][vc_column]\n<div class=\"wpcf7 no-js\" id=\"wpcf7-f131-o1\" lang=\"fr-FR\" dir=\"ltr\" data-wpcf7-id=\"131\">\n<div class=\"screen-reader-response\"><p role=\"status\" aria-live=\"polite\" aria-atomic=\"true\"><\/p> <ul><\/ul><\/div>\n<form action=\"\/berne-jura\/wp-json\/wp\/v2\/pages\/73#wpcf7-f131-o1\" method=\"post\" class=\"wpcf7-form init\" aria-label=\"Formulaire de contact\" novalidate=\"novalidate\" data-status=\"init\">\n<fieldset class=\"hidden-fields-container\"><input type=\"hidden\" name=\"_wpcf7\" value=\"131\" \/><input type=\"hidden\" name=\"_wpcf7_version\" value=\"6.1.5\" \/><input type=\"hidden\" name=\"_wpcf7_locale\" value=\"fr_FR\" \/><input type=\"hidden\" name=\"_wpcf7_unit_tag\" value=\"wpcf7-f131-o1\" \/><input type=\"hidden\" name=\"_wpcf7_container_post\" value=\"0\" \/><input type=\"hidden\" name=\"_wpcf7_posted_data_hash\" value=\"\" \/>\n<\/fieldset>\n<div class=\"one-third\">\n\t<p><span class=\"wpcf7-form-control-wrap\" data-name=\"your-name\"><input size=\"40\" maxlength=\"400\" class=\"wpcf7-form-control wpcf7-text wpcf7-validates-as-required\" aria-required=\"true\" aria-invalid=\"false\" placeholder=\"Votre nom *\" value=\"\" type=\"text\" name=\"your-name\" \/><\/span>\n\t<\/p>\n\t<p><span class=\"wpcf7-form-control-wrap\" data-name=\"your-email\"><input size=\"40\" maxlength=\"400\" class=\"wpcf7-form-control wpcf7-email wpcf7-validates-as-required wpcf7-text wpcf7-validates-as-email\" aria-required=\"true\" aria-invalid=\"false\" placeholder=\"Votre email *\" value=\"\" type=\"email\" name=\"your-email\" \/><\/span>\n\t<\/p>\n\t<p><span class=\"wpcf7-form-control-wrap\" data-name=\"your-subject\"><input size=\"40\" maxlength=\"400\" class=\"wpcf7-form-control wpcf7-text wpcf7-validates-as-required\" aria-required=\"true\" aria-invalid=\"false\" placeholder=\"Sujet *\" value=\"\" type=\"text\" name=\"your-subject\" \/><\/span>\n\t<\/p>\n<\/div>\n<div class=\"two-third last\">\n\t<p><span class=\"wpcf7-form-control-wrap\" data-name=\"your-message\"><textarea cols=\"40\" rows=\"10\" maxlength=\"2000\" class=\"wpcf7-form-control wpcf7-textarea\" aria-invalid=\"false\" placeholder=\"Votre message\" name=\"your-message\"><\/textarea><\/span>\n\t<\/p>\n<\/div>\n<p><input class=\"wpcf7-form-control wpcf7-submit has-spinner\" type=\"submit\" value=\"Envoyer\" \/>\n<\/p><input type='hidden' class='wpcf7-pum' value='{\"closepopup\":false,\"closedelay\":0,\"openpopup\":false,\"openpopup_id\":0}' \/><div class=\"wpcf7-response-output\" aria-hidden=\"true\"><\/div>\n<\/form>\n<\/div>\n[\/vc_column][\/vc_row]<\/p>\n<\/div>","protected":false},"excerpt":{"rendered":"<p>[vc_row][vc_column][vc_separator][vc_column_text css=\u00a0\u00bb\u00a0\u00bb] Dons sur CH44 0900 0000 2500 6651 8 [\/vc_column_text][vc_separator][\/vc_column][\/vc_row][vc_row][vc_column width=\u00a0\u00bb1\/2&Prime;][vc_column_text]Site de Moutier Rue Centrale 59 Case postale 254 2740 Moutier T\u00e9l. 032 493 32 21 Contactez-nous par mail Secteurs social et dettes, couples et familles, juridique. Nos bureaux sont ouverts du lundi au vendredi de 8h00 \u00e0 12h00 et de 13h15 \u00e0 17h15 [&hellip;]<\/p>\n","protected":false},"author":1,"featured_media":0,"parent":0,"menu_order":0,"comment_status":"closed","ping_status":"closed","template":"template-contact-nosidebar.php","meta":{"_acf_changed":false,"footnotes":""},"class_list":["post-73","page","type-page","status-publish","hentry"],"acf":[],"yoast_head":"<!-- This site is optimized with the Yoast SEO plugin v27.1.1 - https:\/\/yoast.com\/product\/yoast-seo-wordpress\/ -->\n<title>Contact - CSP Berne-Jura<\/title>\n<meta name=\"description\" content=\"Le\u00a0Centre social protestant Berne-Jura se tient\u00a0\u00e0 votre disposition pour r\u00e9pondre \u00e0\u00a0 toutes questions ou demandes.\" \/>\n<meta name=\"robots\" content=\"index, follow, max-snippet:-1, max-image-preview:large, max-video-preview:-1\" \/>\n<link rel=\"canonical\" href=\"https:\/\/csp.ch\/berne-jura\/contact\/\" \/>\n<meta property=\"og:locale\" content=\"fr_FR\" \/>\n<meta property=\"og:type\" content=\"article\" \/>\n<meta property=\"og:title\" content=\"Contact - CSP Berne-Jura\" \/>\n<meta property=\"og:description\" content=\"Le\u00a0Centre social protestant Berne-Jura se tient\u00a0\u00e0 votre disposition pour r\u00e9pondre \u00e0\u00a0 toutes questions ou demandes.\" \/>\n<meta property=\"og:url\" content=\"https:\/\/csp.ch\/berne-jura\/contact\/\" \/>\n<meta property=\"og:site_name\" content=\"CSP Berne-Jura\" \/>\n<meta property=\"article:modified_time\" content=\"2025-11-24T08:43:13+00:00\" \/>\n<meta name=\"twitter:card\" content=\"summary_large_image\" \/>\n<meta name=\"twitter:label1\" content=\"Dur\u00e9e de lecture estim\u00e9e\" \/>\n\t<meta name=\"twitter:data1\" content=\"1 minute\" \/>\n<script type=\"application\/ld+json\" class=\"yoast-schema-graph\">{\"@context\":\"https:\/\/schema.org\",\"@graph\":[{\"@type\":\"WebPage\",\"@id\":\"https:\/\/csp.ch\/berne-jura\/contact\/\",\"url\":\"https:\/\/csp.ch\/berne-jura\/contact\/\",\"name\":\"Contact - CSP Berne-Jura\",\"isPartOf\":{\"@id\":\"https:\/\/csp.ch\/berne-jura\/#website\"},\"datePublished\":\"2015-08-11T12:07:09+00:00\",\"dateModified\":\"2025-11-24T08:43:13+00:00\",\"description\":\"Le\u00a0Centre social protestant Berne-Jura se tient\u00a0\u00e0 votre disposition pour r\u00e9pondre \u00e0\u00a0 toutes questions ou demandes.\",\"breadcrumb\":{\"@id\":\"https:\/\/csp.ch\/berne-jura\/contact\/#breadcrumb\"},\"inLanguage\":\"fr-FR\",\"potentialAction\":[{\"@type\":\"ReadAction\",\"target\":[\"https:\/\/csp.ch\/berne-jura\/contact\/\"]}]},{\"@type\":\"BreadcrumbList\",\"@id\":\"https:\/\/csp.ch\/berne-jura\/contact\/#breadcrumb\",\"itemListElement\":[{\"@type\":\"ListItem\",\"position\":1,\"name\":\"Accueil\",\"item\":\"https:\/\/csp.ch\/berne-jura\/\"},{\"@type\":\"ListItem\",\"position\":2,\"name\":\"Contact\"}]},{\"@type\":\"WebSite\",\"@id\":\"https:\/\/csp.ch\/berne-jura\/#website\",\"url\":\"https:\/\/csp.ch\/berne-jura\/\",\"name\":\"CSP Berne-Jura\",\"description\":\"\",\"publisher\":{\"@id\":\"https:\/\/csp.ch\/berne-jura\/#organization\"},\"potentialAction\":[{\"@type\":\"SearchAction\",\"target\":{\"@type\":\"EntryPoint\",\"urlTemplate\":\"https:\/\/csp.ch\/berne-jura\/?s={search_term_string}\"},\"query-input\":{\"@type\":\"PropertyValueSpecification\",\"valueRequired\":true,\"valueName\":\"search_term_string\"}}],\"inLanguage\":\"fr-FR\"},{\"@type\":\"Organization\",\"@id\":\"https:\/\/csp.ch\/berne-jura\/#organization\",\"name\":\"CSP Berne-Jura\",\"url\":\"https:\/\/csp.ch\/berne-jura\/\",\"logo\":{\"@type\":\"ImageObject\",\"inLanguage\":\"fr-FR\",\"@id\":\"https:\/\/csp.ch\/berne-jura\/#\/schema\/logo\/image\/\",\"url\":\"https:\/\/csp.ch\/wp-content\/uploads\/sites\/6\/2024\/10\/v1.3_V_logo_CMJN_BERNE-JURA_CSP14.jpg\",\"contentUrl\":\"https:\/\/csp.ch\/wp-content\/uploads\/sites\/6\/2024\/10\/v1.3_V_logo_CMJN_BERNE-JURA_CSP14.jpg\",\"width\":1747,\"height\":1235,\"caption\":\"CSP Berne-Jura\"},\"image\":{\"@id\":\"https:\/\/csp.ch\/berne-jura\/#\/schema\/logo\/image\/\"},\"sameAs\":[\"https:\/\/www.linkedin.com\/company\/13005641\/admin\/dashboard\/\"]}]}<\/script>\n<!-- \/ Yoast SEO plugin. -->","yoast_head_json":{"title":"Contact - CSP Berne-Jura","description":"Le\u00a0Centre social protestant Berne-Jura se tient\u00a0\u00e0 votre disposition pour r\u00e9pondre \u00e0\u00a0 toutes questions ou demandes.","robots":{"index":"index","follow":"follow","max-snippet":"max-snippet:-1","max-image-preview":"max-image-preview:large","max-video-preview":"max-video-preview:-1"},"canonical":"https:\/\/csp.ch\/berne-jura\/contact\/","og_locale":"fr_FR","og_type":"article","og_title":"Contact - CSP Berne-Jura","og_description":"Le\u00a0Centre social protestant Berne-Jura se tient\u00a0\u00e0 votre disposition pour r\u00e9pondre \u00e0\u00a0 toutes questions ou demandes.","og_url":"https:\/\/csp.ch\/berne-jura\/contact\/","og_site_name":"CSP Berne-Jura","article_modified_time":"2025-11-24T08:43:13+00:00","twitter_card":"summary_large_image","twitter_misc":{"Dur\u00e9e de lecture estim\u00e9e":"1 minute"},"schema":{"@context":"https:\/\/schema.org","@graph":[{"@type":"WebPage","@id":"https:\/\/csp.ch\/berne-jura\/contact\/","url":"https:\/\/csp.ch\/berne-jura\/contact\/","name":"Contact - CSP Berne-Jura","isPartOf":{"@id":"https:\/\/csp.ch\/berne-jura\/#website"},"datePublished":"2015-08-11T12:07:09+00:00","dateModified":"2025-11-24T08:43:13+00:00","description":"Le\u00a0Centre social protestant Berne-Jura se tient\u00a0\u00e0 votre disposition pour r\u00e9pondre \u00e0\u00a0 toutes questions ou demandes.","breadcrumb":{"@id":"https:\/\/csp.ch\/berne-jura\/contact\/#breadcrumb"},"inLanguage":"fr-FR","potentialAction":[{"@type":"ReadAction","target":["https:\/\/csp.ch\/berne-jura\/contact\/"]}]},{"@type":"BreadcrumbList","@id":"https:\/\/csp.ch\/berne-jura\/contact\/#breadcrumb","itemListElement":[{"@type":"ListItem","position":1,"name":"Accueil","item":"https:\/\/csp.ch\/berne-jura\/"},{"@type":"ListItem","position":2,"name":"Contact"}]},{"@type":"WebSite","@id":"https:\/\/csp.ch\/berne-jura\/#website","url":"https:\/\/csp.ch\/berne-jura\/","name":"CSP Berne-Jura","description":"","publisher":{"@id":"https:\/\/csp.ch\/berne-jura\/#organization"},"potentialAction":[{"@type":"SearchAction","target":{"@type":"EntryPoint","urlTemplate":"https:\/\/csp.ch\/berne-jura\/?s={search_term_string}"},"query-input":{"@type":"PropertyValueSpecification","valueRequired":true,"valueName":"search_term_string"}}],"inLanguage":"fr-FR"},{"@type":"Organization","@id":"https:\/\/csp.ch\/berne-jura\/#organization","name":"CSP Berne-Jura","url":"https:\/\/csp.ch\/berne-jura\/","logo":{"@type":"ImageObject","inLanguage":"fr-FR","@id":"https:\/\/csp.ch\/berne-jura\/#\/schema\/logo\/image\/","url":"https:\/\/csp.ch\/wp-content\/uploads\/sites\/6\/2024\/10\/v1.3_V_logo_CMJN_BERNE-JURA_CSP14.jpg","contentUrl":"https:\/\/csp.ch\/wp-content\/uploads\/sites\/6\/2024\/10\/v1.3_V_logo_CMJN_BERNE-JURA_CSP14.jpg","width":1747,"height":1235,"caption":"CSP Berne-Jura"},"image":{"@id":"https:\/\/csp.ch\/berne-jura\/#\/schema\/logo\/image\/"},"sameAs":["https:\/\/www.linkedin.com\/company\/13005641\/admin\/dashboard\/"]}]}},"_links":{"self":[{"href":"https:\/\/csp.ch\/berne-jura\/wp-json\/wp\/v2\/pages\/73","targetHints":{"allow":["GET"]}}],"collection":[{"href":"https:\/\/csp.ch\/berne-jura\/wp-json\/wp\/v2\/pages"}],"about":[{"href":"https:\/\/csp.ch\/berne-jura\/wp-json\/wp\/v2\/types\/page"}],"author":[{"embeddable":true,"href":"https:\/\/csp.ch\/berne-jura\/wp-json\/wp\/v2\/users\/1"}],"replies":[{"embeddable":true,"href":"https:\/\/csp.ch\/berne-jura\/wp-json\/wp\/v2\/comments?post=73"}],"version-history":[{"count":6,"href":"https:\/\/csp.ch\/berne-jura\/wp-json\/wp\/v2\/pages\/73\/revisions"}],"predecessor-version":[{"id":12761,"href":"https:\/\/csp.ch\/berne-jura\/wp-json\/wp\/v2\/pages\/73\/revisions\/12761"}],"wp:attachment":[{"href":"https:\/\/csp.ch\/berne-jura\/wp-json\/wp\/v2\/media?parent=73"}],"curies":[{"name":"wp","href":"https:\/\/api.w.org\/{rel}","templated":true}]}}