{"id":512,"date":"2015-10-13T10:17:48","date_gmt":"2015-10-13T09:17:48","guid":{"rendered":"https:\/\/csp.ch\/beju\/?page_id=512"},"modified":"2026-01-08T15:26:17","modified_gmt":"2026-01-08T14:26:17","slug":"statuts-comite","status":"publish","type":"page","link":"https:\/\/csp.ch\/berne-jura\/statuts-comite\/","title":{"rendered":"Statuts &amp; <strong>Comit\u00e9<\/strong>"},"content":{"rendered":"<div class=\"wpb-content-wrapper\"><p>[vc_row][vc_column][vc_column_text css=\u00a0\u00bb\u00a0\u00bb]Le Centre social protestant Berne-Jura, cr\u00e9\u00e9 par l&rsquo;arrondissement du Jura de l&rsquo;Eglise r\u00e9form\u00e9e \u00e9vang\u00e9lique du canton de Berne, est une association avec personnalit\u00e9 juridique conform\u00e9ment aux articles 60ss CCS, avec si\u00e8ge \u00e0 Tramelan. Sont membres du CSP toutes les paroisses de l&rsquo;arrondissement du Jura ainsi que les autres paroisses qui lui sont affili\u00e9es.[\/vc_column_text][\/vc_column][\/vc_row][vc_row][vc_column][vc_column_text css=\u00a0\u00bb\u00a0\u00bb]<\/p>\n<h4>Notre comit\u00e9<\/h4>\n<ul>\n<li>Annick Chatelain, Tramelan<\/li>\n<li>Pascal Gagnebin, Tramelan<\/li>\n<li>Nathalie Griggio Weibel, Reconvilier<\/li>\n<li>Olivier Jordi, Plagne, d\u00e9l\u00e9gu\u00e9 du Conseil du Synode jurassien (CSJ)<\/li>\n<li>Jean-Philippe Marti, B\u00e9vilard, pr\u00e9sident<\/li>\n<li>Sylviane Zulauf Catalfamo, Bienne, vice-pr\u00e9sidente<\/li>\n<\/ul>\n<p><em>Les membres du comit\u00e9 sont b\u00e9n\u00e9voles et \u00e9lu\u00b7e\u00b7s pour une p\u00e9riode de 4 ans. Ils sont r\u00e9\u00e9ligibles.<\/em>[\/vc_column_text][\/vc_column][\/vc_row]<\/p>\n<\/div>","protected":false},"excerpt":{"rendered":"<p>[vc_row][vc_column][vc_column_text css=\u00a0\u00bb\u00a0\u00bb]Le Centre social protestant Berne-Jura, cr\u00e9\u00e9 par l&rsquo;arrondissement du Jura de l&rsquo;Eglise r\u00e9form\u00e9e \u00e9vang\u00e9lique du canton de Berne, est une association avec personnalit\u00e9 juridique conform\u00e9ment aux articles 60ss CCS, avec si\u00e8ge \u00e0 Tramelan. Sont membres du CSP toutes les paroisses de l&rsquo;arrondissement du Jura ainsi que les autres paroisses qui lui sont affili\u00e9es.[\/vc_column_text][\/vc_column][\/vc_row][vc_row][vc_column][vc_column_text css=\u00a0\u00bb\u00a0\u00bb] [&hellip;]<\/p>\n","protected":false},"author":1,"featured_media":7389,"parent":0,"menu_order":0,"comment_status":"closed","ping_status":"closed","template":"","meta":{"_acf_changed":false,"footnotes":""},"class_list":["post-512","page","type-page","status-publish","has-post-thumbnail","hentry"],"acf":[],"yoast_head":"<!-- This site is optimized with the Yoast SEO plugin v27.1.1 - https:\/\/yoast.com\/product\/yoast-seo-wordpress\/ -->\n<title>Statuts &amp; Comit\u00e9 - CSP Berne-Jura<\/title>\n<meta name=\"description\" content=\"Le CSP Berne-Jura, cr\u00e9\u00e9 par l\u2019arrondissement du Jura de l\u2019Eglise r\u00e9form\u00e9e \u00e9vang\u00e9lique du canton de Berne, est une association avec personnalit\u00e9 juridique.\" \/>\n<meta name=\"robots\" content=\"index, follow, max-snippet:-1, max-image-preview:large, max-video-preview:-1\" \/>\n<link rel=\"canonical\" href=\"https:\/\/csp.ch\/berne-jura\/statuts-comite\/\" \/>\n<meta property=\"og:locale\" content=\"fr_FR\" \/>\n<meta property=\"og:type\" content=\"article\" \/>\n<meta property=\"og:title\" content=\"Statuts &amp; Comit\u00e9 - CSP Berne-Jura\" \/>\n<meta property=\"og:description\" content=\"Le CSP Berne-Jura, cr\u00e9\u00e9 par l\u2019arrondissement du Jura de l\u2019Eglise r\u00e9form\u00e9e \u00e9vang\u00e9lique du canton de Berne, est une association avec personnalit\u00e9 juridique.\" \/>\n<meta property=\"og:url\" content=\"https:\/\/csp.ch\/berne-jura\/statuts-comite\/\" \/>\n<meta property=\"og:site_name\" content=\"CSP Berne-Jura\" \/>\n<meta property=\"article:modified_time\" content=\"2026-01-08T14:26:17+00:00\" \/>\n<meta property=\"og:image\" content=\"https:\/\/csp.ch\/wp-content\/uploads\/sites\/6\/2023\/01\/Comite_rectangle.png\" \/>\n\t<meta property=\"og:image:width\" content=\"2000\" \/>\n\t<meta property=\"og:image:height\" content=\"900\" \/>\n\t<meta property=\"og:image:type\" content=\"image\/png\" \/>\n<meta name=\"twitter:card\" content=\"summary_large_image\" \/>\n<meta name=\"twitter:label1\" content=\"Dur\u00e9e de lecture estim\u00e9e\" \/>\n\t<meta name=\"twitter:data1\" content=\"1 minute\" \/>\n<script type=\"application\/ld+json\" class=\"yoast-schema-graph\">{\"@context\":\"https:\/\/schema.org\",\"@graph\":[{\"@type\":\"WebPage\",\"@id\":\"https:\/\/csp.ch\/berne-jura\/statuts-comite\/\",\"url\":\"https:\/\/csp.ch\/berne-jura\/statuts-comite\/\",\"name\":\"Statuts &amp; Comit\u00e9 - CSP Berne-Jura\",\"isPartOf\":{\"@id\":\"https:\/\/csp.ch\/berne-jura\/#website\"},\"primaryImageOfPage\":{\"@id\":\"https:\/\/csp.ch\/berne-jura\/statuts-comite\/#primaryimage\"},\"image\":{\"@id\":\"https:\/\/csp.ch\/berne-jura\/statuts-comite\/#primaryimage\"},\"thumbnailUrl\":\"https:\/\/csp.ch\/wp-content\/uploads\/sites\/6\/2023\/01\/Comite_rectangle.png\",\"datePublished\":\"2015-10-13T09:17:48+00:00\",\"dateModified\":\"2026-01-08T14:26:17+00:00\",\"description\":\"Le CSP Berne-Jura, cr\u00e9\u00e9 par l\u2019arrondissement du Jura de l\u2019Eglise r\u00e9form\u00e9e \u00e9vang\u00e9lique du canton de Berne, est une association avec personnalit\u00e9 juridique.\",\"breadcrumb\":{\"@id\":\"https:\/\/csp.ch\/berne-jura\/statuts-comite\/#breadcrumb\"},\"inLanguage\":\"fr-FR\",\"potentialAction\":[{\"@type\":\"ReadAction\",\"target\":[\"https:\/\/csp.ch\/berne-jura\/statuts-comite\/\"]}]},{\"@type\":\"ImageObject\",\"inLanguage\":\"fr-FR\",\"@id\":\"https:\/\/csp.ch\/berne-jura\/statuts-comite\/#primaryimage\",\"url\":\"https:\/\/csp.ch\/wp-content\/uploads\/sites\/6\/2023\/01\/Comite_rectangle.png\",\"contentUrl\":\"https:\/\/csp.ch\/wp-content\/uploads\/sites\/6\/2023\/01\/Comite_rectangle.png\",\"width\":2000,\"height\":900},{\"@type\":\"BreadcrumbList\",\"@id\":\"https:\/\/csp.ch\/berne-jura\/statuts-comite\/#breadcrumb\",\"itemListElement\":[{\"@type\":\"ListItem\",\"position\":1,\"name\":\"Accueil\",\"item\":\"https:\/\/csp.ch\/berne-jura\/\"},{\"@type\":\"ListItem\",\"position\":2,\"name\":\"Statuts &amp; Comit\u00e9\"}]},{\"@type\":\"WebSite\",\"@id\":\"https:\/\/csp.ch\/berne-jura\/#website\",\"url\":\"https:\/\/csp.ch\/berne-jura\/\",\"name\":\"CSP Berne-Jura\",\"description\":\"\",\"publisher\":{\"@id\":\"https:\/\/csp.ch\/berne-jura\/#organization\"},\"potentialAction\":[{\"@type\":\"SearchAction\",\"target\":{\"@type\":\"EntryPoint\",\"urlTemplate\":\"https:\/\/csp.ch\/berne-jura\/?s={search_term_string}\"},\"query-input\":{\"@type\":\"PropertyValueSpecification\",\"valueRequired\":true,\"valueName\":\"search_term_string\"}}],\"inLanguage\":\"fr-FR\"},{\"@type\":\"Organization\",\"@id\":\"https:\/\/csp.ch\/berne-jura\/#organization\",\"name\":\"CSP Berne-Jura\",\"url\":\"https:\/\/csp.ch\/berne-jura\/\",\"logo\":{\"@type\":\"ImageObject\",\"inLanguage\":\"fr-FR\",\"@id\":\"https:\/\/csp.ch\/berne-jura\/#\/schema\/logo\/image\/\",\"url\":\"https:\/\/csp.ch\/wp-content\/uploads\/sites\/6\/2024\/10\/v1.3_V_logo_CMJN_BERNE-JURA_CSP14.jpg\",\"contentUrl\":\"https:\/\/csp.ch\/wp-content\/uploads\/sites\/6\/2024\/10\/v1.3_V_logo_CMJN_BERNE-JURA_CSP14.jpg\",\"width\":1747,\"height\":1235,\"caption\":\"CSP Berne-Jura\"},\"image\":{\"@id\":\"https:\/\/csp.ch\/berne-jura\/#\/schema\/logo\/image\/\"},\"sameAs\":[\"https:\/\/www.linkedin.com\/company\/13005641\/admin\/dashboard\/\"]}]}<\/script>\n<!-- \/ Yoast SEO plugin. -->","yoast_head_json":{"title":"Statuts &amp; Comit\u00e9 - CSP Berne-Jura","description":"Le CSP Berne-Jura, cr\u00e9\u00e9 par l\u2019arrondissement du Jura de l\u2019Eglise r\u00e9form\u00e9e \u00e9vang\u00e9lique du canton de Berne, est une association avec personnalit\u00e9 juridique.","robots":{"index":"index","follow":"follow","max-snippet":"max-snippet:-1","max-image-preview":"max-image-preview:large","max-video-preview":"max-video-preview:-1"},"canonical":"https:\/\/csp.ch\/berne-jura\/statuts-comite\/","og_locale":"fr_FR","og_type":"article","og_title":"Statuts &amp; Comit\u00e9 - CSP Berne-Jura","og_description":"Le CSP Berne-Jura, cr\u00e9\u00e9 par l\u2019arrondissement du Jura de l\u2019Eglise r\u00e9form\u00e9e \u00e9vang\u00e9lique du canton de Berne, est une association avec personnalit\u00e9 juridique.","og_url":"https:\/\/csp.ch\/berne-jura\/statuts-comite\/","og_site_name":"CSP Berne-Jura","article_modified_time":"2026-01-08T14:26:17+00:00","og_image":[{"width":2000,"height":900,"url":"https:\/\/csp.ch\/wp-content\/uploads\/sites\/6\/2023\/01\/Comite_rectangle.png","type":"image\/png"}],"twitter_card":"summary_large_image","twitter_misc":{"Dur\u00e9e de lecture estim\u00e9e":"1 minute"},"schema":{"@context":"https:\/\/schema.org","@graph":[{"@type":"WebPage","@id":"https:\/\/csp.ch\/berne-jura\/statuts-comite\/","url":"https:\/\/csp.ch\/berne-jura\/statuts-comite\/","name":"Statuts &amp; Comit\u00e9 - CSP Berne-Jura","isPartOf":{"@id":"https:\/\/csp.ch\/berne-jura\/#website"},"primaryImageOfPage":{"@id":"https:\/\/csp.ch\/berne-jura\/statuts-comite\/#primaryimage"},"image":{"@id":"https:\/\/csp.ch\/berne-jura\/statuts-comite\/#primaryimage"},"thumbnailUrl":"https:\/\/csp.ch\/wp-content\/uploads\/sites\/6\/2023\/01\/Comite_rectangle.png","datePublished":"2015-10-13T09:17:48+00:00","dateModified":"2026-01-08T14:26:17+00:00","description":"Le CSP Berne-Jura, cr\u00e9\u00e9 par l\u2019arrondissement du Jura de l\u2019Eglise r\u00e9form\u00e9e \u00e9vang\u00e9lique du canton de Berne, est une association avec personnalit\u00e9 juridique.","breadcrumb":{"@id":"https:\/\/csp.ch\/berne-jura\/statuts-comite\/#breadcrumb"},"inLanguage":"fr-FR","potentialAction":[{"@type":"ReadAction","target":["https:\/\/csp.ch\/berne-jura\/statuts-comite\/"]}]},{"@type":"ImageObject","inLanguage":"fr-FR","@id":"https:\/\/csp.ch\/berne-jura\/statuts-comite\/#primaryimage","url":"https:\/\/csp.ch\/wp-content\/uploads\/sites\/6\/2023\/01\/Comite_rectangle.png","contentUrl":"https:\/\/csp.ch\/wp-content\/uploads\/sites\/6\/2023\/01\/Comite_rectangle.png","width":2000,"height":900},{"@type":"BreadcrumbList","@id":"https:\/\/csp.ch\/berne-jura\/statuts-comite\/#breadcrumb","itemListElement":[{"@type":"ListItem","position":1,"name":"Accueil","item":"https:\/\/csp.ch\/berne-jura\/"},{"@type":"ListItem","position":2,"name":"Statuts &amp; Comit\u00e9"}]},{"@type":"WebSite","@id":"https:\/\/csp.ch\/berne-jura\/#website","url":"https:\/\/csp.ch\/berne-jura\/","name":"CSP Berne-Jura","description":"","publisher":{"@id":"https:\/\/csp.ch\/berne-jura\/#organization"},"potentialAction":[{"@type":"SearchAction","target":{"@type":"EntryPoint","urlTemplate":"https:\/\/csp.ch\/berne-jura\/?s={search_term_string}"},"query-input":{"@type":"PropertyValueSpecification","valueRequired":true,"valueName":"search_term_string"}}],"inLanguage":"fr-FR"},{"@type":"Organization","@id":"https:\/\/csp.ch\/berne-jura\/#organization","name":"CSP Berne-Jura","url":"https:\/\/csp.ch\/berne-jura\/","logo":{"@type":"ImageObject","inLanguage":"fr-FR","@id":"https:\/\/csp.ch\/berne-jura\/#\/schema\/logo\/image\/","url":"https:\/\/csp.ch\/wp-content\/uploads\/sites\/6\/2024\/10\/v1.3_V_logo_CMJN_BERNE-JURA_CSP14.jpg","contentUrl":"https:\/\/csp.ch\/wp-content\/uploads\/sites\/6\/2024\/10\/v1.3_V_logo_CMJN_BERNE-JURA_CSP14.jpg","width":1747,"height":1235,"caption":"CSP Berne-Jura"},"image":{"@id":"https:\/\/csp.ch\/berne-jura\/#\/schema\/logo\/image\/"},"sameAs":["https:\/\/www.linkedin.com\/company\/13005641\/admin\/dashboard\/"]}]}},"_links":{"self":[{"href":"https:\/\/csp.ch\/berne-jura\/wp-json\/wp\/v2\/pages\/512","targetHints":{"allow":["GET"]}}],"collection":[{"href":"https:\/\/csp.ch\/berne-jura\/wp-json\/wp\/v2\/pages"}],"about":[{"href":"https:\/\/csp.ch\/berne-jura\/wp-json\/wp\/v2\/types\/page"}],"author":[{"embeddable":true,"href":"https:\/\/csp.ch\/berne-jura\/wp-json\/wp\/v2\/users\/1"}],"replies":[{"embeddable":true,"href":"https:\/\/csp.ch\/berne-jura\/wp-json\/wp\/v2\/comments?post=512"}],"version-history":[{"count":4,"href":"https:\/\/csp.ch\/berne-jura\/wp-json\/wp\/v2\/pages\/512\/revisions"}],"predecessor-version":[{"id":12970,"href":"https:\/\/csp.ch\/berne-jura\/wp-json\/wp\/v2\/pages\/512\/revisions\/12970"}],"wp:featuredmedia":[{"embeddable":true,"href":"https:\/\/csp.ch\/berne-jura\/wp-json\/wp\/v2\/media\/7389"}],"wp:attachment":[{"href":"https:\/\/csp.ch\/berne-jura\/wp-json\/wp\/v2\/media?parent=512"}],"curies":[{"name":"wp","href":"https:\/\/api.w.org\/{rel}","templated":true}]}}