{"id":502,"date":"2015-10-13T08:04:06","date_gmt":"2015-10-13T07:04:06","guid":{"rendered":"https:\/\/csp.ch\/beju\/?page_id=502"},"modified":"2026-02-02T07:21:24","modified_gmt":"2026-02-02T06:21:24","slug":"historique-organigramme","status":"publish","type":"page","link":"https:\/\/csp.ch\/berne-jura\/historique-organigramme\/","title":{"rendered":"Historique &amp; <strong>Organigramme<\/strong>"},"content":{"rendered":"<div class=\"wpb-content-wrapper\"><p>[vc_row][vc_column][vc_column_text css=\u00a0\u00bb\u00a0\u00bb]A l&rsquo;issue d&rsquo;une r\u00e9flexion approfondie men\u00e9e sur le rapport sur les Questions sociales* publi\u00e9 apr\u00e8s la Deuxi\u00e8me Assembl\u00e9e du Conseil \u0152cum\u00e9nique des Eglises (COE) \u00e0 Evanston (USA), en 1954, le Synode de l&rsquo;arrondissement du Jura de l&rsquo;Eglise r\u00e9form\u00e9e \u00e9vang\u00e9lique du canton de Berne d\u00e9cidait, en 1957, \u00e0 Diesse, du principe de la cr\u00e9ation d&rsquo;un Centre social protestant jurassien. En automne 1958, celui-ci d\u00e9butait ses activit\u00e9s de mani\u00e8re embryonnaire. L&rsquo;engagement de la premi\u00e8re assistante sociale remonte \u00e0 1966, consid\u00e9r\u00e9e entretemps comme l&rsquo;ann\u00e9e de fondation du CSP Berne-Jura.<\/p>\n<p>Aujourd&rsquo;hui, le CSP Berne-Jura offre une palette de prestations tr\u00e8s diversifi\u00e9es, regroup\u00e9es en secteurs\u00a0:<\/p>\n<ul>\n<li>secteur social et dettes,<\/li>\n<li>secteur couples et familles,<\/li>\n<li>secteur juridique,<\/li>\n<li>secteur int\u00e9gration professionnelle et sociale.<\/li>\n<\/ul>\n<p>Le CSP Berne-Jura est une association avec personnalit\u00e9 juridique, conform\u00e9ment aux articles 60ss CCS, avec si\u00e8ge \u00e0 Tramelan.<\/p>\n<p><em>*Questions sociales &#8211; la soci\u00e9t\u00e9 et ses responsabilit\u00e9 sur le plan mondial, Documents de la section n\u00ba3; Delachaux et Niestl\u00e9, 1955<\/em>[\/vc_column_text][\/vc_column][\/vc_row][vc_row][vc_column][\/vc_column][\/vc_row]<\/p>\n<\/div>","protected":false},"excerpt":{"rendered":"<p>[vc_row][vc_column][vc_column_text css=\u00a0\u00bb\u00a0\u00bb]A l&rsquo;issue d&rsquo;une r\u00e9flexion approfondie men\u00e9e sur le rapport sur les Questions sociales* publi\u00e9 apr\u00e8s la Deuxi\u00e8me Assembl\u00e9e du Conseil \u0152cum\u00e9nique des Eglises (COE) \u00e0 Evanston (USA), en 1954, le Synode de l&rsquo;arrondissement du Jura de l&rsquo;Eglise r\u00e9form\u00e9e \u00e9vang\u00e9lique du canton de Berne d\u00e9cidait, en 1957, \u00e0 Diesse, du principe de la cr\u00e9ation d&rsquo;un [&hellip;]<\/p>\n","protected":false},"author":1,"featured_media":7329,"parent":0,"menu_order":0,"comment_status":"closed","ping_status":"closed","template":"","meta":{"_acf_changed":false,"footnotes":""},"class_list":["post-502","page","type-page","status-publish","has-post-thumbnail","hentry"],"acf":[],"yoast_head":"<!-- This site is optimized with the Yoast SEO plugin v27.1.1 - https:\/\/yoast.com\/product\/yoast-seo-wordpress\/ -->\n<title>Historique &amp; Organigramme - CSP Berne-Jura<\/title>\n<meta name=\"description\" content=\"En automne 1958, le CSP Berne-Jura d\u00e9butait ses activit\u00e9s en offrant des consultations juridiques, m\u00e9dico-conjugales et sociales.\" \/>\n<meta name=\"robots\" content=\"index, follow, max-snippet:-1, max-image-preview:large, max-video-preview:-1\" \/>\n<link rel=\"canonical\" href=\"https:\/\/csp.ch\/berne-jura\/historique-organigramme\/\" \/>\n<meta property=\"og:locale\" content=\"fr_FR\" \/>\n<meta property=\"og:type\" content=\"article\" \/>\n<meta property=\"og:title\" content=\"Historique &amp; Organigramme - CSP Berne-Jura\" \/>\n<meta property=\"og:description\" content=\"En automne 1958, le CSP Berne-Jura d\u00e9butait ses activit\u00e9s en offrant des consultations juridiques, m\u00e9dico-conjugales et sociales.\" \/>\n<meta property=\"og:url\" content=\"https:\/\/csp.ch\/berne-jura\/historique-organigramme\/\" \/>\n<meta property=\"og:site_name\" content=\"CSP Berne-Jura\" \/>\n<meta property=\"article:modified_time\" content=\"2026-02-02T06:21:24+00:00\" \/>\n<meta property=\"og:image\" content=\"https:\/\/csp.ch\/wp-content\/uploads\/sites\/6\/2023\/01\/Dexterite-Fingerfertigkeit-scaled.jpg\" \/>\n\t<meta property=\"og:image:width\" content=\"2560\" \/>\n\t<meta property=\"og:image:height\" content=\"1707\" \/>\n\t<meta property=\"og:image:type\" content=\"image\/jpeg\" \/>\n<meta name=\"twitter:card\" content=\"summary_large_image\" \/>\n<meta name=\"twitter:label1\" content=\"Dur\u00e9e de lecture estim\u00e9e\" \/>\n\t<meta name=\"twitter:data1\" content=\"1 minute\" \/>\n<script type=\"application\/ld+json\" class=\"yoast-schema-graph\">{\"@context\":\"https:\/\/schema.org\",\"@graph\":[{\"@type\":\"WebPage\",\"@id\":\"https:\/\/csp.ch\/berne-jura\/historique-organigramme\/\",\"url\":\"https:\/\/csp.ch\/berne-jura\/historique-organigramme\/\",\"name\":\"Historique &amp; Organigramme - CSP Berne-Jura\",\"isPartOf\":{\"@id\":\"https:\/\/csp.ch\/berne-jura\/#website\"},\"primaryImageOfPage\":{\"@id\":\"https:\/\/csp.ch\/berne-jura\/historique-organigramme\/#primaryimage\"},\"image\":{\"@id\":\"https:\/\/csp.ch\/berne-jura\/historique-organigramme\/#primaryimage\"},\"thumbnailUrl\":\"https:\/\/csp.ch\/wp-content\/uploads\/sites\/6\/2023\/01\/Dexterite-Fingerfertigkeit-scaled.jpg\",\"datePublished\":\"2015-10-13T07:04:06+00:00\",\"dateModified\":\"2026-02-02T06:21:24+00:00\",\"description\":\"En automne 1958, le CSP Berne-Jura d\u00e9butait ses activit\u00e9s en offrant des consultations juridiques, m\u00e9dico-conjugales et sociales.\",\"breadcrumb\":{\"@id\":\"https:\/\/csp.ch\/berne-jura\/historique-organigramme\/#breadcrumb\"},\"inLanguage\":\"fr-FR\",\"potentialAction\":[{\"@type\":\"ReadAction\",\"target\":[\"https:\/\/csp.ch\/berne-jura\/historique-organigramme\/\"]}]},{\"@type\":\"ImageObject\",\"inLanguage\":\"fr-FR\",\"@id\":\"https:\/\/csp.ch\/berne-jura\/historique-organigramme\/#primaryimage\",\"url\":\"https:\/\/csp.ch\/wp-content\/uploads\/sites\/6\/2023\/01\/Dexterite-Fingerfertigkeit-scaled.jpg\",\"contentUrl\":\"https:\/\/csp.ch\/wp-content\/uploads\/sites\/6\/2023\/01\/Dexterite-Fingerfertigkeit-scaled.jpg\",\"width\":2560,\"height\":1707},{\"@type\":\"BreadcrumbList\",\"@id\":\"https:\/\/csp.ch\/berne-jura\/historique-organigramme\/#breadcrumb\",\"itemListElement\":[{\"@type\":\"ListItem\",\"position\":1,\"name\":\"Accueil\",\"item\":\"https:\/\/csp.ch\/berne-jura\/\"},{\"@type\":\"ListItem\",\"position\":2,\"name\":\"Historique &amp; Organigramme\"}]},{\"@type\":\"WebSite\",\"@id\":\"https:\/\/csp.ch\/berne-jura\/#website\",\"url\":\"https:\/\/csp.ch\/berne-jura\/\",\"name\":\"CSP Berne-Jura\",\"description\":\"\",\"publisher\":{\"@id\":\"https:\/\/csp.ch\/berne-jura\/#organization\"},\"potentialAction\":[{\"@type\":\"SearchAction\",\"target\":{\"@type\":\"EntryPoint\",\"urlTemplate\":\"https:\/\/csp.ch\/berne-jura\/?s={search_term_string}\"},\"query-input\":{\"@type\":\"PropertyValueSpecification\",\"valueRequired\":true,\"valueName\":\"search_term_string\"}}],\"inLanguage\":\"fr-FR\"},{\"@type\":\"Organization\",\"@id\":\"https:\/\/csp.ch\/berne-jura\/#organization\",\"name\":\"CSP Berne-Jura\",\"url\":\"https:\/\/csp.ch\/berne-jura\/\",\"logo\":{\"@type\":\"ImageObject\",\"inLanguage\":\"fr-FR\",\"@id\":\"https:\/\/csp.ch\/berne-jura\/#\/schema\/logo\/image\/\",\"url\":\"https:\/\/csp.ch\/wp-content\/uploads\/sites\/6\/2024\/10\/v1.3_V_logo_CMJN_BERNE-JURA_CSP14.jpg\",\"contentUrl\":\"https:\/\/csp.ch\/wp-content\/uploads\/sites\/6\/2024\/10\/v1.3_V_logo_CMJN_BERNE-JURA_CSP14.jpg\",\"width\":1747,\"height\":1235,\"caption\":\"CSP Berne-Jura\"},\"image\":{\"@id\":\"https:\/\/csp.ch\/berne-jura\/#\/schema\/logo\/image\/\"},\"sameAs\":[\"https:\/\/www.linkedin.com\/company\/13005641\/admin\/dashboard\/\"]}]}<\/script>\n<!-- \/ Yoast SEO plugin. -->","yoast_head_json":{"title":"Historique &amp; Organigramme - CSP Berne-Jura","description":"En automne 1958, le CSP Berne-Jura d\u00e9butait ses activit\u00e9s en offrant des consultations juridiques, m\u00e9dico-conjugales et sociales.","robots":{"index":"index","follow":"follow","max-snippet":"max-snippet:-1","max-image-preview":"max-image-preview:large","max-video-preview":"max-video-preview:-1"},"canonical":"https:\/\/csp.ch\/berne-jura\/historique-organigramme\/","og_locale":"fr_FR","og_type":"article","og_title":"Historique &amp; Organigramme - CSP Berne-Jura","og_description":"En automne 1958, le CSP Berne-Jura d\u00e9butait ses activit\u00e9s en offrant des consultations juridiques, m\u00e9dico-conjugales et sociales.","og_url":"https:\/\/csp.ch\/berne-jura\/historique-organigramme\/","og_site_name":"CSP Berne-Jura","article_modified_time":"2026-02-02T06:21:24+00:00","og_image":[{"width":2560,"height":1707,"url":"https:\/\/csp.ch\/wp-content\/uploads\/sites\/6\/2023\/01\/Dexterite-Fingerfertigkeit-scaled.jpg","type":"image\/jpeg"}],"twitter_card":"summary_large_image","twitter_misc":{"Dur\u00e9e de lecture estim\u00e9e":"1 minute"},"schema":{"@context":"https:\/\/schema.org","@graph":[{"@type":"WebPage","@id":"https:\/\/csp.ch\/berne-jura\/historique-organigramme\/","url":"https:\/\/csp.ch\/berne-jura\/historique-organigramme\/","name":"Historique &amp; Organigramme - CSP Berne-Jura","isPartOf":{"@id":"https:\/\/csp.ch\/berne-jura\/#website"},"primaryImageOfPage":{"@id":"https:\/\/csp.ch\/berne-jura\/historique-organigramme\/#primaryimage"},"image":{"@id":"https:\/\/csp.ch\/berne-jura\/historique-organigramme\/#primaryimage"},"thumbnailUrl":"https:\/\/csp.ch\/wp-content\/uploads\/sites\/6\/2023\/01\/Dexterite-Fingerfertigkeit-scaled.jpg","datePublished":"2015-10-13T07:04:06+00:00","dateModified":"2026-02-02T06:21:24+00:00","description":"En automne 1958, le CSP Berne-Jura d\u00e9butait ses activit\u00e9s en offrant des consultations juridiques, m\u00e9dico-conjugales et sociales.","breadcrumb":{"@id":"https:\/\/csp.ch\/berne-jura\/historique-organigramme\/#breadcrumb"},"inLanguage":"fr-FR","potentialAction":[{"@type":"ReadAction","target":["https:\/\/csp.ch\/berne-jura\/historique-organigramme\/"]}]},{"@type":"ImageObject","inLanguage":"fr-FR","@id":"https:\/\/csp.ch\/berne-jura\/historique-organigramme\/#primaryimage","url":"https:\/\/csp.ch\/wp-content\/uploads\/sites\/6\/2023\/01\/Dexterite-Fingerfertigkeit-scaled.jpg","contentUrl":"https:\/\/csp.ch\/wp-content\/uploads\/sites\/6\/2023\/01\/Dexterite-Fingerfertigkeit-scaled.jpg","width":2560,"height":1707},{"@type":"BreadcrumbList","@id":"https:\/\/csp.ch\/berne-jura\/historique-organigramme\/#breadcrumb","itemListElement":[{"@type":"ListItem","position":1,"name":"Accueil","item":"https:\/\/csp.ch\/berne-jura\/"},{"@type":"ListItem","position":2,"name":"Historique &amp; Organigramme"}]},{"@type":"WebSite","@id":"https:\/\/csp.ch\/berne-jura\/#website","url":"https:\/\/csp.ch\/berne-jura\/","name":"CSP Berne-Jura","description":"","publisher":{"@id":"https:\/\/csp.ch\/berne-jura\/#organization"},"potentialAction":[{"@type":"SearchAction","target":{"@type":"EntryPoint","urlTemplate":"https:\/\/csp.ch\/berne-jura\/?s={search_term_string}"},"query-input":{"@type":"PropertyValueSpecification","valueRequired":true,"valueName":"search_term_string"}}],"inLanguage":"fr-FR"},{"@type":"Organization","@id":"https:\/\/csp.ch\/berne-jura\/#organization","name":"CSP Berne-Jura","url":"https:\/\/csp.ch\/berne-jura\/","logo":{"@type":"ImageObject","inLanguage":"fr-FR","@id":"https:\/\/csp.ch\/berne-jura\/#\/schema\/logo\/image\/","url":"https:\/\/csp.ch\/wp-content\/uploads\/sites\/6\/2024\/10\/v1.3_V_logo_CMJN_BERNE-JURA_CSP14.jpg","contentUrl":"https:\/\/csp.ch\/wp-content\/uploads\/sites\/6\/2024\/10\/v1.3_V_logo_CMJN_BERNE-JURA_CSP14.jpg","width":1747,"height":1235,"caption":"CSP Berne-Jura"},"image":{"@id":"https:\/\/csp.ch\/berne-jura\/#\/schema\/logo\/image\/"},"sameAs":["https:\/\/www.linkedin.com\/company\/13005641\/admin\/dashboard\/"]}]}},"_links":{"self":[{"href":"https:\/\/csp.ch\/berne-jura\/wp-json\/wp\/v2\/pages\/502","targetHints":{"allow":["GET"]}}],"collection":[{"href":"https:\/\/csp.ch\/berne-jura\/wp-json\/wp\/v2\/pages"}],"about":[{"href":"https:\/\/csp.ch\/berne-jura\/wp-json\/wp\/v2\/types\/page"}],"author":[{"embeddable":true,"href":"https:\/\/csp.ch\/berne-jura\/wp-json\/wp\/v2\/users\/1"}],"replies":[{"embeddable":true,"href":"https:\/\/csp.ch\/berne-jura\/wp-json\/wp\/v2\/comments?post=502"}],"version-history":[{"count":5,"href":"https:\/\/csp.ch\/berne-jura\/wp-json\/wp\/v2\/pages\/502\/revisions"}],"predecessor-version":[{"id":13050,"href":"https:\/\/csp.ch\/berne-jura\/wp-json\/wp\/v2\/pages\/502\/revisions\/13050"}],"wp:featuredmedia":[{"embeddable":true,"href":"https:\/\/csp.ch\/berne-jura\/wp-json\/wp\/v2\/media\/7329"}],"wp:attachment":[{"href":"https:\/\/csp.ch\/berne-jura\/wp-json\/wp\/v2\/media?parent=502"}],"curies":[{"name":"wp","href":"https:\/\/api.w.org\/{rel}","templated":true}]}}